(1830377,56,8250,'Frigaard, Denise'),(1830376,56,9204,'Friese, tianna'),(1830375,56,8735,'Friederich, Kimberle'),(1830374,56,8959,'Friedemann, Lora'),(1830373,56,11617,'Fridakis, Beth'),(1830372,56,11117,'Fricke, Jessica'),(1830371,56,12545,'Frey, Elizabeth'),(1830370,56,12212,'Frey, Danielle'),(1830369,56,7487,'Freund, Mark'),(1830368,56,12393,'Freres, Jason'),(1830367,56,12399,'French, Lorene'),(1830366,56,7206,'French, Barry'),(1830365,56,11030,'Freiheit, Kathleen'),(1830364,56,7369,'Freiborg, Kirsten'),(1830363,56,11453,'Freeman, Stefanie'),(1830362,56,15311,'Freeman, Kim'),(1830361,56,15313,'Freeman, Kelcy'),(1830360,56,12125,'FREEMAN, KAMALA'),(1830359,56,8432,'Freeman, Caren'),(1830358,56,7081,'Freeman, Beth'),(1830357,56,8950,'Freeman, Angela'),(1830356,56,11541,'Freed, Sarah'),(1830355,56,9785,'Freeburn, Jimmy'),(1830354,56,11901,'Fredrick, Abbie'),(1830353,56,9203,'Fredin, Alexis'),(1830352,56,10063,'Frederiksen, Angelique'),(1830351,56,11991,'Frederick, Kendall'),(1830350,56,8478,'Frechette, Rachel'),(1830349,56,10551,'Frechette, Hailey'),(1830348,56,7149,'Frazier, Mark'),(1830347,56,14525,'Frazier, Lawrence'),(1830346,56,10344,'Frazier, Jenna'),(1830345,56,9300,'Frazer, Troy'),(1830344,56,7015,'Frawley, patricia'),(1830343,56,10983,'Franks, Maddie'),(1830342,56,13182,'Franko, Denise'),(1830341,56,13126,'Franklin, Jeffrey'),(1830340,56,7221,'Franklin, Adam'),(1830339,56,8675,'Franke, Joshua'),(1830338,56,9783,'Frank, William'),(1830337,56,14527,'Frank, Martha'),(1830336,56,9447,'Frank, Bryan'),(1830335,56,7916,'Frank, Brandon'),(1830334,56,11858,'frangipani, joe'),(1377531,67,316,'Tom Pritzker'),(1377530,67,66,'Tom Borman'),(1377529,67,380,'Tim Grady & Catherine Ellen'),(1377528,67,548,'Tim Campbell'),(1377527,67,69,'Theresa and Peter Carter'),(1377526,67,544,'The Kosher Spot'),(1377525,67,664,'The John L Thomson 2022 Revocable Trust'),(1377524,67,612,'Tara Sutton and Gary Wilson'),(1377523,67,319,'Suzie and Steve Hudgens'),(1377522,67,152,'Susie and Bert Colianni'),(1377521,67,314,'Susan Herbach'),(1377520,67,379,'Susan and Scott Milchman'),(1377519,67,318,'Sue Kline and John Eisberg'),(1377518,67,95,'Steven Streeter'),(1377517,67,89,'Steven Koch'),(1377516,67,149,'Steve Landberg'),(1377515,67,144,'Steve Hudgens'),(1377514,67,164,'Stephen Pratt'),(1377513,67,194,'Soth'),(1377512,67,560,'Siri Engberg'),(1377511,67,537,'Shripriya Mahesh'),(1377510,67,445,'Sheila and David Lynch-Salamon'),(1377509,67,24,'Sharon and Doug Pugh'),(1377508,67,359,'Sharla Frenzel'),(1377507,67,150,'Sean Susanin'),(1377506,67,114,'Sean Robins'),(1377505,67,378,'Scott Straus'),(1377504,67,630,'Sarah Massie'),(1377503,67,582,'Sarah Greenough'),(1377502,67,364,'Sarah and Joseph Pohlad'),(1377501,67,559,'Sara Oxton'),(1377500,67,163,'Sally and Maurice Blanks'),(1377499,67,40,'Ruth Mickelsen and William Manning'),(1377498,67,543,'Robin Wood Flowers'),(1377497,67,344,'Robert Pohlad'),(1377496,67,73,'Robert Mersky'),(1377495,67,223,'Robert Klein Gallery'),(1377494,67,160,'Robert B Waud'),(1377493,67,74,'Robert Agostinelli'),(1377492,67,161,'Reeve B Waud'),(1377491,67,325,'Rebecca Pohlad'),(1377490,67,562,'Rebecca and Nicolas Africano'),(1377489,67,75,'Raymond Joabar'),(1377488,67,646,'Rachel and Jason Mersey'),(1377487,67,563,'Rachel and Alec Soth'),(1377486,67,534,'Philip Goldman'),(1377485,67,462,'Peter Fetterman'),(1377484,67,243,'Pentex Restaurant Group'),(1377483,67,154,'PEAK6 Investments'),(1377482,67,349,'Paula and Roger Roe'),(1377481,67,578,'Norma and Jim Leslie'),(1377480,67,57,'Nion McEvoy'),(1377479,67,240,'Nicholas Metivier'),(1377478,67,80,'Mott Hupfel'),(1377477,67,423,'Monica and David Nassif'),(1377476,67,511,'Molly Cybuck'),(1377475,67,55,'Molly and James Perry'),(1377474,67,583,'Mohammed Harthi'),(1377473,67,162,'Mitzi and Brent Magid'),(1377472,67,35,'Mike Snow Trust'),(1377471,67,418,'Michelle Pohlad'),(1377470,67,422,'Michelle and Bill Pohlad'),(1377469,67,408,'Michael Tully and Daniel Smith'),(1377468,67,37,'Michael Sweeney'),(1377467,67,313,'Michael Snow'),(1377466,67,115,'Michael Ciresi'),(1377465,67,458,'Megan and Drew Gaillard'),(1377464,67,143,'Mary Bernard'),(1377463,67,21,'Mary Addicks and Tom Hoch'),(1377462,67,374,'Martin Margulies'),(1377461,67,449,'Martha Howard-Bullen'),(1377460,67,573,'Martha Dayton Design'),(1377459,67,581,'Mark Hummel'),(1377458,67,23,'Mark Addicks and Tom Hoch'),(1377457,67,76,'Marilyn and Lance Garcy'),(1377456,67,513,'Maria Raven'),(1377455,67,633,'Maria and Matt Hemsley'),(1377454,67,509,'Marge and Tom Barrett'),(1377453,67,514,'Margaret and Aaron Weil'),(1377452,67,5,'Maplethorpe'),(1377451,67,561,'Mae and Toby Dayton'),(1377450,67,280,'Lynne and Andy Redleaf'),(1377449,67,310,'Lynn and Mark Karlan'),(1377448,67,484,'Lynn and Jim Schell'),(1377447,67,323,'Lorie Halvorson'),(1377446,67,236,'Lori Martin'),(1377445,67,472,'Lori Altschuler'),(1377444,67,110,'Lisa Melander'),(1377443,67,38,'Lindsay and Tom Pohlad'),(1377442,67,151,'Linda Shirvanian'),(1377441,67,645,'Linda and Howard Bolter'),(1377440,67,192,'Lewis Baskerville'),(1377439,67,142,'Leslie Ory Lewellen'),(1377438,67,527,'Leslie Haeger'),(1377437,67,593,'Leith Brooks Barry'),(1377436,67,309,'Leana Kozokari'),(1377435,67,477,'Laurine M Speltz'),(1377434,67,58,'Laurel Scheinman'),(1377433,67,629,'Laura and John Taft'),(1377432,67,308,'Kristin Makholm'),(1377431,67,577,'Kristen Gaylord'),(1377430,67,616,'Kirsten Kastberg-Shay and Michael Shay'),(1377429,67,230,'Kim Heirston Art Advisory LLC'),(1377428,67,86,'Kerry and Sky Fauver'),(1377427,67,564,'Kaywin Feidman'),(1377426,67,402,'Katie Tourand and Bob King'),(1377425,67,30,'Katie and Brett Itterman'),(1377424,67,93,'Kathy Robins'),(1377423,67,301,'Kathleen and Steven Peterson'),(1377422,67,381,'Kate Mortenson'),(1377421,67,584,'Kate Bellin'),(1377420,67,417,'Kate Arends and Joe Peters'),(1377419,67,474,'Karen Schlesinger'),(1377418,67,550,'Karen and John Himle'),(1377417,67,572,'John Hass'),(1377416,67,446,'John Eisberg'),(1377415,67,324,'John Christenson'),(1377414,67,635,'John Adair'),(1377413,67,635,'John Adair'),(1377412,67,85,'Joaquin B Viso'),(1377411,67,283,'Joanna Reiling Lindell'),(1377410,67,648,'Joan Soranno & John Cook'),(1377409,67,546,'Joan Lentz'),(1377408,67,545,'Jl Park'),(1377407,67,456,'Jill Smith and Rich Butwinick'),(1377406,67,665,'Jennifer Jorgensen'),(1377405,67,448,'Jennifer Armetta'),(1377404,67,363,'Jeff Hirsch Books'),(1377403,67,111,'Jan and Bill Mershon'),(1377402,67,78,'Jan Albert'),(1377401,67,235,'James Pohlad'),(1377400,67,59,'James Cassels'),(1377399,67,36,'James Beloff'),(1377398,67,34,'Jackson Fine Art'),(1377397,67,640,'Jacki & Max Guinn'),(1377396,67,371,'Helen Fernandes and Casey Enser'),(1377395,67,461,'Heather Peterson'),(1377394,67,483,'Graham & Kimi Culp'),(1377393,67,296,'George Kocis'),(1377392,67,504,'Gary Nussbaum'),(1377391,67,350,'Gagosian'),(1377390,67,67,'Fay Gallus and Richard Sweet'),(1377389,67,579,'Faith and David Atkins'),(1377388,67,87,'Esther Shapiro'),(1377387,67,475,'Erin Hoffman'),(1377386,67,237,'Erica and Alex Crisses'),(1377385,67,517,'Eric Nelson'),(1377384,67,7,'Elliott Erwitt'),(1377612,76,38,'Ford Motor'),(1377613,76,86,'Fort Gansevoort'),(1377614,76,75,'Frampton Co'),(1377615,76,110,'Gabriel'),(1377616,76,284,'Gaby Shultz'),(1377617,76,84,'Galerie Kornfeld'),(1377618,76,48,'Gallery 1957'),(1377619,76,117,'Game Seven'),(1377620,76,123,'Garabato Films corp'),(1377621,76,248,'Gio Basler'),(1377622,76,119,'GlenMiller'),(1377623,76,251,'Guido'),(1377624,76,196,'Heather Kuzia'),(1377625,76,69,'heather@corsoagency.com'),(1377626,76,258,'HSTL Productions / Melina'),(1377627,76,154,'HW'),(1377628,76,256,'Hype Williams'),(1377629,76,80,'Ian Salter'),(1377630,76,83,'Iveta Rybarova'),(1377631,76,334,'Jackie Richards'),(1377632,76,31,'Jane Lombard Gallery'),(1377633,76,268,'JD Malat Gallery, London'),(1377634,76,275,'Jefferson Pinder'),(1377635,76,3,'Jerome Schwab'),(1377636,76,145,'Jill Rudison'),(1377637,76,423,'Jonathan M Jaffe'),(1377638,76,423,'Jonathan M Jaffe'),(1377639,76,150,'Judd'),(1377640,76,63,'Juliana Zalucky'),(1377641,76,278,'Juliet Jernigan'),(1377642,76,77,'Karisha Quiogue'),(1377643,76,76,'Kay Cee'),(1377644,76,347,'Keith Pizer'),(1377645,76,505,'KELI INC'),(1377646,76,288,'Kelly Boyle/GLPCreative'),(1377647,76,896,'KEN SIMMONS DIRECTOR PRODUCTION 2470 SILKS RUN'),(1377648,76,272,'Kindred Feats'),(1377649,76,287,'Komnenich Films'),(1377650,76,274,'Kurt Beers'),(1377651,76,37,'LA Gorce V.P.'),(1377652,76,91,'Lance Ossman'),(1377653,76,817,'Lanett'),(1377654,76,82,'Luca'),(1377655,76,512,'Maram Balloul'),(1377656,76,282,'Margot Gueracague - BEDNARK'),(1377657,76,359,'Marina Greene'),(1377658,76,210,'Marissa Brooks'),(1377659,76,433,'Marissa Brooks - 4WRD'),(1377660,76,897,'Marva'),(1377661,76,87,'Massimiliano'),(1377662,76,351,'Mathis Glover'),(1377663,76,1035,'Matty'),(1377664,76,738,'Matty Basta - AMPLIFIED'),(1377665,76,157,'merce'),(1377666,76,455,'Miami Dolphins'),(1377667,76,78,'Michael'),(1377668,76,271,'Michael Coogan'),(1377669,76,259,'Michael Salzhauer'),(1377670,76,79,'Michael. Versace'),(1377671,76,285,'Micheal Kors'),(1377672,76,245,'Michelle Leshem'),(1377673,76,678,'MML Touring, LLC c/o Foundation Theatrical'),(1377674,76,90,'Monique Meloche'),(1377675,76,265,'Montana Masback'),(1377676,76,89,'New Image Art'),(1377677,76,249,'Nicholas Des Jardins'),(1377678,76,252,'Nina Johnson Gallery'),(1377679,76,346,'Nina Levent'),(1377680,76,198,'NTWRK'),(1377681,76,682,'OGK Creative Johnny Hedger'),(1377682,76,354,'OGK Creative LLC'),(1377683,76,517,'Orville Blake'),(1377684,76,160,'Oscar'),(1377685,76,264,'Paul Parsons - 1000 Museum Outdoor/Indoor Bio Wall'),(1377686,76,121,'Paulina Rubin'),(1377687,76,34,'Payment for work'),(1377688,76,115,'Penny'),(1377689,76,116,'Penny Crane'),(1377690,76,254,'Phil Eastvold'),(1377691,76,212,'PLAFORM'),(1377692,76,290,'Proof Media Mix, LLC'),(1377693,76,30,'R.E. Riddle'),(1377694,76,485,'Ramon Brito'),(1377695,76,1033,'Red Bull North America, Inc'),(1377696,76,261,'Reginald Morris'),(1377697,76,679,'Rob'),(1377698,76,81,'Robert Ore'),(1377699,76,49,'Rocio Santa Cruz'),(1377700,76,253,'Roman Britto'),(1377701,76,62,'Sabine Strauch'),(1377702,76,1034,'Sabrielle Lezeau.'),(1377703,76,66,'Saem Solutions'),(1377704,76,47,'Sapar Contemporary'),(1377705,76,818,'Scope Art Fair-Customer'),(1377706,76,454,'Scott Leadbetter (Arrow Media)'),(1377707,76,60,'Sea Spice'),(1377708,76,92,'Sean Gibbons'),(1377709,76,293,'Seth Levin'),(1377710,76,263,'Shaklee'),(1377711,76,257,'Shark Week 2021 / Pilgrim Production'),(1377712,76,307,'Shell Lumber'),(1377713,76,816,'Silhouette Group'),(1377714,76,1110,'SLAACK'),(1377715,76,276,'SMA Consulting'),(1377716,76,46,'SMAC GALLERY'),(1377717,76,1,'Sofia Test'),(1377718,76,45,'Stellenbosch'),(1377719,76,39,'Steven R. Frank'),(1377720,76,50,'Steven Sacks'),(1377721,76,1080,'Table Cloth Factory'),(1377722,76,118,'Tai Coombs'),(1377723,76,270,'Takeshi Montero'),(1377724,76,148,'TAPPAN'),(1377725,76,36,'The National'),(1377726,76,55,'Tristam'),(1377727,76,33,'Untitled Art Fair'),(1377728,76,122,'Up-N-Atom LLC'),(1377729,76,149,'Valentina'),(1377730,76,273,'Veronica Gessa - Moki Baby'),(1377731,76,456,'WAHEI AOYAMA'),(1377732,76,815,'Warner Media'),(1377733,76,120,'William Iverson'),(1377734,76,72,'Y\'liska Johnson'),(1377735,76,280,'Zilberman - Gizem Demircelik'),(1377736,76,42,'Zilberman Gallery'),(1377876,87,74,'Willy Wilson'),(1377877,87,75,'Win Mitchell'),(1377878,87,2398,'Worldpac'),(1377879,87,2382,'Ziegler Inc'),(1830333,56,11983,'Francoeur, Rachel'),(1830332,56,9367,'Francis, Jennell'),(1830331,56,8914,'Franciosi, Sandra'),(1830330,56,8786,'Frances Aini, Mary'),(1830329,56,11790,'Fragua, Sean'),(1830328,56,12689,'Fox, Tammy'),(1830327,56,15389,'Fox, Miles'),(1830326,56,7760,'Fox, Michelle'),(1830325,56,11013,'Fox, Matthew'),(1830324,56,10819,'Fox, Marilyn'),(1830323,56,10659,'Fox, Kristen'),(1830322,56,10884,'Fox, Chelsie'),(1830321,56,15374,'Fox, Bruce'),(1830320,56,11921,'Fox Hopkins, D'),(1830319,56,14282,'Fowler, Terry'),(1830318,56,15472,'Fowler, Sarah'),(1830317,56,10179,'Fowler, Justin'),(1830316,56,7116,'Fowler, James'),(1830315,56,14570,'Fowler, Dawn'),(1830314,56,14507,'Foulger, Michelle'),(1830313,56,10072,'Foudy, Julie'),(1830312,56,11380,'Foster, Kevin'),(1830311,56,11324,'Foster, Katie'),(1830310,56,12961,'Foster, Joni'),(1830309,56,9966,'Foster, Eileen'),(1830308,56,10049,'Foster, Beth'),(1830307,56,15075,'Fossum, Vicki'),(1830306,56,9180,'Fossen, Ryan'),(1830305,56,11494,'Foss, Sheila'),(1830304,56,12147,'Foss, Kristin'),(1830303,56,14020,'Fortin, Gary'),(1830302,56,12684,'Forsythe, Katy'),(1830301,56,10702,'Forsythe, Kathryn'),(1830300,56,10900,'Forsyth, Amy'),(1830299,56,12262,'Forste, Adam'),(1830298,56,7436,'Forschen, Rose'),(1830297,56,14613,'Fors, Liz'),(1830296,56,14654,'Forrest, Meagan'),(1830295,56,8431,'Forrest, Dana'),(1830294,56,15287,'Forrest, Ann'),(1830293,56,10787,'Forman, Sarah'),(1830292,56,11073,'Forik, Larissa'),(1830291,56,10941,'Forester, Julie'),(1830290,56,9541,'Foreman, Jeremiah'),(1830289,56,14640,'Fore, Amy'),(1830288,56,12849,'Ford, Mandy'),(1830287,56,12752,'Ford, Justin'),(1830286,56,13155,'Ford, Angela'),(1830285,56,15585,'Force-Kelly, Ashley'),(1830284,56,11371,'Force, Ashley'),(1830283,56,8286,'Foran, Danielle'),(1830282,56,13998,'Foote, Nancy'),(1830281,56,8315,'Foor, Joshua'),(1830280,56,12309,'Foor, Josh'),(1830279,56,8785,'Fontichiaro, Gretchen'),(1830278,56,9148,'Fontenot, Tanya'),(1830277,56,9216,'Fontana, Nicole'),(1830276,56,9812,'Fonger, Kevin'),(1830275,56,8042,'Foley, Victoria'),(1830274,56,14116,'Foldhazy, Haylie'),(1830273,56,11233,'Foland, Debra'),(1830272,56,12255,'Foehrenbacher, Megan'),(1830271,56,12312,'Fodor, Sarah'),(1830270,56,8676,'Flynn, Tim'),(1830269,56,11887,'Flynn, L'),(1830268,56,10349,'Flynn, Kate'),(1830267,56,12082,'Flynn, James'),(1830266,56,9095,'Fluger, Steve'),(1830265,56,9062,'Flowers, Michelle'),(1830264,56,8603,'Flory, Michael'),(1830263,56,11097,'Florez, Julian'),(1830262,56,8029,'Flores, Sarah'),(1830261,56,14316,'flores, erica'),(1830260,56,8037,'Florence, NJ , Amazon.com'),(1830259,56,10616,'Flora, Ashley'),(1830258,56,7133,'Flippo, Brittany'),(1830257,56,10260,'Flewelling, Heather'),(1830256,56,12480,'Fletcher, Robin'),(1830255,56,8033,'Fletcher, Kathy'),(1830254,56,14910,'Fletcher, Angela'),(1830253,56,8561,'Flemming, Nicholas'),(1830252,56,11598,'Fleming, Thea'),(1830251,56,9272,'Fleming, Cora'),(1830250,56,15018,'fleig, zach'),(1830249,56,12124,'Fleet, Alex'),(1830248,56,15712,'Fleet Feet Sports Columbia'),(1830247,56,8598,'Flatoff, Azaria'),(1830246,56,15144,'Flaten, Abigail'),(1830245,56,7607,'Flamm, Colleen'),(1830244,56,7443,'Flamm, Barry'),(1830243,56,8410,'Flamino, Yolanda'),(1830242,56,10544,'Flagg, Courtnay'),(1830241,56,11228,'Flack, Logan'),(1830239,56,14011,'FITZGERALD, PATRICIA'),(1830240,56,15526,'FitzGerald, Shannon'),(1830238,56,14441,'Fitzgerald, Kevin'),(1830237,56,15076,'Fitzgerald, Kathleen'),(1830236,56,7142,'Fitsok'),(1830235,56,15719,'FITniche, Inc.'),(1830234,56,10381,'FIsken, Emily'),(1830233,56,7973,'Fisk, Suzanne'),(1830232,56,9219,'Fisk, Justine'),(1830231,56,8046,'Fisher, Nicolle'),(1830230,56,11622,'FISHER, LAUREN'),(1830229,56,11212,'Fisher, Kurt'),(1830228,56,14804,'Fisher, Christie'),(1830227,56,10938,'Fisher, Carianne'),(1830226,56,15505,'Fisher, Anita'),(1830225,56,7954,'Fisher, Amanda'),(1830224,56,7931,'Fisher , Emily'),(1830223,56,14921,'Fish, Aschley'),(1830222,56,11382,'Fischer, Geofrey'),(1830221,56,9031,'Fischer, Dan'),(1830220,56,14478,'Fischer, Chandra'),(1830219,56,10407,'Fischer, Barry'),(1830218,56,15302,'Firmani, Diane'),(1830217,56,9545,'Firkins, David'),(1830216,56,12703,'Firestone, Lisa'),(1830215,56,10396,'Fiore, Aubrene'),(1830214,56,12624,'Finnicum, Bailey'),(1830213,56,15501,'Finn, Christine'),(1830212,56,12599,'Finley, Shauna'),(1830211,56,9798,'Finke, Kirsten'),(1830210,56,9048,'Fink, Naomi'),(1830209,56,7038,'Fink, Jeff'),(1830208,56,14999,'Fini, Katy'),(1830207,56,12203,'Fine, Sheri'),(1830206,56,9511,'Finch, Shannon'),(1830205,56,8013,'Filo, Amy'),(1830204,56,14884,'Fillenbaum, Eve'),(1830203,56,11801,'Figueroa, Elaine'),(1830202,56,10315,'Fier, Laura'),(1830201,56,13195,'Fier, Brian'),(1830200,56,11941,'Fieldseth, Kris and Mark'),(1830199,56,12768,'fields, wendy'),(1830198,56,12640,'Fields, Samantha'),(1830197,56,8946,'Fields, Gary'),(1830196,56,11387,'Fields, Erik'),(1830195,56,15552,'Field, Litton'),(1830194,56,9038,'Fiegel, Aaron'),(1830193,56,15382,'Fiedler, Kat'),(1830192,56,10024,'Fiedler, Bruce'),(1830191,56,12928,'Fiator, Nancy'),(1830190,56,13188,'Fezler, Sarah'),(1830189,56,10827,'Feuer, Brandie'),(1830188,56,7153,'Fetch Training Minneapolis'),(1830187,56,7857,'Feste, Melissa'),(1830186,56,7359,'Fest, Pheasant'),(1830185,56,7088,'Fesler, Jacqueline'),(1830184,56,9488,'Ferry, Carly'),(1830183,56,11223,'Ferrise, Dan'),(1830182,56,15450,'Ferriolo, Rebecca'),(1830181,56,10554,'Ferrente, Alexandra'),(1830180,56,12634,'Ferrell, Jennifer'),(1830179,56,7935,'Ferraro, Linda'),(1830178,56,7601,'Ferrara, Valarie'),(1830177,56,15009,'Ferrara, Tumay'),(1830176,56,7021,'Ferrara, dennis'),(1830175,56,11951,'Ferrand, Sue'),(1830174,56,14911,'Fernandez, Shaun'),(1830173,56,11175,'Fernandez, Rose'),(1830172,56,7379,'Fernandez, Linda'),(1830171,56,11615,'Fernainy, Jessica'),(1830170,56,14368,'Ferland, Travis'),(1830169,56,13064,'Ferguson, Wendy'),(1830168,56,9854,'Ferguson, Julie'),(1830167,56,7809,'Ferguson, David'),(1830166,56,9385,'Ferguson, Bryce'),(1830165,56,10462,'Fennie, Napierala Maryl'),(1830164,56,8591,'Fennelly, Ryan'),(1830163,56,10288,'Fengler, Sophie'),(1830162,56,9129,'Femrite, Brianna'),(1830161,56,11344,'FeLuca, Karina'),(1830160,56,9310,'Feltes, Hannah'),(1830159,56,9652,'Felt, Barb'),(1830158,56,7559,'Fell, Michelle'),(1830157,56,14561,'Fell, Maria'),(1830156,56,7871,'Fell, John'),(1830155,56,13001,'Feldhaus, Bryan'),(1830154,56,7851,'Fehr, Stefan'),(1830153,56,9175,'Feeney, kate'),(1830152,56,8965,'Feely, Matt'),(1830151,56,10499,'Federman, Barak'),(1830150,56,8580,'Fedders, Dave'),(1830149,56,12940,'Fedczuk, David'),(1830148,56,10897,'FBA, AMAZON'),(1830147,56,15030,'Fazio, Kathy'),(1830146,56,7304,'Faust, Michael'),(1830145,56,9394,'FAUST, KRYSTAL'),(1830144,56,15176,'Faust, Karen'),(1830143,56,9988,'Faulkner, Summer'),(1830142,56,9554,'Faulkner, Glenn'),(1830141,56,9370,'Fatcheric, Eileen'),(1830140,56,9685,'Fasula, Ryan'),(1830139,56,10354,'Fasula, Megan'),(1830138,56,14557,'Fastner, Michael'),(1830137,56,11552,'Fassler, Carrie'),(1830136,56,8289,'farwell, matt'),(1830135,56,8163,'Farrell, William'),(1830134,56,15260,'Farrell, M'),(1830133,56,11528,'Farrell, Karen'),(1830132,56,11388,'Farrell, Jody L'),(1830131,56,8809,'Farrell, Cynthia'),(1830130,56,11398,'Farnsworth, Lisa'),(1830129,56,10010,'Farmer, Royce'),(1830128,56,11336,'Farmer, Kim'),(1830127,56,7742,'Farmer, Chelsea'),(1830126,56,12808,'Farley, Michael'),(1830125,56,10199,'Faria, Amanda'),(1830124,56,7435,'Fanks, Maggie'),(1830123,56,13168,'Fangers, Kayla'),(1830122,56,14246,'Fang, Shawn'),(1830121,56,9553,'Fanene, Kym'),(1830120,56,12711,'Famigliegti, Alyson'),(1830119,56,10951,'Falzarano, Michael'),(1830118,56,8318,'Faller, Karen'),(1830117,56,9539,'Falcone, Christina'),(1830115,56,12630,'Fairhead, Liam'),(1830116,56,10706,'Falbo, Alysse K'),(1830114,56,8556,'Fackler, Jennifer'),(1830113,56,11904,'Fabbro, Emilia'),(1830112,56,14391,'F Armandi, Glenda'),(1830111,56,8240,'Eyler, Christine'),(1830110,56,14065,'EWING, SUZANNE'),(1830109,56,12704,'Ewing, Monica'),(1830108,56,14522,'Ewing, Judy'),(1830107,56,12509,'Ewing, Dianne'),(1830106,56,11449,'Eversman, Colleen'),(1830105,56,12087,'Evers, Melissa'),(1830104,56,14270,'Everitt, Emily'),(1830103,56,8711,'Everhart, Mark'),(1830102,56,8476,'Everhart, Katelyn'),(1830101,56,7095,'Event-Doggie Palooza'),(1830100,56,13176,'Even, Vicki'),(1830099,56,8833,'Evans, Sheryl'),(1830098,56,14870,'Evans, Meredith'),(1830097,56,7808,'Evans, Margery'),(1830096,56,15481,'Evans, Lindsey'),(1830095,56,14707,'Evans, Karen'),(1830094,56,8527,'Evans, Jennifer'),(1830093,56,15639,'Evans, Hannah'),(1830092,56,14070,'Evans, Denise'),(1830091,56,15669,'Evans, Brenda'),(1830090,56,11776,'Evans, Alisha'),(1830089,56,11160,'Evanoff, Kristen'),(1830088,56,7845,'Evanger, Heather'),(1830087,56,12400,'Etrheim, Madeline'),(1830086,56,9365,'Ethan Lerner, Mr.'),(1830085,56,11666,'Etake SBRIBOAO, Regina'),(1830084,56,10124,'Estrada, Denise'),(1830083,56,10187,'Estrada, Angela'),(1830082,56,10817,'Esterby, Sara'),(1830081,56,12540,'Essence, Ferrin'),(1830080,56,11007,'Esse,'),(1830079,56,13023,'Espat, Noriko'),(1830078,56,12348,'Esler, Amanda'),(1830077,56,11171,'Eskicioglu, Maggie'),(1830076,56,10392,'Escofet, Laura'),(1830075,56,11484,'Escher, Roland'),(1830074,56,15483,'Esch, Ellen'),(1830073,56,9501,'Erwin, Kate'),(1830072,56,10135,'Erstad Hicks, E'),(1830071,56,7756,'Ernst, Eric'),(1830070,56,12474,'Erni, Nancy'),(1830069,56,14293,'Erlich, Shari'),(1830068,56,7069,'Erin Hertel'),(1830067,56,14803,'Erik Fields, fields'),(1830066,56,14906,'Erickson, Lana'),(1830065,56,9855,'Erickson, Julie'),(1830064,56,13151,'Erickson, Jerren'),(1830063,56,11340,'Eresuma, Cinda'),(1830062,56,15461,'Ereno, Michael'),(1830061,56,9717,'Erchul, Alex'),(1830060,56,10438,'Erb-Koty, Zoe'),(1830059,56,7078,'Epstein, Wendy'),(1830058,56,8016,'Epstein, Marissa'),(1830057,56,8505,'Epstein, Cherie'),(1830056,56,13118,'Enright, Michael'),(1830055,56,9329,'Engstrom, NotProvided'),(1830054,56,8746,'Engstrom, Marshall'),(1830053,56,8702,'English, E'),(1830052,56,15631,'Engholm, Bridget'),(1830051,56,12208,'Engels, Thomas'),(1830050,56,11125,'Engelman, Joseph'),(1830049,56,14287,'Engel, Deanna'),(1830048,56,11420,'Engel, Bryan'),(1830047,56,12611,'Engebretson, Steve'),(1830046,56,7841,'Engasser, Shannon'),(1830045,56,14492,'Endrizzi, Joyce'),(1830044,56,14510,'Endress, Sue'),(1830043,56,9994,'Endow, Tamara'),(1830042,56,8353,'Emma-Jane Bendeman, GSX 394256'),(1830041,56,11124,'Emery, Marvin'),(1830040,56,8784,'Emert, Natalie'),(1830039,56,10273,'Emerson, Samantha'),(1830038,56,12025,'Emerson, Amber'),(1830037,56,12243,'Emdad, Andrea'),(1830036,56,8978,'Emaus, Colleen'),(1830035,56,13203,'Elton, Tyler'),(1830034,56,14653,'Elsenboss, Kathleen'),(1830033,56,14159,'Ellner, Michael'),(1830032,56,7585,'Ellison, Katherine'),(1830031,56,14998,'Ellison, Eric'),(1830030,56,8419,'Ellison, Amy'),(1830029,56,10668,'Ellis, Meme'),(1830028,56,11395,'Ellis, Melissa'),(1830027,56,11944,'Ellis, Matthew'),(1830026,56,9869,'ellis, lori'),(1830025,56,14204,'Ellis, Judy'),(1830024,56,11591,'Ellis, Graham'),(1830023,56,11665,'Elliott, Travis'),(1830022,56,13090,'Elliott, Sarah'),(1830021,56,11240,'Elliott, Kristin'),(1830020,56,7347,'Elliott, Heidi'),(1830019,56,14868,'Ellingson, Taylor'),(1830018,56,11784,'Ellingson, John'),(1830017,56,12493,'Ellingson, Cyn'),(1830016,56,11065,'Ellingson, C'),(1830015,56,9498,'Ellingsen, Sally'),(1830014,56,8327,'Elling, Dawn'),(1830013,56,14317,'Ellenburg, Tabitha'),(1830012,56,8956,'Ellenberger, Matt'),(1830011,56,14651,'Elkins, Margaret'),(1830010,56,9700,'Elizabeth Hamilton, Gsx 423846'),(1830009,56,11849,'Elisara, Cora'),(1830007,56,8795,'Elgie, Lauren'),(1830008,56,10509,'Elgie, Zac'),(1830006,56,7433,'Elford, Courtney'),(1830005,56,11859,'Elford and Daizy Elford, Courtney'),(1830004,56,7156,'Electronic Media Group'),(1830003,56,14039,'Eldridge, Jean'),(1830002,56,9337,'Eldred, Erin'),(1830001,56,13211,'Elde, Sarah'),(1830000,56,12701,'Ekstrand, Barbara'),(1829999,56,7350,'Eisold, Dr. Joyce'),(1829998,56,7541,'Eisenhart, Leslie'),(1829997,56,12106,'Einstein-Sim, Elana'),(1829996,56,14543,'Eilertson, Yenti'),(1829995,56,10572,'eilefson, marlo'),(1829994,56,12859,'Eikenberry, Lynn'),(1829993,56,15041,'EIKENBERRY, David'),(1829992,56,14250,'Eike, Erin'),(1829991,56,11485,'Eidbo, Jennifer'),(1829990,56,9044,'Eidbo, Jen'),(1829989,56,14197,'Eickstaedt, Jacob'),(1829988,56,12120,'Eichholz, Christine'),(1829987,56,15499,'Ehnat, Stephanie'),(1829986,56,15541,'Ehlert, Krista'),(1829985,56,9880,'Egler, Kenneth'),(1829984,56,10237,'Egenes, Jon'),(1829983,56,11081,'Efram, Daniel'),(1829982,56,10539,'Edwards, William'),(1829981,56,9536,'Edwards, Taylor'),(1829980,56,14448,'Edwards, Stacy'),(1829979,56,10697,'Edwards, Robin'),(1829978,56,10086,'Edwards, Brian D'),(1829977,56,14568,'Edwards, Ashley'),(1829976,56,12031,'Edmonds, Eric'),(1829975,56,15319,'Ediger, Kristen'),(1829974,56,9895,'Edgmon, Maryn'),(1829973,56,10689,'Edeburn, Emily E'),(1829972,56,14958,'Eckman, Michelle'),(1829971,56,15111,'Eckhoff, Chris'),(1829970,56,7424,'Eckhardt, Trenton'),(1829969,56,7396,'Eckert, Jared'),(1829968,56,9428,'ECKEL, JENNY'),(1829967,56,11999,'Eckdahl, Emily'),(1829966,56,14895,'Ebreo, Kay'),(1829965,56,14933,'Ebert, Jenny'),(1829964,56,11514,'Eberheim, Nancy'),(1829963,56,15288,'Eberhart, Sam'),(1829962,56,9233,'Ebbets, Caitlin'),(1829961,56,8158,'Ebbets, Allison'),(1829960,56,14544,'Ebata, Aaron'),(1829959,56,8967,'Eaton, Erin'),(1829958,56,12967,'Eaton, Brian'),(1829957,56,13187,'Eastvold, Lissa'),(1829956,56,12620,'Easton, Holly'),(1829955,56,14084,'Eastman, Sally'),(1829954,56,14567,'Eastling, Deanna'),(1829953,56,14063,'Eastlack, Lisa'),(1829952,56,14223,'Easter, Ollie'),(1829951,56,10031,'East, Nancy'),(1829950,56,7100,'Earley, Christine'),(1829949,56,10515,'Earl, Kathleen'),(1829948,56,10507,'Ealy, Jennie'),(1829947,56,7168,'E-Online Date'),(1829946,56,15217,'E, Cyn'),(1829945,56,14806,'E, Amie'),(1829944,56,12008,'E Webber, Christine'),(1829943,56,11416,'E Walton, Aggie'),(1829942,56,15565,'Dzubay, Ethel'),(1829941,56,8895,'Dyson, Debbie'),(1829940,56,7329,'Dymek, Magdalena'),(1829939,56,10227,'Dylla, Christopher'),(1829938,56,8802,'Dylla, Chris'),(1829937,56,10403,'Dylla, Chria'),(1829936,56,7365,'Dykstra, Margaret'),(1829935,56,15415,'Dykes, Debbie'),(1829934,56,8780,'Dykenga, Rob'),(1829933,56,13008,'Dyer, Stacey'),(1829932,56,14971,'Dwyer, Kristin'),(1829931,56,10103,'Dwyer, Joe'),(1829930,56,14401,'Dworak, Stephanie'),(1829929,56,7775,'Dvorak, Sarah'),(1829928,56,11884,'DVORAK, michael'),(1829927,56,7453,'Dvorak, Kim'),(1829926,56,10374,'Dvergsten, Thomas'),(1829925,56,14516,'Duzan, Ame'),(1829924,56,10300,'Duvall, Devin'),(1829923,56,10906,'Dutra, Tracy'),(1829922,56,8266,'Dutka, Mindy'),(1829921,56,10020,'Dust, Andrew'),(1829920,56,14562,'Dusel, Carla'),(1829919,56,8543,'Dusa, Eric'),(1829918,56,13973,'Durland, Leah'),(1829917,56,14343,'Durkin, Sheilagh'),(1829916,56,9702,'Durham, Donna'),(1829915,56,14533,'Durgin, Michelle'),(1829914,56,15691,'Duray, Anna'),(1829913,56,8380,'Duran, Yovanny'),(1829912,56,7624,'Duran, Gabriel'),(1829911,56,12590,'Duran, Aaron'),(1829910,56,7536,'Dupuis, Burke'),(1829909,56,11461,'Dunsirn, Dorothy'),(1829908,56,10497,'Dunne, Katherine'),(1829907,56,13136,'Dunne, Clare'),(1829906,56,8221,'Dunn, Philip'),(1829905,56,7114,'Dunn, Peter'),(1829904,56,7988,'Dunn, Nicole'),(1829903,56,14184,'Dunn, Kennedy'),(1829902,56,12675,'Dunn, Judy'),(1829901,56,10902,'Dunn, Christina'),(1829900,56,12945,'Dunn, Alex'),(1829899,56,8374,'Duniway, Sarah'),(1829898,56,14872,'Duncan, Stephanie'),(1829897,56,10643,'Duncan, Jessica'),(1829896,56,14179,'Duncan, Erika'),(1829895,56,8671,'DUNCAN, DAVID'),(1829894,56,11501,'Duncam, David'),(1829893,56,14292,'Dumont, Pamela'),(1829892,56,8841,'Dugosh, Krista'),(1829891,56,7255,'Duggins, Mitchell'),(1829890,56,7534,'Duggan, Christopher'),(1829889,56,12360,'Duffie, Riley'),(1829888,56,8815,'Dufek, Colleen'),(1829887,56,15645,'Duethman, Katie'),(1829886,56,11815,'Duenas, Jimmy'),(1829885,56,9877,'Dudziak, Ray'),(1829884,56,7920,'Dudley, Cheryl'),(1829883,56,14882,'duda, michael'),(1829882,56,8788,'Duda, Jenny'),(1829881,56,8074,'Duckler, Suzanne'),(1829880,56,15519,'DuBrule, Cassie'),(1829879,56,14345,'dubois, michele'),(1829878,56,14277,'Dube, Rachel'),(1829877,56,12483,'Du, Susan'),(1829876,56,8791,'Dsouza, Michelle'),(1829875,56,12806,'Druessel, Lauren'),(1829874,56,8736,'Dreyfus, Gregory'),(1829873,56,9285,'Dreyer, DLee'),(1829872,56,9052,'Dreyer, D\'Lee'),(1829871,56,12489,'Drewes, Teresa'),(1829870,56,14649,'Drew, Josh'),(1829869,56,11085,'Drew, Dana'),(1829868,56,6996,'Dretske, Lisa'),(1829867,56,12454,'Drebenstedt, Heather'),(1829866,56,10981,'Draughon, Tammy'),(1829865,56,14340,'Draper, Richelle'),(1829864,56,10547,'Draper, Heidi'),(1829863,56,11878,'Draper, Claire'),(1829862,56,8973,'Drambarean, Dana'),(1836048,57,62,'ikes'),(1836047,57,74,'Cincinnati Insurance Co'),(1887642,64,1049,'Abby O\'Brien'),(1887641,64,1351,'Thuene, Ryan (3277):2151'),(1887640,64,1349,'Clayburn, Andy (3068):2118'),(1887639,64,1347,'Doyle, Robert (3133):2110'),(1887638,64,1353,'American Family (3154):210029'),(1887637,64,1345,'State Farm (2968):2092'),(1887636,64,1343,'Hirschey, Phil (2915):2073'),(1887635,64,1341,'Gill, Jerry and Cynthia (2940):2059'),(1887634,64,1339,'Travlers (2593):2049'),(1377896,88,640,'Twin Cities Harley'),(1808717,3,2003,'Betz, Cynthia & Fred'),(1377875,87,106,'William D Dick'),(1377874,87,73,'Wayne Dukowitz'),(1377611,76,146,'Firestone Gallery'),(1377610,76,41,'Firestone Art'),(1377609,76,5,'Fight Club'),(1377608,76,155,'Fawn'),(1377607,76,279,'Falko'),(1377606,76,340,'Evan Collier'),(1377383,67,547,'Ellen Wilson'),(1377382,67,444,'Ellen Porter'),(1377381,67,265,'Ellen and Jim Hubbell'),(1377380,67,551,'Elizabeth Monaghan'),(1377379,67,476,'Elizabeth Hudson'),(1377378,67,492,'Elizabeth and Willy Monaghan'),(1377376,67,479,'Ed Chanin'),(1377377,67,233,'Elizabeth and Mike Sweeney'),(1377375,67,239,'Dr Nancy Coles'),(1377374,67,27,'Doug Pugh'),(1377373,67,322,'Donna and Jim Pohlad'),(1377372,67,229,'Dixie and Richard Cornell'),(1377371,67,311,'Dianne Blanco'),(1377370,67,134,'Diana and Ken Lewis'),(1377369,67,588,'Derek Brown and Jim Hilt'),(1377368,67,538,'David Levy'),(1377367,67,618,'David Kunin'),(1377366,67,98,'David Johnson'),(1377365,67,29,'David Corkins'),(1377364,67,383,'Dave Zucco'),(1377363,67,109,'Darwin Reedy'),(1377362,67,77,'Dara and Marvin Singer'),(1377361,67,482,'Dan Avchen and David Johnson'),(1377360,67,487,'Dahlia and Nick Brue'),(1377359,67,56,'Dagmar Dolby'),(1377358,67,153,'Dafna Meitar-Nechmad'),(1377357,67,526,'Connie Urist'),(1377737,78,47,'Blake Barrett'),(1377605,76,94,'Erin Cluley'),(1377604,76,64,'Eric Firestone Gallery'),(1377603,76,65,'Eduardo Secci'),(1377602,76,58,'Eduardo A. Garcia'),(1377601,76,1091,'Edson Jean'),(1377600,76,474,'Diana E Guevara'),(1377599,76,35,'DEFT Build LLC'),(1377598,76,40,'De Gunk'),(1377597,76,194,'David Wermus'),(1377596,76,156,'David Rojas'),(1377595,76,250,'Danny Rosenberg'),(1377594,76,286,'Daniella'),(1377593,76,345,'cynthia diprima'),(1377592,76,475,'CSTA LLC'),(1377591,76,358,'crypto shinobi'),(1377590,76,124,'Cristina Forestieri'),(1377589,76,70,'Corso Agency'),(1377588,76,267,'Colormatics LLC'),(1377587,76,355,'Colin Surprenant'),(1377586,76,2,'Clover Customer'),(1377585,76,151,'Cinema Giants Inc'),(1377584,76,350,'Cindy DiPrima'),(1377583,76,737,'Cindy Diploma'),(1377582,76,152,'Christine'),(1377581,76,819,'Christina'),(1377580,76,4,'Christian Louboutin'),(1377579,76,821,'Chris Sheahan'),(1377578,76,52,'Chelouche Gallery'),(1377577,76,61,'Chelle King'),(1377576,76,681,'Chayan - VAIL'),(1377575,76,1111,'Chandler.'),(1377574,76,32,'Catinca Tabacaru'),(1377573,76,289,'Catherine Vallin'),(1377572,76,158,'Caroline Owre'),(1377571,76,281,'Carol Clemets'),(1377570,76,1109,'Carbone 4WRD x PROOF'),(1377569,76,260,'Cameran Howell'),(1377738,78,39,'MN Timberwolves'),(1377873,87,98,'Virgina Smith'),(1377872,87,72,'Vicky Hedke'),(1377871,87,2402,'Urotuning.com'),(1377870,87,71,'Troy Vaughn'),(1377869,87,70,'Tom Walgreen'),(1377868,87,69,'Tom Prodahl'),(1377867,87,68,'Tim Rippy'),(1377866,87,67,'Thomas McClain'),(1377865,87,107,'The Wellness Center'),(1377864,87,96,'The Reinalt-Thomas Corporation'),(1377863,87,66,'Tessa Olson'),(1377862,87,65,'Tate Severson'),(1377861,87,64,'Tamie Drackert'),(1377860,87,97,'Tabitha Blanchard'),(1377859,87,2380,'Solera Holdings LLC'),(1377858,87,2389,'Slims - Brooklyn'),(1377857,87,63,'Sara Smook'),(1377856,87,93,'RV Bangasser'),(1377855,87,102,'Richard J'),(1377854,87,62,'Raven Loya'),(1377853,87,2401,'Randy\'s Auto Sales'),(1377852,87,61,'Rachel Bahn'),(1377851,87,92,'R & R Auto Care Inc'),(1377850,87,60,'Peter Anderson'),(1377849,87,59,'Paul Seefield'),(1377848,87,58,'Paul Mathson'),(1377847,87,108,'Overdraft Protection Fee'),(1377846,87,2359,'Northeast Recovery Room'),(1377845,87,2403,'Northeast Imported Parts'),(1377844,87,95,'Norman Edward Clark'),(1377843,87,2384,'Nightbuddy'),(1377842,87,57,'Nicole Covert'),(1377841,87,56,'Nick Widmar'),(1377840,87,55,'Nick Verstegen'),(1377839,87,55,'Nick Verstegen'),(1377838,87,54,'Nick Borman'),(1377837,87,2392,'My Auto Store'),(1377836,87,2387,'Muffler Express'),(1377835,87,87,'MOBILE DEPOSIT:REF NUMBER:710310726064'),(1377833,87,544,'MOBILE DEPOSIT:Job 1'),(1377834,87,86,'MOBILE DEPOSIT:REF NUMBER'),(1377832,87,85,'MOBILE DEPOSIT'),(1377831,87,53,'Missy Dodge'),(1377830,87,52,'Mike Peters'),(1377829,87,2385,'Midland LA'),(1377828,87,51,'Michael O\'Keefe'),(1377827,87,2400,'Maui Airport Taxi'),(1377826,87,50,'Matt Schubert'),(1377825,87,49,'Maria Edith Gonzalez'),(1377824,87,2391,'Luther Brookdale VW'),(1377823,87,103,'Lis C Severson'),(1377822,87,48,'Levi Tomes'),(1377821,87,104,'Lemonte J Eastvold'),(1377820,87,47,'Lee Letourneau'),(1377819,87,46,'Laura Peterson'),(1377818,87,45,'Kristin Trudeau'),(1377817,87,44,'Kris Koukkari'),(1377816,87,43,'Kevin Roche'),(1377815,87,42,'Kevin Perry'),(1377814,87,109,'Kevin Casper'),(1377813,87,41,'Kenneth Steen'),(1377812,87,2368,'Kelly Rapanovich'),(1377811,87,101,'Kassia R Holt'),(1377810,87,40,'Karen Kassle'),(1377809,87,39,'Julian Mcfarland'),(1377808,87,38,'Joseph Benjamin'),(1377807,87,37,'Joni Christenson'),(1377806,87,36,'John Nurn'),(1377805,87,35,'John Fink'),(1377804,87,34,'Jill Catherwood'),(1377803,87,33,'Jesse Eilers'),(1377802,87,32,'Jenny Karlsson'),(1377801,87,31,'Jennifer Willy'),(1377800,87,99,'James Larsen'),(1377799,87,2386,'Jacks Auto Parts'),(1377798,87,2381,'Holiday Stations'),(1377797,87,2397,'Highway 101 Auto Salvage'),(1377796,87,2399,'Heights Bakery Inc'),(1377795,87,30,'Ginney Maki'),(1377793,87,29,'Eric Wessels'),(1377794,87,2383,'Europa Parts NJ'),(1377792,87,28,'Eric Michaels'),(1377791,87,2394,'Elsies'),(1377790,87,27,'Egan Haugesag'),(1377789,87,546,'eDeposit in Branch/Store 09/08/16 04:Job 1'),(1377787,87,90,'eDeposit in Branch/Store 09/08/16 04:35'),(1377788,87,91,'eDeposit in Branch/Store 09/08/16 04:35:27 PM 2329 CENTRAL AVE NE MINNEAPOLIS MN'),(1377783,87,77,'eDeposit in Branch/Store 08/17/15 09:38'),(1377784,87,78,'eDeposit in Branch/Store 08/17/15 09:38:52 AM 2329 CENTRAL AVE NE MINNEAPOLIS MN'),(1377785,87,543,'eDeposit in Branch/Store 08/17/15 09:Job 1'),(1377786,87,89,'eDeposit in Branch/Store 09/08/16 04'),(1377782,87,76,'eDeposit in Branch/Store 08/17/15 09'),(1377895,88,9,'Turtle Bread'),(1377894,88,753,'Square Inc'),(1377893,88,7,'Royal Grounds'),(1377892,88,6,'Paper Source'),(1377891,88,622,'PAM\'s Auto'),(1377890,88,11,'Magers & Quinn Booksellers'),(1377889,88,8,'Lake Superior'),(1377888,88,710,'Hilltop Trailer Services Ltd'),(1377887,88,4,'Groupon'),(1377886,88,12,'Grainger'),(1377885,88,10,'Facebook'),(1377901,89,1129,'Toast Fees'),(1377900,89,1097,'Stripe- C'),(1377899,89,1081,'Kyle Vogt'),(1377897,89,1084,'Cafe Astoria LLC'),(1808718,3,1870,'Beuesgens, Betty'),(1808716,3,7013,'Betty Zenk'),(1808715,3,6567,'Betty Rumrey'),(1808714,3,7328,'Betty Adamich'),(1808713,3,6525,'Betty  Hostad'),(1808712,3,7217,'Betty  Hartnett'),(1808711,3,6139,'Bette Connor'),(1808710,3,5636,'BETSY PRIMEAU'),(1808709,3,5554,'BETSY NICHOLS'),(1808708,3,5539,'Betsy Nagel'),(1808707,3,5649,'Beth Ranier'),(1808706,3,6745,'Beth Mcdowll'),(1808705,3,6302,'Beth Brazier'),(1808704,3,4913,'Beth & Ben Allinder'),(1808703,3,6416,'Beth  Renier'),(1808702,3,6580,'Beth  Hobbs'),(1808701,3,994,'Betchwars, Sandy'),(1808700,3,2248,'Bestrom, Sharon'),(1808699,3,4056,'Bessesen, Beth'),(1808698,3,2002,'Beske, Chuck & Cindy'),(1808697,3,4419,'Bertelsons, Mary'),(1808696,3,993,'Bertelson, Dick & Audrey'),(1808695,3,6979,'Berta Fuentes'),(1808694,3,992,'Berry, Laurie'),(1808693,3,2893,'Bernier, Carol'),(1808692,3,4567,'Bernie Benson'),(1808691,3,4244,'Berndt, Gene & Ethel'),(1808690,3,4498,'Berlin, Jay and Sharon'),(1808689,3,3994,'Bergquist, Carl'),(1808688,3,3836,'Bergner, Mitch'),(1808687,3,991,'Bergner, Jolene & Dan'),(1808686,3,990,'Bergmann, Kristine & David'),(1808685,3,4548,'Bergman, Tracy'),(1808684,3,4284,'Bergman, Don'),(1808683,3,989,'Bergman, Dick & Linda'),(1808682,3,4406,'Berglund, Patsy'),(1808681,3,988,'Bergh, Peri'),(1808680,3,378,'Bergh, Linda'),(1808679,3,4162,'Bergeron, Gerry'),(1808678,3,3932,'Berger, Beverly'),(1808677,3,986,'Berger, Amy & Kyle'),(1808676,3,985,'Bergen, Andy'),(1808675,3,2358,'Berg, Terri'),(1808674,3,3323,'Berg, Molly'),(1808673,3,984,'Berg, Marilyn & Howard'),(1808672,3,3102,'Berg, Jenny'),(1808671,3,4305,'Berg, David'),(1808670,3,3369,'Berg, Bruce'),(1808669,3,2587,'Berg, Barbara'),(1808668,3,987,'Bereron, Janet'),(1808667,3,983,'Benusa, Vicki & Gerry'),(1808666,3,4094,'Bentz, Bill'),(1808665,3,3609,'Bentley, Chris'),(1808664,3,2967,'Benson, Loretta'),(1808663,3,982,'Benson, Bill & Margie'),(1808662,3,2001,'Bensen, Mary Kay'),(1808661,3,981,'Benoit, Joleen'),(1808660,3,980,'Bennett, Shirley'),(1808659,3,4384,'Bennett, Don'),(1808658,3,3396,'Benner, Barbara'),(1808657,3,3343,'Benko, Greg & Dawn'),(1808656,3,4067,'Bengson, Marion'),(1808655,3,4017,'Benedict, Mary'),(1808654,3,2654,'Bendt, John'),(1808653,3,5985,'Ben Torvill'),(1808652,3,5724,'Ben Selness'),(1808651,3,6667,'Ben Schneider'),(1808650,3,7409,'Ben Klaas'),(1808649,3,5210,'Ben Gibney'),(1808648,3,6518,'Ben Fehrenbacher'),(1808647,3,5171,'Ben Fazendin'),(1808646,3,6412,'Ben Barras'),(1808645,3,6151,'Ben  Swanson'),(1808644,3,7135,'Ben  Malakoff'),(1808643,3,6688,'Ben  Hinz'),(1808642,3,979,'Bement, Phyllis & Bob'),(1808641,3,2388,'Belle Plaine Chevrolet Buick'),(1808640,3,978,'Bell, Laura & Stuart'),(1808639,3,2279,'Bell, Darlene & Tom'),(1808638,3,3767,'Bell, Bev'),(1808637,3,2424,'Belford, Virginia'),(1808636,3,251,'Belden, Rebecca'),(1808635,3,3824,'Beise, Marion'),(1808634,3,3018,'Beiersdorf, Nancy'),(1808633,3,977,'Beier, Fred & Pat'),(1808632,3,1998,'Beidel, Debbie'),(1808631,3,976,'Behnke, Lavonne'),(1808630,3,2814,'Behne , Kathy'),(1808629,3,2656,'Behling, Teri'),(1808628,3,4185,'Beharry, Yama'),(1808627,3,975,'Begley, Evelyn'),(1808626,3,974,'Beduha, Bob & Sharon'),(1808625,3,973,'Beddor, Diane & Mike'),(1808624,3,5741,'Becky Smith'),(1808623,3,5913,'Becky Odland'),(1808622,3,6156,'Becky McGraw'),(1808621,3,6393,'Becky Liebl'),(1808620,3,5308,'Becky Hope'),(1808619,3,5293,'Becky Hertzog'),(1808618,3,6775,'Becky Harris'),(1808617,3,4166,'Beckstrom, Lisa'),(1808616,3,971,'Beckman-Rerat, Jennifer'),(1808615,3,3502,'Beckman, Kathy'),(1808614,3,3293,'Beckman, Janis'),(1808613,3,970,'Beckerman, Sharon & Bob'),(1808612,3,2706,'Becker, Dirk'),(1808611,3,3328,'Beck, Sheri'),(1808610,3,969,'Beck, Robin'),(1808609,3,972,'Bebo, Gerry'),(1808608,3,2188,'Bebchuk, Joseph'),(1808607,3,2000,'Beaudry, Jessica'),(1808606,3,3061,'Beaudry, Gloria'),(1808605,3,3454,'Beatty, Pam'),(1808604,3,966,'Beatty, Matt'),(1808603,3,4050,'Beard, Nancy'),(1808602,3,968,'Beacon Bank - Excelsior'),(1808601,3,967,'Beacon Bank'),(1808600,3,965,'BCS'),(1808599,3,964,'Bazoff, Kathryn'),(1808598,3,2544,'Bayuk, Rose'),(1808597,3,3779,'Baysuedee, Roshana'),(1808596,3,3063,'Bayerl, Sandy'),(1808595,3,3729,'Bayerl, Randy'),(1808594,3,2602,'Baumtrog, John'),(1808593,3,963,'Baumgartner, Mary Beth'),(1808592,3,3257,'Bauman, Bev'),(1808591,3,962,'Baudhain, Amy'),(1808590,3,961,'Battcher, Suzanne'),(1808589,3,960,'Battaglia, Patti'),(1808588,3,4961,'Basswood Townhomes'),(1808587,3,959,'Basso, Judy'),(1808586,3,4043,'Basmoen, Vickie'),(1808585,3,958,'Basile, Jackie & Mike'),(1808584,3,2167,'Basak, Sanjid'),(1808583,3,4212,'Bartos, Mary Jo'),(1808582,3,2808,'Barton, Tom & Sandra'),(1808581,3,2445,'Bartolic, John'),(1808580,3,2522,'Barto , Vonnie'),(1808579,3,956,'Barth, Laurie'),(1808578,3,1997,'Barth, Joan'),(1808577,3,5734,'BART SKAFTE'),(1808576,3,7237,'Bart DeMaggio'),(1808575,3,3681,'Barson, Keith'),(1808574,3,2924,'Barry, Karen'),(1808573,3,4591,'Barry & Susan Cosens'),(1808572,3,4743,'Barry & Jill Rohweder'),(1808571,3,5039,'Barry & Holly Cabuay'),(1808570,3,7205,'Barrie  orloff'),(1808569,3,4113,'Baron, Sandy'),(1808568,3,56,'Barnick, Jessica'),(1808567,3,3255,'Barnhouse, Dan'),(1808566,3,3256,'Barnhouse, Aaron'),(1808565,3,2567,'Barnett, Mary'),(1808564,3,957,'Barnett, Elizabeth'),(1808563,3,955,'Barnard, Chris'),(1808562,3,58,'Barlau, Val'),(1808561,3,367,'Barlage, Nancy & Frieda'),(1808560,3,2973,'Barkus, Brenda'),(1808559,3,3082,'Barcus, Kevin'),(1808558,3,2527,'Barclay, John'),(1808557,3,6137,'Barbra Doyle'),(1808556,3,6828,'Barbra  Grondahl'),(1808555,3,7296,'Barbara Glenzinski'),(1808554,3,5100,'BARBARA DAVIDSON'),(1808553,3,5108,'Barbara & Mike Demmer'),(1808552,3,4787,'Barbara & Arthur Wagener'),(1808551,3,6325,'Barbara  Rousseau'),(1808550,3,7488,'Barbara  Barron'),(1808549,3,6230,'Barbara  Alp'),(1808548,3,6808,'Barbara   Halbakken'),(1808547,3,7203,'Barbar Rodgers'),(1808546,3,6449,'Barb Olson'),(1808545,3,6032,'Barb Loscheider'),(1808544,3,5311,'Barb Horan'),(1808543,3,5276,'Barb Hecksel'),(1808542,3,6969,'Barb Haeg'),(1815594,4,1530,'Antonovich, Thomas & Danielle'),(1815593,4,909,'AnnMarie Gerczak'),(1815592,4,1220,'Annis, Jessica'),(1815591,4,897,'Ann Willis'),(1815590,4,1155,'Angela Downin'),(1815589,4,394,'Anderson, Teri & Craig'),(1815588,4,421,'Anderson, Rachel & Mark'),(1815587,4,579,'Anderson, Mark & Lisa'),(1815586,4,1488,'Anderson, Joseph & Nicole'),(1815585,4,868,'Anderson, Jennifer & Jason'),(1815584,4,1734,'Anderson, Amanda'),(1816544,6,396,'Beth & Kurt Johnson'),(1816543,6,455,'Benevity Fund'),(1816542,6,252,'Bartfield, Heather/Jeremy'),(1816861,7,4025,'Anna Collier - 10148 Int\'l. Blvd.'),(1816860,7,4219,'Ann  Pellot'),(1816859,7,3387,'Ankenbauer, Lisa'),(1816858,7,83,'Aniskovich, Carol'),(1816857,7,2301,'Animal MD Vet Clinic'),(1816856,7,2461,'Angilo\'s Pizza-Mason'),(1816855,7,2573,'Angilo\'s Pizza-Loveland'),(1816854,7,1715,'Angilo\'s Pizza - Norman Bowling'),(1816853,7,4298,'Angie Hall'),(1816852,7,1619,'Andrews, Bob and Fay'),(1816851,7,82,'Andrew, Jean'),(1816850,7,81,'Anderson, Patricia'),(1816849,7,80,'Anderson, Pam'),(1816848,7,79,'Anderson, Michelle'),(1816847,7,78,'Anderson, Kathryn'),(1816846,7,77,'Anderson, Diane'),(1816845,7,76,'Anderson, Ann'),(1816844,7,1478,'Anbil, Catherine'),(1816843,7,75,'Amyx, Cindy'),(1816842,7,4213,'Amy Clyde'),(1816841,7,1685,'Ammann, Lisa'),(1816840,7,3999,'Ammann, Holly'),(1816839,7,3020,'Ameristop'),(1816838,7,3652,'Ameriprise'),(1816837,7,2713,'American Seaboard Sears Optical 91447'),(1816836,7,2653,'American Seaboard Optique #299'),(1816835,7,2709,'American Seaboard Lenscrafters'),(1816834,7,2710,'American Seaboard'),(1816833,7,3327,'American Red Cross'),(1816832,7,2362,'American Family Chiropractic'),(1816831,7,1832,'American Apparel'),(1816830,7,2890,'America\'s Best Contacts & Eyeglasses'),(1816829,7,2922,'America\'s Best 5692'),(1816828,7,3103,'Ambiance Nail Salon & Spa'),(1816827,7,2491,'Amar India'),(1816826,7,74,'Altman, Marilyn'),(1816825,7,73,'Altbaier, Robert'),(1816824,7,2572,'Alt Architecture Inc.'),(1816823,7,2255,'Alphagraphics'),(1816822,7,72,'Allshouse, Gail'),(1816821,7,71,'Allman, Pamela'),(1816820,7,70,'Allison, Shay'),(1816819,7,69,'Allison, Chris'),(1816818,7,1184,'Allen, Patrick'),(1816817,7,68,'Allen, Pamela'),(1816816,7,67,'Allen, John'),(1816815,7,3719,'Allen, Ed'),(1816814,7,1337,'Allen, Bob'),(1816813,7,1983,'Allen Builders & Remodeling'),(1816812,7,3981,'Allen Bldrs, (1528)'),(1816811,7,40,'All State- K.T. Lindsay & Assoc.'),(1816810,7,2208,'All State -Fields Ertel'),(1816809,7,3227,'All State - Hamilton'),(1816808,7,3280,'All State - 8055 Cincinnati Dayton'),(1816807,7,1540,'All State - 7140 Cincinnati Dayton'),(1816806,7,2552,'All Sports'),(1816805,7,4109,'Alice & John Mack'),(1816804,7,4183,'Ali Saleh'),(1816803,7,66,'Alf, Deanna'),(1820995,11,3,'Berning Family Dairy'),(1820996,11,13,'Berzins'),(1820994,11,12,'Berning Dairy no use'),(1820993,11,11,'Bell'),(1821299,13,996,'Amazon'),(1822033,36,482,'Brianna & Jeff, Jahangir'),(1822032,36,873,'Brian Wiltrout'),(1822031,36,1107,'Brian Vander Heul'),(1822030,36,945,'Brian Keiner'),(1822029,36,391,'Bresnahan, Rich'),(1822028,36,972,'Brenda Pribyl'),(1822027,36,741,'Brandt, Ben'),(1822026,36,676,'Brandi, Hawthorne'),(1822025,36,662,'Bradley, Steve'),(1822024,36,573,'Boria, Carla'),(1822023,36,461,'Bonderson, Alicia'),(1822022,36,445,'Bona, John'),(1822021,36,362,'Boemer, Eban'),(1822020,36,234,'Bocklund, Katelyn'),(1822019,36,357,'Bloyer, Dana'),(1822018,36,547,'Blagsvedt, Jackie'),(1822017,36,381,'Black, Tia'),(1822016,36,302,'Bird, Jordan'),(1822015,36,506,'Bild, Sam'),(1822014,36,205,'Bienkowski, Julie'),(1822013,36,642,'Bezdicek, Donald'),(1822012,36,457,'Beyer, John'),(1822011,36,884,'Bev Paron'),(1822010,36,744,'Berghuis, Dave'),(1822823,41,151,'137 W 46st'),(1822822,41,158,'1222 Como'),(1823030,42,26,'7549 Mariner Point - Holmgren'),(1823029,42,2753,'7416 Anderson'),(1823028,42,2751,'730 Else Warehouse'),(1823027,42,158,'7139 15th Ave. So. - Anderson'),(1823026,42,228,'7020 W Shore Dr - Bergseth'),(1823025,42,2625,'6616 - Budish, Kim Aug Hail'),(1823023,42,174,'6301 Quinwood Lane'),(1823024,42,69,'6581 Troendle Circle - Flynn'),(1823022,42,2534,'6206 Hamilton St'),(1823021,42,103,'6177 Concord Hills Lane - Vanyo'),(1823020,42,99,'6160 Benjamin St NE - Phillips'),(1823019,42,143,'6101 Nicollet Ave. So. - Ncollet Dental'),(1823018,42,57,'5965 Mill Street - Smith'),(1823017,42,90,'5925 12th Ave. So. - Prestrud'),(1823016,42,129,'5836 Chicago Ave So. - Nordahl'),(1823015,42,68,'5819 Salsbury Ave. - Granata'),(1823014,42,2535,'5752 - Place North Apartments'),(1823013,42,152,'5721 Emerson Ave. So. - Owens'),(1823012,42,134,'5720 Uptown Ave. - Laux'),(1823011,42,181,'5717 40th Ave. So - Schleicher'),(1823010,42,270,'5701 19th Ave. So. - Anderson'),(1823009,42,36,'5614 Minnetonka Blvd. - Rice'),(1823008,42,2808,'5606 - Tonka Bay Housing'),(1823007,42,2624,'5509 Presthus Aug Hail, SPRING'),(1823006,42,70,'5509 Dundee Road - Presthus'),(1823005,42,169,'5405 Dupont Ave. So. - Barnes'),(1823004,42,157,'5332 Girard Ave. So. - Cunningham'),(1823003,42,112,'5217 Schaefer Road - Glickman'),(1823002,42,122,'5212 Horizon Drive NE - Nielsen'),(1823001,42,184,'521 5th Street SE - Avery'),(1823000,42,283,'5176 Hughes Ave - Olson'),(1822999,42,2623,'5116 Budish, Josh, Aug Hail-SPRING'),(1822998,42,182,'5113 Wooddale Ave. So - Ingstad'),(1822996,42,58,'4921 Fremont Ave. So. - Argall'),(1822997,42,261,'501 Grand Hill - Fox'),(1822995,42,53,'4917 Fremont Ave. So. - Langendorf'),(1822994,42,301,'4901 Abbott Avenue So. - Strom:4901 - Strom - roof'),(1822993,42,300,'4901 Abbott Avenue So. - Strom'),(1822992,42,4,'4849 Dupont Ave So. - Plautz, Gloria'),(1822991,42,179,'4838 Colfax Ave. So. - Dysken'),(1822990,42,195,'4825 29th Ave. So. - Labore'),(1822989,42,88,'4716 13th Ave. So. - Wooldridge'),(1822988,42,292,'4700 Orchard Ave. N - Moore'),(1822987,42,84,'4700 Emerson Ave. So. - Olson'),(1822986,42,165,'470 Orchard Path - Norris'),(1822985,42,170,'4688 Cambridge Dr - Fashant'),(1822984,42,31,'4640 Palmers Point - Taunton'),(1822983,42,217,'4625 Washburn Ave So - Miller'),(1822982,42,387,'4604 Edina Blvd - Jon Horning'),(1822981,42,15,'4601 Bowndale Ave. - Chu'),(1822980,42,132,'4513 Beard Ave So - Metamorphosis'),(1822979,42,222,'4503 Browndale Ave - Smith'),(1822978,42,67,'4500 St Amdrews Court - Stanley'),(1822977,42,16,'448 Vadnais Lake Drive - Lentsch'),(1822976,42,149,'4447 Upton Ave. So. - O\'Halloran'),(1822975,42,2498,'4445 Beard Ave'),(1822974,42,193,'4444 W 76th St. #700 - TC Pain Management'),(1822973,42,93,'4415 E Lake Harriet P - Lawrence'),(1822972,42,42,'4350 County Road 44 - Schilling'),(1822971,42,30,'4333 Blenheim Circle - Denne'),(1822970,42,65,'4316 Blenheim Circle - Holm'),(1822969,42,5,'4312 Avondale - Miller Thueninck'),(1822968,42,61,'4309 Beverly Ave. - McCoy'),(1822965,42,215,'4216 Webster - Duggan'),(1822966,42,137,'4261 Ottowas Ave.'),(1822967,42,213,'4269 Ottawa Ave. So. - Abramson, Ted'),(1822964,42,225,'4180 Dean Lakes Blvd - Shakopee Dental'),(1822963,42,277,'4152 Brunswick Ave. So. - Lill'),(1822962,42,119,'4123 30th Ave. So. - Spring'),(1822961,42,196,'4116 Vincent Ave. So. - Swenson'),(1822960,42,22,'4016 Longfellow Ave. - Bradley'),(1822959,42,115,'4000 Yates Ave. N. - Fischer'),(1822958,42,255,'3949 Beard Ave. So.'),(1822957,42,162,'3847 Bryant Ave N - Hill'),(1822956,42,46,'3704 Beard Ave. So. - Welch'),(1822955,42,21,'3693 Oaks Creek Drive W - Maddeaux'),(1822954,42,102,'3628 16th Ave. So. - Groenke'),(1822953,42,102,'3628 16th Ave. So. - Groenke'),(1822952,42,12,'3556 16th Ave So - Short, Chris'),(1822951,42,147,'3505 Tiffany Lane - Carlson-Stevermer'),(1822950,42,187,'3393 Northdale Blvd - Wedgewood Park Apts'),(1822949,42,9,'3335 Twin Lake Court - Lemire'),(1822948,42,167,'3316 Skycroft Circle - Bauer'),(1822947,42,207,'3301 - Eldridge'),(1822946,42,290,'3300 Gorham Ave'),(1822945,42,43,'3240 Owasso Heights RD - Horsted'),(1822944,42,150,'3235 149th Lane - Rothweiler'),(1822943,42,108,'316 Monroe Ave. So. - Reynolds'),(1822942,42,139,'313 105th Ave. NE - Sebek'),(1822941,42,59,'3118 Beverly Place - Bruhn'),(1822940,42,121,'3039 Fillmore Street NE - Carr'),(1822939,42,29,'3029 Irving Ave. So. - Sponberg'),(1822938,42,92,'2950 Xerxes Ave. N - Gaytko-Welch'),(1822937,42,190,'2929 N Pacal St. - Pingle'),(1822936,42,155,'2917 Jersey Ave. N - Hoeben'),(1822935,42,144,'2909 Fairchild Ave - Larson'),(1822934,42,111,'2907 Sherwood Place - Matthes'),(1822933,42,299,'2900 Irving Ave. So. - Laguna Auto Damage'),(1822932,42,176,'2829 43rd Ave So - Gidmark'),(1822931,42,33,'2822 Humboldt Ave. So. - Baker'),(1822930,42,44,'2755 Marsh Way - Ugarte'),(1824364,44,229,'Cynthia R Lennie'),(1824363,44,627,'Cynthia Lennie'),(1824361,44,9,'Corey & Jessica Martin'),(1824362,44,31,'Corey & Jessica Martin:2620 Fieldstone Dr Renovation'),(1824360,44,1077,'Colleen M Jahnel'),(1824358,44,844,'Cliff Hodde'),(1824359,44,593,'Colleen Davis'),(1824357,44,630,'Cliff Ebnet'),(1824356,44,427,'Claymore, Gus (1015):0211016'),(1824355,44,426,'Claymore, Gus (1015)'),(1824354,44,249,'Christopher W. Nagurski'),(1824353,44,251,'Christopher R / Shelby Obray'),(1824352,44,28,'Christopher Obray:9907 Ann Lane Renovation'),(1824351,44,8,'Christopher Obray'),(1824350,44,217,'Christopher J / Nicole R Berenguer'),(1824349,44,25,'Chris Nagurski:2791 Alamo Renovation'),(1824348,44,6,'Chris Nagurski'),(1824347,44,612,'Chris Marrs'),(1824346,44,23,'Chris Hargreaves:885 Livingston Windows'),(1824345,44,7,'Chris Hargreaves'),(1824344,44,965,'Chester & Mary Shamblin'),(1824343,44,962,'Charlie Mccoy'),(1824342,44,210,'Charles Overgaard'),(1824341,44,959,'Charles & Margie Loprinz'),(1824340,44,914,'Chad Passe, Melissa Prom'),(1824339,44,190,'Carrie or Lance Bryan'),(1824338,44,715,'Carolyn Maiers'),(1824337,44,815,'Carlin & Lucas Power'),(1824336,44,202,'Cardinal Financial Company'),(1824335,44,1069,'Campbell, Ryan & natalee'),(1824334,44,957,'Cameron Linn'),(1824333,44,594,'Bruce Nolan'),(1824332,44,643,'Bruce Jindra'),(1824331,44,195,'Brian G Lansing/Kolleen F Bush'),(1824330,44,633,'Brian Carter'),(1824329,44,834,'Brian Brodersen'),(1824328,44,1067,'Brett G Simmons'),(1824327,44,917,'Brendon Horton'),(1824326,44,640,'Brenda Bonderud'),(1824325,44,852,'Brandon Liebenow'),(1824324,44,220,'Bradley C Norton / Nancy L Giordano'),(1824323,44,201,'Bonnie I / Jeff R Nymark'),(1824322,44,425,'Boehmer, Brad (1003):0211004'),(1824866,46,113,'Clemons, Christopher'),(1824865,46,112,'Clark, Todd *DUP'),(1824864,46,111,'Citrowski, David'),(1824863,46,2468,'Chris Schafer'),(1824862,46,110,'Chris Olinger'),(1824861,46,109,'Childs, James'),(1824860,46,108,'Childhood Cancer account'),(1824859,46,107,'Cheryl Vidmar'),(1824858,46,106,'Cheryl Starman-Coombs'),(1824857,46,105,'Cheri Younghans'),(1824856,46,104,'Chase, Andrew *DUP'),(1824855,46,103,'Charles Lillicrap'),(1824854,46,102,'Charbonneau, Dan M.'),(1824853,46,101,'Chad Huebener'),(1824852,46,100,'Carlson, Robert'),(1824851,46,99,'Carlson, Kristin'),(1824850,46,98,'Carlson, Karn'),(1824849,46,98,'Carlson, Karn'),(1824848,46,97,'Carlson, Daniel'),(1824847,46,96,'Cameron Cooper'),(1824846,46,95,'Butch Kaebel'),(1824844,46,93,'Burggraaff, Kristin *DUP'),(1824845,46,94,'Burns, Timothy'),(1824843,46,92,'Bumgarner, Justen'),(1824842,46,91,'Buec, Robert'),(1824841,46,2368,'Bryann Schlough'),(1824840,46,90,'Brosam, T.J. *DUP'),(1824839,46,89,'Brosam, Sara R.'),(1824838,46,88,'Brolsma, Patrick *DUP'),(1824837,46,87,'bridgette Jorgenson'),(1824836,46,86,'Brian Markwell'),(1824835,46,85,'Brian Bohlsen'),(1824834,46,84,'Brezinski, Todd'),(1824833,46,83,'Brenda Kimmes'),(1824832,46,82,'Brautigam, Barbara'),(1824831,46,81,'Braun, Carol'),(1824829,46,79,'Branson, Wendy K.'),(1824830,46,80,'Brantley, Phillip *DUP'),(1824828,46,78,'Brannen, Richard'),(1824827,46,77,'Brandt, Thomas *DUP'),(1824826,46,76,'Brandon Coombs'),(1824825,46,75,'Brandee Rothmeyer'),(1824824,46,74,'Brain Renfroe'),(1824823,46,73,'Bragg, Timothy'),(1824822,46,72,'Brad Chock'),(1824820,46,70,'Bowman, H. Brian'),(1824821,46,71,'Brackett, Don *DUP'),(1824819,46,69,'Borchardt, Maria'),(1824818,46,68,'Boe, Bruce'),(1824817,46,67,'Blotsky, Amanda'),(1824816,46,66,'Bloedow, Scott *DUP'),(1824813,46,63,'Bill Schmitz'),(1824815,46,65,'Block, Steven'),(1825398,48,82,'Alameda County:400 Broadway'),(1825397,48,81,'Alameda County:1500 Fairmont Drive'),(1825395,48,16,'Alameda County'),(1825396,48,80,'Alameda County:1111 Jackson Street'),(1825394,48,462,'Academy of Sciences'),(1825393,48,29,'Able Services'),(1825392,48,486,'5th Avenue Real Estate Services'),(1825546,49,256,'Chris Kunze'),(1825545,49,255,'Chase Lord'),(1825544,49,151,'Chandler Spence'),(1825543,49,146,'Chad Ramsey'),(1825542,49,145,'Brian Bandas'),(1825541,49,402,'Brenden'),(1825540,49,231,'Brandon Whiteaker'),(1825539,49,230,'Brandon Tubek'),(1825538,49,173,'Brandon Cruz'),(1825534,49,305,'Ben Smith'),(1825535,49,105,'Blue Skies'),(1825536,49,165,'Bobby Walker'),(1826140,52,715,'DeCicco, Michelle'),(1825652,51,127725,'Ecommerce Customer (Paypal)'),(1825651,51,127726,'Ecommerce Customer (Authorize.net)'),(1826139,52,1933,'DeCandia, Michael'),(1826133,52,430,'Davis, Rashied'),(1826132,52,1959,'Davis, Randy Allen'),(1826131,52,1064,'Davis, Lindsay'),(1826130,52,444,'Davis, John'),(1826128,52,1868,'Davies, Amanda'),(1826129,52,1449,'Davis, Danielle'),(1826125,52,883,'Daunt, John'),(1826127,52,2205,'Davey, Linda'),(1826126,52,665,'Davenport, Kevin'),(1826124,52,2055,'Daugherty, Brian'),(1826123,52,1284,'Darlings, The'),(1826122,52,1465,'Danylko, Ella'),(1826121,52,1717,'DANKS, ANGELA'),(1826120,52,1182,'Dankle, Susan'),(1826119,52,1568,'Daniel, Meridith'),(1826118,52,1907,'Dalton, Katherine'),(1826117,52,1670,'Daley, Derek'),(1826116,52,1929,'Dahlen, Rebecca'),(1826115,52,105,'Dafoe, Richard'),(1826114,52,1450,'Dabbs, Stephanie'),(1826113,52,953,'D-Fa Dogs'),(1826112,52,1131,'D\'Agostini, Marissa'),(1826111,52,1734,'Czech, Jeannie'),(1826109,52,820,'Cutler, Allen'),(1826110,52,683,'Cutler, Chelsea'),(1826108,52,1671,'Cusack, Samantha L'),(1826107,52,1379,'Currie, Charise'),(1826106,52,789,'Curran, Patrick'),(1826105,52,2199,'Curley, Rachel'),(1826104,52,1813,'Culwell, Amy'),(1826103,52,172,'Cullen, Patrick'),(1826102,52,834,'Cullar, dequanda'),(1826101,52,1611,'Cruz-Rivera, Emily'),(1826100,52,305,'Cruz, Savannah'),(1826099,52,377,'Croy, Kevin'),(1826098,52,352,'Croucher, Shawn'),(1826097,52,346,'Crossley, Julie'),(1826096,52,2260,'Crossfield, Vanessa'),(1826095,52,2292,'Crooks, Ronald'),(1826094,52,1178,'Crockett, Toni'),(1826093,52,1704,'Croak, Andrea'),(1826092,52,1771,'Cristofono, Bob'),(1826091,52,678,'Crewes, Kat'),(1826090,52,1485,'Cress, RoseMarie'),(1826089,52,354,'Crespo, Sian'),(1826088,52,1069,'Creel, Parker'),(1826087,52,1564,'CREAM, SOON, GSX 453741'),(1826086,52,1034,'Crawford, Kirk'),(1826085,52,1027,'Crawford, Johanna'),(1826084,52,889,'cranston, lauren'),(1826083,52,1996,'CRANDALL, LAUREN'),(1826082,52,701,'Cramer, Eric'),(1826081,52,1879,'Cox, Jack'),(1826080,52,343,'Cowie, Alison'),(1826079,52,2202,'Coverdale, Tracy'),(1826078,52,1095,'Couch, Jeremy'),(1826077,52,1233,'Costello, Melissa'),(1826076,52,1072,'Cortney Van Seggelen, GSX 446297'),(1826075,52,1560,'Corsey, Moose'),(1826074,52,210,'Corradi, Erin'),(1826073,52,1609,'Corkill, Jessica'),(1826072,52,1722,'Corbett, Angela'),(1826071,52,1194,'Copier, Ashley'),(1826070,52,2077,'Cooper, Kristofer'),(1826069,52,294,'Cooper, Kellene'),(1826068,52,731,'Coop, Christiana'),(1826067,52,325,'Cook, Nathan'),(1826066,52,1581,'Cook, Jana'),(1826065,52,292,'Cook, Jack'),(1826064,52,450,'Cook, Ashley'),(1826063,52,249,'Contreras, Marcela'),(1826062,52,1296,'Connor, Alta'),(1826061,52,1707,'Connelly, Tiffany'),(1826060,52,2006,'conley hall, erin'),(1826059,52,24,'Conkey, Alexandra'),(1826058,52,478,'Condon, Emma'),(1826057,52,1701,'Condit, Adam'),(1826056,52,964,'Colville, Lizzie'),(1826055,52,1821,'Collins, NotProvided'),(1826054,52,1852,'Collins, Erin'),(1826053,52,61,'Collins, Annie B'),(1826052,52,2099,'Collette, Rachel'),(1826051,52,467,'Cole, Erin'),(1826050,52,1461,'Cohen, Neal'),(1826049,52,725,'Cogle, Brenna'),(1826048,52,252,'Cochran, Shelby'),(1826047,52,1978,'Coates, Stephen'),(1826046,52,411,'Cloos, Kassondra'),(1826045,52,193,'Clift, Alexis'),(1826044,52,925,'Clem, Lori'),(1826043,52,1705,'Clay, Jason'),(1826042,52,969,'Clawson, Bethany'),(1826041,52,1853,'clark, taylor'),(1826040,52,308,'Clark, Nicole'),(1826039,52,1015,'Clark, Linda'),(1826038,52,1108,'Clanton, Kay'),(1826037,52,643,'CIPRIANI, JOHN'),(1826036,52,1183,'Chu, NotProvided'),(1826035,52,1,'Christian, Scott'),(1826034,52,812,'Christian, Grace'),(1826033,52,200,'Christenson, Scott'),(1826032,52,1467,'Christenson, Kristen'),(1826031,52,2303,'Christenson, Carissa'),(1826030,52,666,'Christensen, Allison'),(1826029,52,1794,'CHOI, YOONJUNG'),(1826028,52,558,'Chisholm, Lisa'),(1826027,52,2156,'Chien, Sarah'),(1826026,52,417,'Chiappini, Katie'),(1826025,52,2089,'Chhoun, David'),(1826024,52,613,'Cheung, Elle'),(1826023,52,1503,'Chester, Stephanie'),(1826022,52,1656,'Chesney, Noelle'),(1826021,52,2290,'Cherochak, John'),(1826020,52,119,'Chermak, Lucy'),(1826019,52,2119,'Cheng, Paula'),(1826018,52,1614,'CHENG, BENJAMIN'),(1826017,52,1583,'Cheney, Cathy'),(1826016,52,1002,'Chen, Sarah'),(1826015,52,1441,'Chatwin, Christine'),(1826014,52,1477,'Chater, Marlene'),(1826013,52,1916,'Chataing, Alejandro'),(1826012,52,1159,'Chapman, Peter'),(1826011,52,912,'Chapman, Melanie'),(1826010,52,424,'Chang, Melody'),(1826009,52,873,'Chang, Jason'),(1826008,52,957,'Champagne, Mike'),(1826007,52,326,'Chambers, Jessica'),(1826006,52,903,'Chamberlain, Melissa'),(1826005,52,434,'chamberlain, carly'),(1826004,52,1882,'Chace, Lisa'),(1826003,52,1745,'Cervantes, Monica'),(1825999,52,2027,'Cederquist, Carly'),(1826000,52,950,'CENTER, DISTRIBUTION'),(1826002,52,1043,'Cervantes, Emmanuel'),(1826001,52,1176,'Centrone, John'),(1825998,52,67,'Cavallaro, Paul'),(1825997,52,1056,'Cavalieri, Gary'),(1825996,52,401,'Caughey, Jack'),(1825995,52,651,'Catloth, Grant'),(1825994,52,2014,'Catherine, Carley'),(1825993,52,4,'Catalano, Lorraine'),(1825992,52,40,'Castleton, Shelby'),(1825991,52,842,'Castaneda, Gabriela'),(1825990,52,1351,'Cash, Leslie'),(1825989,52,1752,'Casey, Glynn, GSX 452026'),(1825988,52,2314,'Casamento, Lisa'),(1825987,52,2068,'Cary, Max'),(1825986,52,1057,'Caruso, Donna'),(1825985,52,2176,'Carter, Luther'),(1825984,52,1080,'Carter, Edwin'),(1825983,52,1663,'Carstensen, Ben'),(1825982,52,393,'Carrier, Loren'),(1825981,52,386,'carr, mary'),(1825980,52,907,'Carr, Jillian'),(1825979,52,2045,'Caron, Robin'),(1825978,52,1637,'Carolo, Karen'),(1825977,52,904,'Carman, Rachael'),(1825976,52,315,'Carlson, Micky'),(1825975,52,1374,'Carlson, David'),(1825974,52,99,'Carlock, John'),(1825973,52,1755,'Caputo, Marmi'),(1825972,52,1346,'Cape, Maureen'),(1825971,52,839,'Cantu, Erin M'),(1825970,52,1632,'Cantu, Erin'),(1825969,52,219,'Campos, Diana'),(1825968,52,1824,'Campbell, Terri'),(1825967,52,811,'Campbell, Richard'),(1825966,52,1331,'Campbell, Katherine'),(1825965,52,179,'Camara, Andrew'),(1825964,52,301,'Calverley, Lindsay'),(1825963,52,2224,'Calton, Alison'),(1825962,52,1294,'Caldwell, Vanessa'),(1825961,52,694,'Caldwell, Kristina'),(1825960,52,332,'Caldwell, Cathrina'),(1825959,52,300,'Caldwell, Ashley'),(1825958,52,874,'Caffey, Leah'),(1825957,52,1538,'Cady-Bartholomew, Jessica'),(1825956,52,972,'Cady, Steven'),(1825955,52,2271,'Cacicedo, Kathy'),(1825954,52,1297,'Cable, Jason'),(1825953,52,2115,'C/O Naniq Global, Skinny Raven'),(1825952,52,1506,'Byrne, Stephen'),(1825951,52,635,'Bussler, Jason'),(1825949,52,1408,'Burns, Katherine'),(1825950,52,745,'Busian, Laura'),(1825948,52,1431,'Burningham, Ryan'),(1825947,52,1843,'Burklow, Sara'),(1825946,52,650,'burke, nicole'),(1825945,52,1640,'Burke, Katie'),(1825944,52,978,'Burgess, Molly'),(1825943,52,716,'Burgess, Micael'),(1828009,54,389,'Beds and Borders Landscape'),(1829861,56,12323,'Drake, Joe'),(1829860,56,15128,'Dozier, Mary'),(1829859,56,11856,'DOYLE, PATRICIA'),(1829858,56,9224,'Doyle, Meghan'),(1829857,56,10656,'Doyle, Megan'),(1829856,56,8611,'Doyle, Lindsey'),(1829855,56,14471,'Doyle, Ericka'),(1829854,56,10460,'Downs, Todd'),(1829853,56,15259,'Downs, Hilary'),(1829852,56,15307,'Downing, Brooke'),(1829851,56,8079,'Downey, Maria'),(1829850,56,15158,'Dowell, Stephanie'),(1829849,56,11927,'Dover, Lindsey'),(1829848,56,8469,'Douville, Amy'),(1829847,56,8990,'Douma, Sara'),(1829846,56,9259,'Douma, Kristian'),(1829845,56,7969,'Douglass, Bruce'),(1829844,56,14307,'Douglas, Suellen'),(1829843,56,8161,'Douglas, Lois'),(1829842,56,9103,'Doughty, Sarah'),(1829841,56,9474,'Doucette, Cheryl'),(1829840,56,10760,'Doucet, Matt'),(1829839,56,12718,'Dotsey-Ramirez, Danielle'),(1829838,56,14517,'Dotseth, Marie'),(1829837,56,12344,'Doth, Zach'),(1829836,56,9134,'Dossett, Lori'),(1829835,56,13194,'Dorwart, William'),(1829834,56,12437,'Dorshak, Brittany'),(1829833,56,12085,'Dorsey, Lee'),(1829832,56,12334,'Dorsey, Christopher'),(1829831,56,8185,'Dorsch, Aliece'),(1829830,56,7595,'Dorr, Seth'),(1829829,56,10359,'Dorneman, Amanda'),(1829828,56,10503,'Dorn, Kimberly'),(1829827,56,10440,'Dorman, Karen'),(1829826,56,8095,'Dorey, Branden'),(1829825,56,14992,'donovan, rick'),(1829824,56,7077,'Donovan, Mary'),(1829823,56,11009,'Donnelly, Richard'),(1829822,56,8376,'Donnelly, Brock'),(1829821,56,11580,'Donegan, Kimberly'),(1829820,56,7049,'Donation'),(1829819,56,14076,'Donaldson, Staci'),(1829818,56,10717,'Donahue, Meghan H'),(1829817,56,10222,'Donahue, Bridget'),(1829816,56,10837,'Donahoo, Pam'),(1829815,56,9002,'Donaher, ELISABETH'),(1829814,56,14923,'Donaghy, Patrick'),(1829813,56,10324,'Donabedian, Katie'),(1829812,56,11797,'Domstead, Kenneth'),(1829811,56,7511,'Domingo, Kyla'),(1829810,56,7186,'Domestic Beast'),(1829809,56,15077,'Dolack, Monte'),(1829808,56,15137,'Doherty, Teal'),(1829807,56,14130,'Doerr, Sandi'),(1829806,56,10362,'Doerges, Sarah'),(1829805,56,11544,'Dodson, Heather'),(1829804,56,13077,'Dodge, Lindsey'),(1829803,56,15025,'Dodds, Terra'),(1829802,56,12418,'Dodd, Heidi'),(1829801,56,10978,'Dobrick, Phyllis'),(1829800,56,15693,'Dobratz, Megan'),(1829799,56,11898,'Doble, Mary'),(1829798,56,8945,'Dobbins, Alexandra'),(1829797,56,8771,'Doane, Reena'),(1829796,56,11590,'Dlabaja, Melisa'),(1829795,56,10529,'Djang, Wendy'),(1829794,56,11148,'Dixon, Paula'),(1829793,56,12613,'Dixon, Hollis'),(1829792,56,8587,'Dixon, Emily'),(1829791,56,11186,'Ditzel, Don'),(1829790,56,10335,'dittmer, kathy'),(1829789,56,7778,'dittmann, Katherine'),(1829788,56,8334,'Distler, Josh'),(1829787,56,14177,'DISCH, BENNY'),(1829786,56,14061,'DiRenzo, Jennifer'),(1829785,56,15037,'Director, Ann'),(1829784,56,9280,'Dippenaar, Johan'),(1829783,56,11349,'DiPiazza, Kathryn'),(1829782,56,7616,'Dion, Wiedenhoefer,'),(1829781,56,8106,'Dinh, Phuong'),(1829780,56,11008,'Dingle, Annie'),(1829779,56,9562,'Dinger, Jason'),(1829778,56,15151,'Dineen, Alina'),(1829777,56,10341,'Dillon, Ray'),(1829776,56,8943,'Dillon, Corbin'),(1829775,56,15473,'Dillingham, Alicia'),(1829774,56,7277,'Dillabaugh, Joe'),(1829773,56,7568,'Dill, Alexis'),(1829772,56,11393,'DiGregorio, Lucy'),(1829771,56,12029,'DiGrande, tanja'),(1829770,56,11527,'Diggs, Heather'),(1829769,56,8862,'DiFronzo, Tracy'),(1829768,56,10220,'Dietz, Jane'),(1829767,56,12568,'Dietrick, Kimberly'),(1829766,56,7814,'Dietmeier, Joseph'),(1829765,56,9067,'Dietmeier, Joe'),(1829764,56,15138,'Dieter, Jennifer'),(1829763,56,14003,'Dietenberger, Anna'),(1829762,56,8303,'Diephuis, Kristine'),(1829761,56,14047,'Diep, Heming'),(1829760,56,11436,'Diehm, Niki'),(1829759,56,14050,'Dieguez-arsenault, Jessie'),(1829758,56,7557,'Diefenderfer, Susan'),(1829757,56,14974,'Diedrich, Angela'),(1829756,56,14739,'Dickson, Mari'),(1829755,56,7249,'Dickinson, Sara'),(1829754,56,11763,'Dickhart, Brooke'),(1829753,56,11607,'Dickerson, Daren'),(1829752,56,8197,'Dichoso, Anthony'),(1829751,56,10754,'Dichoso,'),(1829750,56,9289,'DiCanio, Joseph'),(1829749,56,9868,'DiBenedetto, Denae'),(1829748,56,8871,'DiBello, Samantha'),(1829747,56,11707,'DiBartolo, Christopher'),(1829746,56,8159,'Diaz-Garbizu, Rodrigo'),(1829745,56,10850,'Diaz, Esmeralda'),(1829744,56,7582,'DiAnthony, Matthew'),(1829743,56,8338,'Diane Noe, GSX 389697'),(1829742,56,7733,'Diamond Lorete, GSX 382083'),(1829741,56,14060,'Dial, Natalie'),(1829740,56,11593,'DeWire, Rebecca'),(1829739,56,10228,'Devers, Susan'),(1829738,56,9303,'Dever, Kayla'),(1829737,56,8269,'Detzel, Cindy'),(1829736,56,8678,'Detweiler, Amy'),(1829735,56,10225,'Detroit, Mark'),(1829734,56,12801,'Deter, Scott'),(1829733,56,9534,'Desson, Patrick'),(1829732,56,15195,'Dessler, Susan'),(1829731,56,6980,'Despres, Lisa'),(1829730,56,7712,'Desjatskow, Jennifer'),(1829729,56,9455,'Desiongco, Amber'),(1829728,56,12293,'DesAngles, Kaila'),(1829727,56,9017,'Derouen, Zach'),(1829726,56,11039,'Dept, Receiving'),(1829725,56,10242,'Deppmeier, Chris'),(1829724,56,11642,'Dente, Kathi & Kevin'),(1829723,56,11225,'Dennis, Heather'),(1829722,56,11814,'Dennis, Christopher'),(1829721,56,14259,'Dempsey, Claire'),(1829720,56,10043,'DeMott, Christine'),(1829719,56,10229,'DeMoss, Kimberly'),(1829718,56,12600,'DeMonte, Dan'),(1829717,56,8390,'Deming, Paula'),(1829716,56,8955,'DeMille, Theresa'),(1829715,56,11680,'Demerath, Mary'),(1829714,56,7009,'DeMaegd, Dave'),(1829713,56,8893,'Delorey, Jeffrey'),(1829712,56,14851,'DeLonge, Steve'),(1829711,56,11075,'DeLong, Tracey'),(1829710,56,15054,'dellinger, jennifer'),(1829709,56,10305,'Delisle, Kelly'),(1829708,56,8176,'Delich, Lisa'),(1829707,56,11548,'Delia, Guy'),(1829706,56,14072,'Delhoste, Frances'),(1829705,56,15419,'deLeon, Ariel'),(1829704,56,10355,'DelBosque, NotProvided'),(1829703,56,12909,'Delatte, Deb'),(1829702,56,14464,'Delaney, Heidi'),(1829701,56,8218,'Delaney, Dinah'),(1829700,56,15272,'DeLand, Justin'),(1829699,56,11634,'DeLaFrance, Andrew'),(1829698,56,10387,'Del Guercio, Katherine'),(1829697,56,7870,'Del Gandio-Graham, Bianca'),(1829696,56,11438,'Deiter, Brett'),(1829695,56,8961,'deines, jill'),(1829694,56,10965,'Dehlin, Jamie'),(1829693,56,8503,'DeGracia, Theodore'),(1829692,56,12892,'DeGeest, Jamie'),(1829691,56,10240,'DeGarmo, Liz'),(1829689,56,12758,'Deeb, Elias'),(1829690,56,10060,'Deffense, Dillon'),(1829688,56,11205,'Dee, Kelly'),(1829687,56,8062,'dedc LLC, Amazon.com'),(1829686,56,8929,'Decker, Vanessa'),(1829685,56,7825,'decker, jeffery'),(1829684,56,11555,'Decker, Brittany'),(1829683,56,11886,'DeCicco, Michelle'),(1829682,56,15044,'Decarvalho, Leah'),(1829681,56,15613,'DeCandia, Michael'),(1829680,56,12061,'Deaver, Greg'),(1829679,56,12066,'Deacy, Alexandra'),(1829678,56,7721,'De Martini, Matthew'),(1829677,56,9495,'De los Rios, Benjamin'),(1829676,56,8921,'de Leon, Elizabeth'),(1829674,56,12104,'De La Via, Lady'),(1829675,56,10826,'De leon, ariel'),(1829673,56,9953,'de la Mare, nick'),(1829672,56,11099,'De La Cruz, Elisha'),(1829671,56,12893,'de Jong, Nadia'),(1829670,56,9634,'Dayton, Beth'),(1829669,56,11539,'Day, Sharlene'),(1829668,56,9710,'dawson, eric'),(1829667,56,12920,'Dawes, Kimberly'),(1829666,56,11288,'Davison, Kerry'),(1829665,56,8718,'Davison, Karen'),(1829664,56,12842,'Davis, Susan'),(1829663,56,9506,'Davis, Steve'),(1829662,56,12192,'Davis, Stephen'),(1829661,56,10578,'Davis, Rashied'),(1829660,56,10485,'Davis, Randy Allen'),(1829659,56,10899,'Davis, Randy'),(1829658,56,11652,'Davis, Olga'),(1829657,56,14261,'Davis, Nicole'),(1829656,56,12446,'Davis, Natalie'),(1829655,56,9463,'Davis, Nash'),(1829654,56,10622,'Davis, Lindsay'),(1829653,56,9252,'Davis, Laural'),(1829652,56,7739,'Davis, Kevin'),(1829651,56,9750,'Davis, Kelly'),(1829650,56,7355,'Davis, Jonathan'),(1829649,56,8698,'Davis, John'),(1829648,56,11252,'Davis, Jill'),(1829647,56,7741,'Davis, Jennifer'),(1829646,56,10909,'Davis, Janice'),(1829645,56,11383,'Davis, Ian'),(1829644,56,10136,'Davis, Dimity'),(1829643,56,8939,'Davis, Dawn'),(1829642,56,12081,'Davis, David'),(1829641,56,15336,'Davis, Crystal'),(1829640,56,12911,'Davis, Christopher'),(1829639,56,15534,'Davis, Carolyn'),(1829638,56,14414,'Davis, Brian'),(1829637,56,11885,'Davis, April'),(1829636,56,7762,'Davis, Apri'),(1829635,56,11174,'Davis, Andy'),(1829634,56,12455,'Davies, Scott and Patty'),(1829633,56,12006,'Davies, Patricia S'),(1829632,56,8440,'Davies, Beth'),(1829631,56,10399,'Davies, Amanda'),(1829630,56,14012,'Davie, Laura'),(1829629,56,10995,'Davidson, Julia'),(1829628,56,9382,'Davidson, Jennifer'),(1829627,56,15592,'Davidson, Janet'),(1829626,56,7640,'Davidson, James'),(1829625,56,8874,'Davidson, Douglass'),(1829624,56,11987,'David Panush, Mr.'),(1829623,56,15539,'Daves, Brian'),(1829622,56,10763,'Daves, Allycia'),(1829621,56,7604,'Davenport, Deborah'),(1829620,56,8219,'Daul, Susan'),(1829619,56,8230,'Daugherty, William'),(1829618,56,11796,'Daugherty, Christie'),(1829617,56,10361,'Daugherty, Brian'),(1829616,56,7546,'Daud, Norzalina'),(1829615,56,11408,'Datoc, Michelle'),(1829614,56,11998,'DaSilva, Patricia'),(1829613,56,15229,'Dash, Rachel'),(1829612,56,13193,'DAscanio, Kaylee'),(1829611,56,10092,'Darst, Rice Mark'),(1829610,56,8484,'Darrow, Rebecca'),(1829609,56,12110,'Darrow, Laura'),(1829608,56,9182,'Darrow, April'),(1829607,56,13107,'Darnell, Emily'),(1829606,56,8892,'Darnall, Pat'),(1829605,56,9769,'Darias, Amanda'),(1829604,56,8192,'Darby, Lisa'),(1829603,56,10896,'Daphne, Gahlhoff,'),(1829602,56,9629,'Danton, marion'),(1829601,56,15232,'Danielson, Tammy'),(1829600,56,12981,'Danielson, Briana'),(1829599,56,14572,'Daniels, Emily'),(1829598,56,6989,'Daniel, Meridith'),(1829597,56,9151,'Daniel, Heather'),(1829595,56,15139,'DANEK, CARLY'),(1829596,56,10088,'Dang, Louis'),(1829594,56,15651,'Dane, Joseph'),(1829593,56,12598,'Dandurand, Catherine'),(1829592,56,7418,'Dancey, Chris'),(1829591,56,9655,'Damelio, Sophie'),(1829590,56,14334,'Daly, Justine'),(1829589,56,12577,'Daly, Anne'),(1829588,56,10437,'Dalton, Katherine'),(1829587,56,8371,'Dale, Don'),(1829586,56,9179,'Dale Oswald, GSX 398808'),(1829585,56,8162,'Daily Grommett'),(1829584,56,9108,'Dahling, Margot'),(1829583,56,12639,'Dahlin, Sally'),(1829582,56,10456,'Dahlen, Rebecca'),(1829581,56,12351,'Dahlen, Becca'),(1829580,56,11692,'Dahle, Pamela'),(1829579,56,11770,'Dahl, Suzanne'),(1829578,56,15334,'Dahl, Jeanine'),(1829577,56,7859,'Dafoe, Richard'),(1829576,56,11405,'Dafoe, Julian'),(1829575,56,9039,'daem, jordan'),(1829574,56,10194,'Dadian, Clete'),(1829573,56,7322,'Dabich, Diane'),(1829572,56,11747,'Dabbs, Stephanie'),(1829571,56,15053,'Da Re, Maria'),(1829569,56,7185,'D-fa'),(1829570,56,12903,'D. Dean, James'),(1829568,56,8247,'D\'Agostini, Marissa'),(1829567,56,14445,'D Watts-Madolora, Lisa'),(1829566,56,14890,'D Parker, Stephen'),(1829565,56,8880,'D Clark, Litteera'),(1829564,56,9282,'Czarnecki, Dawn'),(1829563,56,10790,'Cyrankiewicz, Elizabeth'),(1829562,56,14480,'Cynthia, Norton'),(1829561,56,8506,'Cutright, Aimee'),(1829560,56,11818,'Cuthbertson Jr, Robert'),(1829559,56,10665,'Custer, Dawn'),(1829558,56,11472,'Custer, Angela'),(1829557,56,14509,'cusack, scott'),(1829556,56,9843,'Curran, Quintilla'),(1829555,56,10541,'Curnow, John'),(1829554,56,9533,'Curlings, Trent'),(1829553,56,15242,'curley, Rachel'),(1829552,56,11022,'Curley, Justine'),(1829551,56,9503,'Curet, Jordan'),(1829550,56,14053,'Cupp, Katie'),(1829549,56,9025,'Cunningham, Kyla'),(1829548,56,9794,'Cunningham, Karla'),(1829547,56,14348,'Cunningham, John'),(1829546,56,10600,'Cumpston, Holly'),(1829545,56,10813,'Cummings, Chuck'),(1829544,56,14776,'Cummings, Brian'),(1829543,56,9456,'Cummings, Alan'),(1829542,56,8672,'Cumming, Rebecca'),(1829541,56,10223,'Culwell, Amy'),(1829540,56,7829,'Culver, Nora'),(1829539,56,12303,'Culp, Elizabeth'),(1829538,56,12178,'Cullen, Patrick'),(1829537,56,12778,'Cullen, Heather'),(1829536,56,10882,'CULBERTSON, Brian'),(1829535,56,11662,'Cueto, Daniel'),(1829534,56,12202,'Cubilo, Katrina'),(1829533,56,11487,'Cruze, Kelly'),(1829532,56,8907,'Cruz-Rivera, Emily'),(1829530,56,9449,'Crum, Jason'),(1829531,56,9981,'Cruz, Savannah'),(1829529,56,10688,'Cruickshank, Katherine'),(1829528,56,9375,'Cruickshank, David'),(1829527,56,12385,'Cruickshank, Benjamin'),(1829526,56,9008,'Croy, Kevin'),(1829525,56,7361,'Crowley, Kelly'),(1829524,56,8283,'Crowley, Jody'),(1829523,56,8308,'Crowley, Jo Ann'),(1829522,56,14713,'Crowley, Angel'),(1829521,56,7016,'Crowell, Laura'),(1829520,56,8754,'Crowe, Michele'),(1829519,56,7014,'Crowe, Jenny'),(1829518,56,9157,'Crowe, Grace'),(1829517,56,12189,'Crouse, Melissa'),(1829516,56,9910,'Croucher, Shawn'),(1829515,56,9202,'Croteau, Faye'),(1829514,56,9904,'Crossley, Julie'),(1829513,56,11736,'Crosby, Kelly'),(1829512,56,11939,'Cronin, Rhonda'),(1829511,56,7567,'Cromwell, Allison'),(1829510,56,9795,'Crofton, Katie'),(1829509,56,11441,'Croft, Sara'),(1829508,56,10873,'Crockett, John'),(1829507,56,7184,'Croakies'),(1829506,56,11892,'Croak, Andrea'),(1829505,56,9568,'Crisostomo, Francine'),(1829504,56,11318,'Crews, Keith'),(1829503,56,8454,'Cress, RoseMarie'),(1829502,56,9912,'Crespo, Sian'),(1829501,56,8923,'Crenshaw, Elizabeth'),(1829500,56,9887,'Creel, Parker'),(1829499,56,10683,'Creel, Leslie A'),(1829498,56,11400,'Creel, Danielle'),(1829497,56,11955,'Creason, Anne'),(1829496,56,7492,'CREAM, SOON, GSX 379032'),(1829495,56,13052,'Crawley, Meg'),(1829494,56,15460,'Crawford, David'),(1829493,56,14475,'Crawford, Dan'),(1829492,56,14150,'Crary, Janell'),(1829491,56,9178,'Crane, Whitney'),(1829490,56,9883,'Crane, Rachele'),(1829489,56,14620,'Crane, Emily'),(1829488,56,10299,'CRANDALL, LAUREN'),(1829487,56,8172,'Cramer, Samantha'),(1829486,56,10960,'Cramer, Eric'),(1829485,56,15162,'Crain, Ellen'),(1829484,56,9738,'Craig, Steven'),(1829483,56,8777,'Craig, Lori'),(1829482,56,12205,'Crafts, Jason'),(1829481,56,9184,'Cracraft, Eric'),(1829480,56,7144,'Crabtree, Kiersten'),(1829479,56,12699,'Crabill, Scott'),(1829478,56,13997,'Cozze, Frank'),(1829477,56,6973,'Coyne, Mary'),(1829476,56,14455,'Coy, Megan'),(1829475,56,12133,'Cox, Taylor'),(1829474,56,7759,'Cox, McKenzie'),(1829473,56,15248,'Cox, Margaret'),(1829472,56,10408,'Cox, Jack'),(1829471,56,13148,'Cox, Hank'),(1829470,56,9901,'Cowie, Alison'),(1829469,56,8926,'Cowger, Steven'),(1829468,56,7612,'Cowan, Jay'),(1829467,56,7489,'Couture, Katie'),(1829466,56,12398,'Couture, Christie'),(1829465,56,8538,'Cousins, Carrie'),(1829464,56,9793,'Courtney Harman, Miss'),(1829463,56,9894,'Coursey, Marta'),(1829462,56,8426,'Courchene, Sue'),(1829461,56,11297,'Couch, Kristi'),(1829460,56,9767,'Couch, Jeremy'),(1829459,56,14836,'Couch, Farrah'),(1829458,56,9411,'Cottle, Michael'),(1829457,56,11675,'COTE, LAURIE'),(1829456,56,13149,'Costin, Krista'),(1829455,56,11296,'Costello, Angela'),(1829454,56,11507,'Costa Donohue, Camie'),(1829453,56,13974,'Cosic, Adi'),(1829452,56,12970,'Cosgrove, Brian'),(1829451,56,11587,'Cosenzo, Nicholas'),(1829450,56,12642,'Cosan, Erin'),(1829449,56,12325,'Corwin,'),(1829448,56,9804,'Cortina, Chus'),(1829447,56,10238,'Corsey, Moose'),(1829446,56,8573,'Corrigan , Mary'),(1829445,56,14821,'Coronel, Alba'),(1829444,56,10075,'Corona, Maria L Berho'),(1829443,56,7566,'Coron, David'),(1829442,56,12944,'corning, john'),(1829441,56,8350,'CORINNA , HEATHER'),(1829440,56,14550,'Core, Jane'),(1829439,56,11542,'Cordrey, Carley'),(1829438,56,9380,'Cordero, Kyle'),(1829437,56,7480,'Corby, Brent'),(1829436,56,9143,'Corbett, Emily'),(1829435,56,10275,'Corbett, Angela'),(1829434,56,7101,'CorAzoN'),(1829433,56,7297,'Coral, Claudia'),(1829432,56,12362,'Coppedge, Jessica'),(1829431,56,9074,'Copier, Ashley'),(1829430,56,13970,'Copen, Kinan'),(1829429,56,13087,'Copeland, Cortney'),(1829428,56,12567,'Cope, Rachel'),(1829427,56,14033,'Cope, Ashley'),(1829426,56,9055,'Cooper, Shannon'),(1829425,56,10862,'Cooper, Mary'),(1829424,56,9972,'Cooper, Kellene'),(1829423,56,8737,'Cooper, Jessica'),(1829422,56,11902,'cooper, calvin'),(1829421,56,12673,'Cooper, Caitlin'),(1829420,56,8077,'Coop, Christiana'),(1829419,56,11182,'Coonse, Elizabeth'),(1829418,56,7718,'Cooney, Dale'),(1829417,56,8341,'coon, emily'),(1829416,56,15622,'Cooley, Sara'),(1829415,56,15708,'Cook-Turner, Taeler'),(1829414,56,12237,'Cook, Shelby'),(1829413,56,7288,'Cook, Rowena'),(1829412,56,14354,'cook, rachael'),(1829411,56,10584,'Cook, Nathan'),(1829410,56,12870,'Cook, Mary'),(1829409,56,7610,'Cook, Jack'),(1829408,56,8528,'Cook, Heidi'),(1829407,56,8463,'Cook, Gregory'),(1829406,56,11351,'Cook, Geoffrey'),(1829405,56,8368,'Cook, Brenna'),(1829404,56,10552,'Cook, Ashley'),(1829403,56,12118,'Conway, Sara'),(1829402,56,10833,'Conway, Janice'),(1829401,56,10766,'Conway, Caitlin'),(1829400,56,10168,'Contreras, Marcela'),(1829399,56,11571,'Contini, Eric'),(1829398,56,10838,'Constantin, Jennifer'),(1829397,56,14346,'Conry, Lisa'),(1829396,56,15122,'Conrath, Misty'),(1829395,56,14940,'Conrado, Caroline'),(1829394,56,7707,'Conrad, Sean'),(1829393,56,15175,'Conrad, Sara'),(1829392,56,8797,'Conrad, Lindsay'),(1829391,56,10880,'Connor, Jean'),(1829390,56,8038,'Connolly, Megan'),(1829389,56,10504,'Connelly, Tiffany'),(1829388,56,11581,'Connell, Margaret'),(1829386,56,11546,'Conley, Kelly'),(1829387,56,12181,'Connell, Erin'),(1829385,56,10309,'conley hall, erin'),(1829384,56,14161,'Conger, Chad'),(1829383,56,8293,'conenello, robert'),(1829382,56,8569,'conenello, rob'),(1829381,56,14420,'Condon, Jill'),(1829380,56,9278,'Condon, Emma'),(1829379,56,15152,'Condon, Claire'),(1829378,56,12593,'Condit, Adam'),(1829377,56,8993,'Conaway, Devin'),(1829376,56,8441,'conaway, bryan'),(1829375,56,15084,'Comstock, Amy'),(1829374,56,14112,'Compton, Troy'),(1829373,56,7941,'Comisky, Haley'),(1829372,56,7856,'Cominsky, Jen'),(1829371,56,7094,'Comcast'),(1829370,56,9226,'Combs, NotProvided'),(1829369,56,11638,'Combes, Linda'),(1829368,56,7732,'Colville, Lizzie'),(1829367,56,12023,'colville, jane'),(1829366,56,12895,'Colvard, Jennifer'),(1829365,56,14402,'colon, laura'),(1829364,56,7500,'Colon, Corina'),(1829363,56,11316,'Collora, Chris'),(1829362,56,6998,'Collister, Allison'),(1829361,56,9560,'Collis, Gregory'),(1829360,56,11163,'Collins, Shannon'),(1829359,56,10230,'Collins, NotProvided'),(1829358,56,9214,'Collins, Molly'),(1829356,56,10383,'Collins, Erin'),(1829357,56,12821,'Collins, Lauren M'),(1829355,56,7298,'Collins, Brendan'),(1829354,56,8229,'Collins, Bethany'),(1829353,56,8536,'Collins, Annie B'),(1829352,56,8235,'Collins, Annie'),(1829351,56,13192,'Collien, Amy'),(1829350,56,7877,'Coles, David'),(1829349,56,8023,'Coleman, Stephanie'),(1829348,56,9730,'Coleman, Sean'),(1829347,56,10632,'Coleman, Eddie'),(1829346,56,12249,'Colegrove, Connie'),(1829345,56,8127,'Cole, William'),(1829344,56,9566,'Cole, Sue'),(1829343,56,13110,'Cole, Mishka'),(1829342,56,9392,'Cole, Jill'),(1829341,56,10015,'Cole, Erin'),(1829340,56,12481,'Cole, Denise'),(1829339,56,7801,'cole, david'),(1829338,56,14449,'Cole, Clarissa'),(1829337,56,12789,'Cole Magerko, Lori'),(1829336,56,11738,'Cohen, Marc'),(1829335,56,12445,'Cohen, Keshet'),(1829334,56,8066,'Cogle, Brenna'),(1829333,56,8067,'Coggin, McKenzie'),(1829332,56,11721,'Cogan, Bob'),(1829331,56,12159,'Coffman, Chrissy'),(1829330,56,12439,'Coddington, Laura'),(1829329,56,8383,'Cochrane, Laura'),(1829328,56,12525,'Cochrane, Emily'),(1829327,56,8604,'Cochran, Shelby'),(1829326,56,10609,'Cochran, Katt'),(1829325,56,11913,'Cochran, Hiromi'),(1829324,56,10125,'Coble, Lornette'),(1829323,56,15234,'Cobbs, Diana'),(1829322,56,15703,'Cobb, Kate'),(1829321,56,9172,'Cobb, Aimee'),(1829320,56,10500,'Coates, Stephen'),(1829319,56,15035,'Coates, Rachel'),(1829318,56,10631,'Clowes, Fallon'),(1829317,56,10565,'Cloos, Kassondra'),(1829316,56,9624,'cline, lauren'),(1829315,56,10784,'Cliby, Jacqueline'),(1829314,56,12210,'clementson, bonnie'),(1829313,56,7846,'Clelland, Jennifer'),(1829312,56,14504,'Clayton, Taryne'),(1829311,56,8137,'Claypoole, Christine'),(1829310,56,14631,'Clayborn, Leslie'),(1829309,56,11693,'Clay, Brooks'),(1829308,56,9145,'Clarkson, Anthony'),(1829307,56,13137,'Clarke, Michelle'),(1829306,56,14774,'Clarke, Julia'),(1829305,56,11488,'Clark, Tiffany'),(1829304,56,10384,'clark, taylor'),(1829303,56,7368,'Clark, Stephanie'),(1829302,56,15480,'Clark, Ryan'),(1829301,56,9983,'Clark, Nicole'),(1829300,56,12180,'Clark, Laurel'),(1829299,56,13178,'Clark, Kevin'),(1829298,56,7682,'Clark, Karen'),(1829297,56,9572,'Clark, Josiah'),(1829296,56,14498,'Clark, JoEllen'),(1829295,56,12702,'Clark, Jared'),(1829294,56,15469,'Clark, Janine'),(1829293,56,11668,'Clark, Chris'),(1829292,56,15221,'Clark, Beverly'),(1829291,56,14446,'Claridge, Elizabeth'),(1829290,56,12636,'Claremont, Alison'),(1829289,56,8167,'Clancey, Lauren'),(1829288,56,9023,'Clabo, Glenn'),(1829287,56,12214,'Circo, Sharlynn'),(1829286,56,7339,'Cimarosti, Nick'),(1829285,56,7767,'Ciklin, Kimberly'),(1829284,56,10690,'Cifarelli, Stephanie N'),(1829283,56,7053,'Ciccone, Marilyn'),(1829282,56,15587,'Ciatti, David'),(1829281,56,15456,'Chwialkowski, Shea'),(1829280,56,14438,'Churchwell, Nancy'),(1829279,56,15298,'Churchill, Robyn'),(1829278,56,12381,'Church, Ashley'),(1829277,56,14453,'Chung, Katherine'),(1829276,56,14558,'Chun, Terri B.'),(1829275,56,7177,'Chuck & Don\'s_402'),(1829274,56,7172,'Chuck & Don\'s_348'),(1829273,56,8004,'CHU, MIYA'),(1829272,56,11737,'Chronister, Deirdre'),(1829271,56,8473,'Christopherson, Emily'),(1829270,56,9823,'Christopher C Young, NotProvided'),(1829269,56,11698,'christmas, holly'),(1829268,56,14685,'christman, natalie'),(1829267,56,11463,'Christianson, Jessica'),(1829266,56,9128,'Christianson, Jenni'),(1829265,56,11564,'Christian, Scott'),(1829264,56,15559,'Christey, Erin'),(1829263,56,12036,'Christenson, Scott'),(1829262,56,12516,'Christenson, Sasha'),(1829261,56,8022,'Christenson, Kristen'),(1829258,56,8521,'Christensen, Allison'),(1829260,56,12461,'Christensen, Skylar'),(1829259,56,15383,'christensen, julie'),(1829257,56,11101,'Christensen,'),(1829256,56,14115,'Chrisinger, Robin'),(1829255,56,10992,'Choy, Linda'),(1829254,56,12941,'Choy, Catherine'),(1829253,56,14757,'Choroser, Stephanie'),(1829252,56,7603,'CHOI, YOONJUNG'),(1829251,56,7609,'Choi, Taeho'),(1829250,56,9665,'Choi, Ran Hee'),(1829249,56,10957,'Choe, Iva'),(1829248,56,14463,'Chmielewski, Thomas'),(1829247,56,15530,'Chmielewski, Lindsey'),(1829246,56,10012,'Chmiel, Edward'),(1829245,56,7008,'Chmelensky, Dennis'),(1829244,56,8638,'Chin, Michael'),(1829243,56,12113,'Chin, Matthew'),(1829242,56,8878,'Chilson, Christa'),(1829241,56,11813,'Childs, Arleen'),(1829240,56,9054,'Childers, Kendall'),(1829239,56,14265,'Child, Michelle'),(1829238,56,9514,'Chien, Sarah'),(1829237,56,15002,'CHICHESTER, Karen'),(1829236,56,7889,'Chiappini, Katie'),(1829235,56,11943,'Chiappinelli, jeannette'),(1829234,56,10598,'chiang, nathan'),(1829233,56,15308,'Cheyette, Cara'),(1829232,56,15793,'Chewy'),(1829231,56,10885,'Chesney, Noelle'),(1829230,56,11499,'Cheshire, Betsey'),(1829229,56,7532,'Chertack , Kasey'),(1829228,56,9410,'Cherry, Heather'),(1829227,56,12994,'Cherry, Adam'),(1829226,56,12056,'Cherochak, Cristen'),(1829225,56,9195,'Chermak, Lucy'),(1829224,56,12736,'Chenoweth, Amanda'),(1829223,56,9250,'Cheney, Cathy'),(1829222,56,14645,'Chenard, Randal'),(1829221,56,12194,'Chen, Shine'),(1829220,56,8875,'Chen, Sarah'),(1829219,56,9028,'Chen Lu, Chiao'),(1829218,56,15418,'Cheat, Owen'),(1829217,56,7423,'Chau, Terence'),(1829216,56,10443,'Chataing, Alejandro'),(1829215,56,15560,'Charpie, Kathi'),(1829214,56,10928,'Charles, Graham'),(1829213,56,9497,'Charles, Brian'),(1829211,56,8394,'Chapman, Melanie'),(1836046,57,73,'amtrust north america'),(1887633,64,1337,'Wujek, Ben (2952):2040'),(1887632,64,1355,'Engler, Bob and Marky (2913):1975'),(1887629,64,1331,'Kath, Dick (2264):1906'),(1887630,64,1333,'Dustrud, Jon (2870):1920'),(1377356,67,525,'Chris and Tara Poseley'),(1377355,67,71,'Chelsea Jacob'),(1377354,67,241,'Charles Jing'),(1377353,67,195,'Cathy Kaplan'),(1377352,67,571,'Caroline Owens and Jared Abrams'),(1377351,67,41,'Carol Strone'),(1377350,67,554,'Carla Stitt'),(1377349,67,637,'Carl Sacks'),(1377348,67,638,'Cari Sacks'),(1377347,67,524,'Campbell Brown'),(1377346,67,382,'Brooke Voss'),(1377345,67,375,'Bridget and David Nassif'),(1377344,67,622,'Bob Schroeder'),(1377342,67,480,'Beth and Jason Spector'),(1377343,67,61,'Betsy Blumenthal and Jonathan Root'),(1377341,67,533,'Benjamin A Brown'),(1377340,67,409,'Ben Keith'),(1377339,67,84,'Ben Aguilar and Jerry Erickson'),(1377338,67,209,'Becky and Bob Pohlad'),(1377337,67,221,'Armstrong Art Consulting'),(1377336,67,159,'Anne-Marie and David Mariano'),(1377568,76,820,'Blokhaus'),(1377567,76,291,'BlockChain - Camilla Chansen'),(1377566,76,159,'Bill Iverson Freedom Tower'),(1377565,76,153,'Berend'),(1377564,76,68,'Bednark Studio Inc - Maison Margiela'),(1377562,76,74,'Bednark Studio Inc'),(1377563,76,6,'Bednark Studio Inc - Fight Club'),(1377561,76,255,'Bang Energy Drink'),(1377560,76,85,'Ayo'),(1377559,76,283,'Aveda'),(1377558,76,125,'Aurelie Jezequel'),(1377557,76,44,'Arusha Gallery'),(1377556,76,67,'Art Force'),(1377555,76,114,'Ariel'),(1377554,76,88,'Anna Laudel'),(1377553,76,54,'Ana Mas Projects'),(1377552,76,520,'Amplified-Ashlee Pulman'),(1377551,76,677,'Amplified Marketing Inc.'),(1377550,76,203,'AMPLIFIED'),(1377780,87,83,'eDeposit in Branch/Store 05/02/16 12{1}:43{1}'),(1377781,87,545,'eDeposit in Branch/Store 05/02/16 12{1}:Job 1'),(1377779,87,88,'eDeposit in Branch/Store 05/02/16 12{1}:43:58 PM 2329 CENTRAL AVE NE MINNEAPOLIS MN {1538}'),(1377778,87,84,'eDeposit in Branch/Store 05/02/16 12{1}:43:58 PM 2329 CENTRAL AVE NE MINNEAPOLIS MN {1478}'),(1377777,87,82,'eDeposit in Branch/Store 05/02/16 12{1}:43:58 PM 2329 CENTRAL AVE NE MINNEAPOLIS MN'),(1377776,87,81,'eDeposit in Branch/Store 05/02/16 12{1}:43'),(1377775,87,79,'eDeposit in Branch/Store 05/02/16 12{1}'),(1377774,87,80,'eDeposit in Branch/Store 05/02/16 12'),(1377773,87,26,'Doug Marshall'),(1377772,87,25,'Doug Busson'),(1377771,87,24,'dental'),(1377770,87,94,'David Jackson'),(1377769,87,105,'David J Reich'),(1377768,87,23,'Daniel Reed'),(1377767,87,22,'Customer'),(1377766,87,2404,'Cubs Food Quarry'),(1377765,87,21,'craig Kev'),(1377764,87,100,'Corrina M Zoltai'),(1377763,87,2393,'Coborn\'s Superstore'),(1377762,87,20,'Chris Schady'),(1377761,87,19,'Chet Cusek'),(1377760,87,18,'Cherry Gidding'),(1377759,87,17,'Carmen Wanejychi'),(1377758,87,2379,'Broadway Pizza Store'),(1377757,87,16,'Brittany Rizzo'),(1377756,87,15,'Brenda Jaap'),(1377884,88,14,'Ever Glass'),(1377883,88,13,'Duluth Coffee'),(1377882,88,5,'Deposit'),(1808541,3,7089,'Barb Frlgen'),(1808540,3,6322,'Barb Fournier'),(1808539,3,5176,'Barb Field'),(1808538,3,6398,'Barb Ebel'),(1808537,3,6468,'Barb Bullock'),(1808536,3,4608,'Barb & Russell Ely'),(1808535,3,4687,'Barb & David Lindgren'),(1808534,3,6962,'Barb  Stotesbery'),(1808533,3,6037,'Barb  Applebee'),(1808532,3,954,'Banta, Duwayne'),(1808531,3,4471,'Bans, Sally & Charles'),(1808530,3,420,'Bannon, Cliff & Carol'),(1808529,3,3914,'Bangsund, Carol'),(1808528,3,5162,'Bamson Fadipe'),(1808527,3,418,'Balzum, Robert'),(1808526,3,4105,'Ballinger, Nancy'),(1808525,3,2308,'Ball, Jerry'),(1808524,3,3907,'Ball, Debbie'),(1808523,3,953,'Bales, Jane'),(1808522,3,3541,'Baldwin, Monica'),(1808521,3,2738,'Baldwin, Marilyn'),(1808520,3,1941,'Baldwin, Carrie'),(1808519,3,3250,'Bald Eagle Builders, Greg'),(1808518,3,5996,'Balaji Venkat'),(1808517,3,1996,'Bakken, Mary'),(1808516,3,952,'Bakken, Corby Jo & Lyle'),(1808515,3,1995,'Bakken, Connie'),(1808514,3,3848,'Bakken, Bob'),(1808513,3,3580,'Bakke, Roger'),(1808512,3,3353,'Baker, Robert & Ruth'),(1808511,3,2936,'Baker, Jim'),(1808510,3,950,'Baker, Barbara'),(1808509,3,949,'Baird, Laura'),(1808508,3,2508,'Bailey, Pat'),(1808507,3,948,'Bailey, Kim'),(1808506,3,4459,'Baerenwald, Lowell'),(1808505,3,946,'Baer, Marc & Elizabeth'),(1808504,3,1994,'Badiyan, Lori'),(1808503,3,945,'Bader, Tom & Kathy'),(1808502,3,3090,'Bader, Gwen'),(1808501,3,3031,'Baden, Nels'),(1808500,3,944,'Bacon, LeeAnn & Dave'),(1808499,3,4173,'Backes, Peg'),(1808498,3,4359,'Backes, Michelle'),(1808497,3,3858,'Bachmeier, Barb'),(1808496,3,2519,'Bachman, Margaret'),(1808495,3,943,'Bachelor, Kathy'),(1808494,3,261,'Bache, Elaine'),(1808493,3,4401,'Babcock, Nancy'),(1808492,3,5012,'B.A. Breese'),(1808491,3,50,'B\'s on the River'),(1808490,3,4076,'Azar, Roberta'),(1808489,3,28,'Ayers, Lynn'),(1808488,3,4834,'Ayasha Buchanan'),(1808487,3,363,'Axel, Jodi'),(1808486,3,2206,'Autry, Sandy'),(1808485,3,4944,'Automated Building Components'),(1808484,3,3650,'Austinson, Mary Jane'),(1808483,3,3880,'Austin, Yvette'),(1808482,3,1864,'Aust, Carl'),(1808481,3,352,'Ausham, Leona'),(1808480,3,1954,'Ault, Heidi'),(1808479,3,3608,'Augustoviz, Roman'),(1808478,3,4941,'Augsburg College'),(1808477,3,196,'Auel, Sarah'),(1808476,3,7397,'Audrey Stewart'),(1808475,3,7396,'Audrey Paul'),(1808474,3,6427,'Audrey Friedman'),(1808473,3,4950,'Audrey Balgaard'),(1808472,3,7281,'Aubrey  Gilbertson'),(1808471,3,2881,'ATM Network - Cardtronics'),(1808470,3,2849,'Atkinson, Karen'),(1808469,3,262,'Aszmann, Carol'),(1808468,3,4377,'Asted , Paul'),(1808467,3,4038,'Askren, Marjorie'),(1808466,3,4363,'Ashwill, Renae & Larry'),(1808465,3,5139,'ASHOTOSH DWIVEDI'),(1808464,3,7416,'Ashok Sunkavalli'),(1808463,3,6197,'Ashley Kurtz'),(1808462,3,7379,'Ashley Dahlen'),(1808461,3,6927,'Ashley Cutler'),(1808460,3,6720,'Ashley  Young'),(1808459,3,3582,'Ashfeld, Cathy'),(1808458,3,3639,'Asfeld, John'),(1808457,3,3368,'Artym, Darlene & Oleh'),(1808456,3,6761,'Arthur Kingsrud'),(1808455,3,6182,'Arthur Goess'),(1808454,3,4838,'Art Shragg'),(1808453,3,7113,'Art Johnson'),(1808452,3,5126,'Art Dorn'),(1808451,3,5981,'Art Coles'),(1808450,3,16,'Arsan, Karin'),(1808449,3,4343,'Arrow Companies'),(1808448,3,3069,'Arrieta, Teresa'),(1808447,3,351,'Aronson, Linda'),(1808446,3,6625,'Aron Wilterding'),(1808445,3,3792,'Arnold, Kay'),(1808444,3,242,'Arnold, Bill'),(1808443,3,7215,'Arnold Ribnick'),(1808442,3,347,'Arneson, Keith & Nancy'),(1815583,4,979,'Amy Weins'),(1815582,4,980,'Amy Lindquist'),(1815581,4,578,'Amrhein, Tara & Nick'),(1815580,4,1463,'Alverez, Nick'),(1815579,4,483,'Alvarez, Kimberly'),(1816802,7,66,'Alf, Deanna'),(1816801,7,65,'Alexander, Jean'),(1816800,7,64,'Alexander, Jan'),(1816799,7,1289,'Alderson, Patty'),(1816798,7,26,'Alba Manufacturing'),(1816797,7,63,'Al Cummings, Mr./Mrs.'),(1816796,7,2282,'Airway Whispering Palm Beauty Salon'),(1816795,7,2928,'Air One Wireless'),(1816794,7,62,'Ahuja, Karen'),(1816793,7,61,'Ahr, Patricia'),(1816792,7,60,'Ahmed, Asker'),(1816791,7,1183,'Ahmad, Shakila'),(1816790,7,59,'Ahmad, Shagufa'),(1816789,7,58,'Ahmad, Masood'),(1816788,7,57,'Aguiar, Anna'),(1816787,7,3835,'Agricola, Virginia'),(1816786,7,1462,'Agricola, Diane'),(1816785,7,41,'AFM - True Religion Brand Jeans #330'),(1816784,7,2927,'AFM - True Religion #330'),(1816783,7,2902,'AFM - Sur La Table #19 *Stockton'),(1816782,7,2903,'AFM - Sur La Table #19 *_Cincinnati'),(1816781,7,3457,'AFM - Supercuts #9360'),(1816780,7,3456,'AFM - Supercuts #9359'),(1816779,7,3455,'AFM - Supercuts #9139'),(1816778,7,3453,'AFM - Supercuts #90589'),(1816777,7,3222,'AFM - Finish Line #106'),(1816776,7,3200,'AFM - Finish Line #101'),(1816775,7,3283,'AFM - Finish Line #0106'),(1816774,7,3454,'AFM - Borics Hair Care #75340'),(1816773,7,3458,'AFM - Borics Hair Care #75331'),(1816772,7,3089,'AFM - Body Central #352'),(1816771,7,2617,'AFM  - Finish Line #496 - Kenwood'),(1816770,7,2088,'Aeropostale'),(1816769,7,3059,'Advantage Signs'),(1816768,7,2109,'Advanced Spas & Pools'),(1816767,7,2570,'Advance America4 #3969'),(1816766,7,2569,'Advance America3 #3969'),(1816765,7,2568,'Advance America2 #3969'),(1816764,7,2567,'Advance America1 #3969'),(1816763,7,2686,'Advance America #3969 State Rte'),(1816762,7,2687,'Advance America #3969 Ohio Pike'),(1816761,7,1817,'Advance America #3969'),(1816759,7,3953,'Adleta, Tina & Tony'),(1816760,7,3684,'Admin Bldg., Viox (Springfield Twn)'),(1820992,11,9,'Bay Creek'),(1820991,11,8,'Ashland Stables'),(1820990,11,7,'Ash Farms'),(1820989,11,1723,'Arbor Dentals'),(1820988,11,671,'Anne McKay'),(1822009,36,291,'Benvenuti, Kate'),(1822008,36,546,'Bennett, Courtney'),(1822007,36,220,'Benedict, Kim'),(1822006,36,247,'Belikoff, Amy'),(1822005,36,500,'Beglinger, Scott'),(1822004,36,215,'Beecham, Maya'),(1822003,36,696,'Becker, Lisa'),(1821989,36,793,'Awad, Lori'),(1821990,36,574,'Baker, Ben'),(1821991,36,416,'Ball, Krista'),(1821992,36,976,'Barb Collins'),(1821993,36,874,'Barbara Reinan'),(1821994,36,640,'Barnett, Benjamin'),(1821995,36,613,'Barrett, Natalie'),(1821996,36,594,'Bartel, Matt'),(1821997,36,638,'Bauer, Jean'),(1821998,36,62,'Bauerly, Kate'),(1821999,36,68,'Baune, David'),(1822000,36,364,'Beck, Kris'),(1822001,36,450,'Becked, Kris'),(1822820,41,79,'1129 8th St SE'),(1822821,41,56,'11644 Dakotah Apartments Boiler Replacement'),(1822929,42,251,'2705 W 28th Street - Olsen'),(1822928,42,2497,'2700 W 43RD'),(1822927,42,125,'2639 Grand St NE - Hayes'),(1822926,42,117,'2627 Humboldt Ave. So. - Ernst'),(1822925,42,118,'2516 W Lake of The Isles - Zygmunt'),(1822924,42,89,'2419 Lincoln Street NE - Coldor'),(1822923,42,216,'2416 Dupont Ave. So.-Reece'),(1822922,42,83,'2409 33rd Ave So - Burton-Ouradnik'),(1822921,42,264,'2400 Sheridan Ave. - Seymour:2017'),(1822920,42,262,'2400 Sheridan Ave. - Seymour'),(1822918,42,94,'2230 Hayes St NE - Holmes, Tish'),(1822919,42,2125,'2400 BAYVIEW'),(1822917,42,185,'21826 Sagewood Circle - Schumacher'),(1822916,42,183,'21 Greenway Gables - MSI'),(1822915,42,159,'2044 Sheridan Ave. So. - Tricia Conroy'),(1822914,42,52,'2024 Thomas Ave - Curti'),(1822912,42,24,'1918 W 86th Street - Wangdu'),(1822913,42,18,'2020 Pine Island Road - Page'),(1822911,42,260,'1905 Penn Ave. So - Budniewski'),(1822910,42,188,'18592 St. Mellion Place - Olson'),(1822909,42,98,'1840 Crosby Road - Coleman'),(1822908,42,198,'1831 Johnson St NE - Stroeing'),(1822907,42,87,'1819 Buchanen Street NE - McGrath'),(1822906,42,153,'1812 Summit Ave - Redenbaugh-Flatten'),(1822905,42,219,'1812 Park Ave. So. - Inner City Church'),(1822904,42,230,'1800 Lake - JJ\'s Restaurant'),(1822903,42,64,'1780 Hyacinth Ave. East - Wilson'),(1822902,42,140,'17392 Pavelka Dr - Gilligan'),(1822901,42,178,'1730 Clifton Place #100 - Fairbanks'),(1822900,42,54,'1712 Humboldt Ave. So. - Graham'),(1822899,42,86,'1712 23rd Ave. NE - Schroeder'),(1822897,42,45,'17021 Grays Bay Blvd - Davis'),(1822898,42,41,'17025 Grays Bay Blvd - Pohtilla'),(1822896,42,107,'16922 89th Place N - Cleveland'),(1824321,44,424,'Boehmer, Brad (1003)'),(1824320,44,619,'Bob Hartung'),(1824319,44,949,'Bob Frantz'),(1824318,44,666,'Bluff Heights Second Edition'),(1824317,44,423,'Bjornararaa, Jaynee (1002):0211003'),(1824316,44,422,'Bjornararaa, Jaynee (1002)'),(1824315,44,878,'Binkun Chen'),(1824314,44,885,'Bill Ganzer'),(1824313,44,1049,'Ben Burch'),(1824312,44,993,'Becky mercer'),(1824311,44,987,'Bassi Darshnider'),(1824310,44,884,'Bassem Fadlia'),(1824309,44,421,'Barnett, Colin (1007):0211008'),(1824308,44,420,'Barnett, Colin (1007)'),(1824307,44,191,'Barbara J. Miller'),(1824306,44,19,'Barbara Ceballos:912 4th St Roof'),(1824305,44,5,'Barbara Ceballos'),(1824304,44,879,'Barb Bloomgren'),(1824303,44,4,'B & D Rental:Powers Premier Contracting Roof GAF - Weatherwood'),(1824302,44,3,'B & D Rental:Parker Loss Consultants Claim'),(1824301,44,2,'B & D Rental'),(1824300,44,816,'Ashok Seshadri'),(1824814,46,64,'Bjornberg, Thomas'),(1824812,46,62,'big skate account'),(1824811,46,61,'Betzold, David *DUP'),(1824810,46,60,'Beth Oslund'),(1824809,46,59,'Berg, Carl'),(1824808,46,58,'Benson, Gary *DUP'),(1824807,46,57,'Bensen, Gary R.'),(1824806,46,56,'Benevity'),(1824805,46,55,'Beer, Paula Gentz'),(1824804,46,54,'Beckwith, Lynn M.'),(1824803,46,53,'Beckel, Robert'),(1824802,46,52,'Bart Hauge'),(1824801,46,51,'Barrett, Matthew'),(1824800,46,25,'Barrett, Mary'),(1824799,46,2361,'Bantam C Gold'),(1824798,46,24,'Bantam B2 Navy'),(1824797,46,23,'Bantam B2 Gold'),(1824796,46,22,'Baker, Bruce M.'),(1824795,46,21,'Baird, Laura *DUP'),(1824794,46,20,'Bailey, Scott M.'),(1824793,46,19,'Bach, Michael'),(1824792,46,18,'Atwood, Michael L.'),(1824791,46,17,'Asa Kim'),(1824790,46,16,'Anthony Stone'),(1824789,46,15,'Andzulis, Nancy'),(1824788,46,14,'Andy Kranz'),(1824787,46,13,'Andrews, James'),(1824786,46,12,'Andrew Chase'),(1824785,46,11,'Andrea Kunkel'),(1824784,46,10,'Andre, Christopher'),(1824783,46,9,'Anderson, Marion G.'),(1824781,46,7,'Anderson, James T.'),(1825537,49,150,'Brady Coke'),(1825533,49,388,'Ben Moore'),(1825532,49,300,'Ben Hill'),(1825531,49,399,'Ben Herman'),(1825530,49,349,'Banana Stand Marketing'),(1825650,51,127727,'Ecommerce Customer (AMEX)'),(1825942,52,74,'Burbank, Hanni'),(1825941,52,1135,'Bunker, Jen'),(1825940,52,1298,'Bunker, Brandon'),(1825939,52,461,'Bunger, Adam'),(1825938,52,1152,'Buhrmann, Kim'),(1825937,52,2325,'Buckholt, Cynthia'),(1825936,52,1895,'Buchholz, Christy'),(1825935,52,1949,'Buchanan, Jo'),(1825934,52,2103,'Bubnell, Jackie'),(1825933,52,484,'Brynan, Kimmie'),(1825932,52,1553,'Bryant, Shea'),(1825931,52,977,'Bryant, Joe'),(1825930,52,2143,'Bryant, Dorothy C'),(1825929,52,2252,'Bryan, Audrey'),(1825928,52,1515,'Bruha, Ashley'),(1825927,52,1687,'Bruce, Christy'),(1825926,52,2004,'Browne, Kelly'),(1825925,52,1973,'brown, virginia'),(1825924,52,1774,'Brown, Rich'),(1825923,52,1751,'Brown, Rebecca'),(1825922,52,545,'Brown, Phyllis'),(1825921,52,1127,'Brown, Paul'),(1825920,52,199,'Brown, Mike'),(1825919,52,538,'Brown, Lynne'),(1825918,52,1858,'Brown, Katee'),(1825917,52,1529,'Brown, Heather'),(1825916,52,1415,'Brown, Erik'),(1825915,52,568,'Brown, Elizabeth'),(1825914,52,1730,'Brown, Darrell'),(1825913,52,224,'Brown, Chase'),(1825912,52,516,'Brown, Charity'),(1825911,52,554,'Brown, Chadwick'),(1825910,52,490,'Brown, Alyssa'),(1825909,52,2269,'Broughton, Theresa'),(1825908,52,202,'Broudy, Berne'),(1825907,52,770,'Brookshire, Mary'),(1825906,52,1059,'Brooker, Tim'),(1825905,52,785,'Bronwyn Cressman, Meghan'),(1825904,52,1698,'BROMMER, LISA'),(1825903,52,318,'Broman, Terri'),(1825902,52,1280,'Broadhead, Randall'),(1825901,52,629,'Broad, Jenny'),(1825900,52,1323,'Brim, David'),(1825899,52,798,'Briggs, Lois'),(1825898,52,2134,'Briede, Amanda'),(1825897,52,383,'Bridge, Ryan'),(1825896,52,1811,'Brideau, Stacey'),(1825895,52,452,'Brice, J'),(1825894,52,1516,'Brewster, Katie'),(1825893,52,2285,'Brewer, Elizabeth'),(1825892,52,131,'Brennan, Gail'),(1825891,52,1499,'Brekke, Kate'),(1825890,52,20,'Bredthauer, Jillian'),(1825889,52,1572,'Bray, Ken'),(1825888,52,1938,'Bray, Kathleen S'),(1825887,52,1956,'Braun, Robin'),(1825886,52,1170,'Braun, Kristin'),(1825885,52,1605,'Branish, Obie'),(1825884,52,2106,'Brandson, Faye'),(1825883,52,569,'Brandl, Caitlin'),(1825882,52,317,'Bramer, Pam'),(1825881,52,298,'Brady, Anna'),(1825880,52,1224,'BRADBURY, Nancy'),(1825879,52,180,'Bracewell, Betsy'),(1825878,52,1310,'Boyd, Stephanie'),(1825877,52,1189,'Boyd, Christine'),(1825876,52,1358,'Boyd Leon, Chris'),(1825875,52,1361,'Boyce-Schimpff, Hillary'),(1825874,52,1747,'Bowman-Noone, Big Rig'),(1825873,52,975,'Bowman, Norma'),(1825872,52,1340,'Bowler, Scott Richard'),(1825871,52,1567,'Bowers, Laura'),(1825870,52,510,'Bounds, Mark'),(1825869,52,1648,'Bouchard, Allison'),(1825868,52,2185,'Bossey, Leslie'),(1825867,52,69,'Boss, Darlene'),(1825865,52,1476,'Bornhoeft, Elizabeth'),(1825866,52,138,'Borstein, Lindsey'),(1825864,52,1697,'Borges, Barb'),(1825863,52,561,'Borer, Lori'),(1825862,52,1690,'borden, james'),(1825861,52,1132,'Booth, Jason'),(1825860,52,347,'Bookman, Peter'),(1825859,52,830,'Bonne, Susan'),(1825858,52,1471,'Boniface, Jennifer'),(1825857,52,1869,'Bollig, Todd'),(1825856,52,1341,'Bogdan, Allison'),(1825855,52,2219,'Bodle, Kathryn'),(1825854,52,621,'Bocanegra, Giovanna'),(1825853,52,1535,'Blumenthal, Nichole'),(1825852,52,1835,'Bloom, Tiffany'),(1825851,52,1897,'Bleichner, Julie'),(1825850,52,1265,'Blanco, Daniel'),(1825849,52,1226,'Blanchard, Michael'),(1825848,52,1258,'Blair, Kenneth'),(1825847,52,671,'Black, Elizabeth'),(1825846,52,2177,'Bjork, Nicole'),(1825845,52,741,'Bitter, William'),(1825844,52,551,'Bistodeau, Morgan'),(1825843,52,1889,'Bishko, Jeremy'),(1825842,52,1923,'Bircher, Justin'),(1825841,52,1343,'Bingham, Charlie'),(1825840,52,1039,'Bilsky, Maureen'),(1825839,52,999,'Bildtsen, Ola'),(1825838,52,2327,'Biedlingmaier, Betsy'),(1825837,52,860,'Biddle, Nicole'),(1825836,52,1337,'Biby, Laurie'),(1825835,52,570,'Bevil, Benny'),(1825834,52,1399,'Beverley, Scott'),(1825833,52,94,'Betz, Barrett'),(1825832,52,204,'Betty, Caitlin'),(1825831,52,1739,'Bestrom, Kerry'),(1825830,52,657,'Best, Brittany'),(1825829,52,1026,'Besson, Nalida'),(1825828,52,2249,'Bessine, NotProvided'),(1825827,52,244,'Bernstein, Bernie'),(1825826,52,1196,'Berka, Joshua'),(1825825,52,152,'BERGO, CAITLIN'),(1825824,52,290,'bergling, paul'),(1825823,52,822,'Bergin Goss, Sheila'),(1825822,52,2257,'Berg, Beth'),(1825821,52,1906,'Benning, Jennifer'),(1825820,52,446,'Bennett, Lisa'),(1825819,52,387,'Bennett, Audrey'),(1828008,54,401,'3 Bears Landscaping'),(1829212,56,7661,'Chari, Debbie Yoo'),(1828019,55,237,'Blue Skies Cleveland'),(1829210,56,15452,'Chapman, Erika'),(1829207,56,12538,'Chanhdara, Sophida'),(1829209,56,9626,'Chapko, Kelly'),(1829208,56,15063,'Channon, Edward'),(1829206,56,14596,'Chang, Tina'),(1829205,56,10573,'Chang, Melody'),(1829204,56,10903,'Chandler, Jennifer'),(1829203,56,10935,'Chandler, Emily'),(1829202,56,10670,'Chan, Mandy'),(1829201,56,8752,'Chan, Clarine'),(1829200,56,14551,'Chan, Cheryl'),(1829199,56,13007,'Champion, Julie'),(1829198,56,8554,'Champeau, Carrie'),(1829197,56,8006,'Champagne, Mike'),(1829196,56,11930,'Chambers, Peter'),(1829195,56,10585,'Chambers, Jessica'),(1829194,56,12157,'CHAMBERLAIN, NAOMI'),(1829193,56,9827,'chamberlain, carly'),(1829192,56,10116,'Chalmers, Rory'),(1829191,56,12565,'Chaisson, Dennis'),(1829190,56,9082,'Chairez, Leo'),(1829189,56,13106,'Chaffee, Eric'),(1829188,56,12352,'Chadbourne, Alison'),(1829187,56,14164,'Chadbourn, Catalina'),(1829186,56,10411,'Chace, Lisa'),(1829185,56,12252,'Cevering, Bailee'),(1829184,56,7422,'Cervantes, Monica'),(1829183,56,13114,'Cerri, Lara'),(1829182,56,10855,'Cepeda, Camille'),(1829181,56,7286,'Centrone, John'),(1829180,56,10512,'CENTER, DISTRIBUTION'),(1829179,56,10331,'Cederquist, Carly'),(1829178,56,6981,'Cecconi, Nicholas'),(1829177,56,12991,'Cebrero, Michelle'),(1829176,56,10094,'Cawrse, John'),(1829175,56,12037,'Cavender, Colleen'),(1829174,56,9319,'Cavallaro, Paul'),(1829173,56,9949,'Caughey, Jack'),(1829172,56,10732,'Caudill, Jackie'),(1829171,56,14987,'Cattell, Jodi'),(1829170,56,8665,'Catloth, Grant'),(1829169,56,15321,'Catipovic, Elizabeth'),(1829168,56,10317,'Catherine, Carley'),(1829167,56,10451,'Catalano, Lorraine'),(1829166,56,15595,'Castro, Laura'),(1829165,56,11305,'CASTO, JENNIFER'),(1829164,56,8498,'Casto, Jeff'),(1829163,56,13050,'Castillo, Valerie'),(1829162,56,9418,'Castillo, Ana'),(1829161,56,9519,'Castille, Larisa'),(1829160,56,8882,'Castiilo, luis'),(1829159,56,8526,'Casterlin, Courtney'),(1829158,56,9140,'Castellon, Regina'),(1829157,56,8361,'Castaneda, Gelcys'),(1829155,56,7715,'Castaneda, Christopher'),(1829156,56,12321,'Castaneda, Gabby'),(1829154,56,8444,'Cassil, Shawn'),(1829153,56,15438,'Caspersen, Liz'),(1829152,56,7689,'Casias, Mark'),(1829151,56,10513,'Cash, Leslie'),(1829150,56,15296,'Cash, Kim'),(1829149,56,11677,'Case, Charlie'),(1829148,56,9476,'Casamento, Lisa'),(1829147,56,9249,'Casalino, Frank'),(1829146,56,8299,'Cary, Nicolas'),(1829145,56,10373,'Cary, Max'),(1829144,56,8831,'Carty, Alex'),(1829143,56,10519,'Carter, Sean'),(1829142,56,8211,'Carter, Mark'),(1829141,56,15087,'Carter, Lee'),(1829140,56,12266,'Carter, Jennifer'),(1829139,56,9080,'Carter, Hesper'),(1829138,56,11758,'Carter, Fran'),(1829137,56,14619,'Carter, Angela'),(1829136,56,8588,'Carter Jones, Holly'),(1829135,56,12890,'Cartee, Jeannie'),(1829134,56,9016,'Carstensen, Maria'),(1829133,56,14202,'Carson, Rebekah'),(1829132,56,7032,'Carson, Joel'),(1829131,56,11739,'CARSON, GEORGEEN'),(1829130,56,14363,'Carson, Christine'),(1829129,56,11661,'Carroll, Zach'),(1829128,56,7044,'CARROLL, JUSTIN'),(1829127,56,11522,'carroccio, cindy'),(1829126,56,9944,'Carrier, Loren'),(1829125,56,7705,'Carrier, Kimberly'),(1829124,56,8381,'Carr, Trevor'),(1829123,56,9939,'carr, mary'),(1829122,56,14285,'Carr, Alana'),(1829121,56,8115,'Carpenter, Paul'),(1829120,56,8224,'Carpenter, Kim'),(1829119,56,12984,'Carpenter, Kara'),(1829118,56,7521,'Carpenter, Julia'),(1829117,56,7397,'Carpenter, Joshua'),(1829116,56,8445,'Carpenter, Cahy'),(1829115,56,10350,'Caron, Robin'),(1829114,56,8924,'Carney, Megan'),(1829113,56,8257,'Carnevale, Marissa'),(1829112,56,12068,'Carner, Esther'),(1829111,56,11122,'Carn, Darrin'),(1829110,56,13069,'Carman, Pamela'),(1829109,56,8258,'Carman, Donald'),(1829108,56,7030,'Carlton, John'),(1829107,56,15353,'Carlson-Rioux, Joyce'),(1829106,56,15690,'carlson, stephanie'),(1829105,56,12174,'Carlson, Rachel'),(1829104,56,9990,'Carlson, Micky'),(1829103,56,11017,'Carlson, Katelyn'),(1829102,56,7363,'Carlson, John'),(1829101,56,15379,'Carlson, Christine'),(1829100,56,15563,'Carlson, Brian'),(1829099,56,15270,'Carlsen, Kathleen'),(1829098,56,9130,'Carlock, John'),(1829097,56,14023,'Carlino, Deborah'),(1829096,56,13093,'Carey, Lauren'),(1829095,56,12300,'Carey, Amber'),(1829094,56,11922,'Cardona, Miriam'),(1829093,56,8477,'cardona, aura'),(1829092,56,8640,'Cardinal, Craig'),(1829091,56,9599,'Cardenas, Jose'),(1829090,56,10064,'Cardenas, Gilbert'),(1829089,56,12958,'Caramanolis, Constance'),(1829088,56,11041,'Caputo, Lisa'),(1829087,56,9757,'Caputo, Daniel'),(1829086,56,11755,'Cappetta, Kathleen'),(1829085,56,11194,'Capouch, Cynthia'),(1829084,56,8719,'Capobianco, Danelle'),(1829083,56,11989,'Caplinger, Carol'),(1829082,56,12835,'Capell, Cynthia'),(1829081,56,14200,'Cape, Maureen'),(1829080,56,15619,'Cantu, Erin'),(1829079,56,15641,'cantarella, Annette'),(1829078,56,10654,'Cannon, Christie'),(1829077,56,10610,'Canlas, Carolyn'),(1829076,56,8940,'Canevari, Danielle'),(1829075,56,11980,'Canavan, Timothy'),(1829074,56,7360,'Canada, Amazon.ca'),(1829073,56,7046,'Campos, Samuel'),(1829072,56,10191,'Campos, Diana'),(1829071,56,14670,'Campisi, Jennifer'),(1829070,56,10234,'Campbell, Terri'),(1829069,56,14329,'Campbell, Scott'),(1829068,56,14994,'CAMPBELL, PATRICIA'),(1829067,56,15471,'Campbell, Michael'),(1829066,56,10915,'Campbell, Mary'),(1829065,56,7273,'Campbell, Martha'),(1829064,56,9509,'Campbell, Janel'),(1829063,56,10621,'Campbell, CJ'),(1829062,56,9162,'Campbell, Brittany'),(1829061,56,8165,'Campbell , zachary'),(1829060,56,15209,'Campana Wilson, Lindsey'),(1829059,56,8145,'campaigne, laura'),(1829058,56,11321,'Campaigne, L'),(1829057,56,15213,'camp, elizabeth'),(1829056,56,14594,'Camp, Amy'),(1829055,56,14004,'Caminal, Helena'),(1829054,56,13081,'Cameron, John'),(1829053,56,9133,'Cameron, Cory'),(1829052,56,12571,'Cameron, Casey'),(1829051,56,8474,'Camens, Neal'),(1829050,56,7147,'Camara, Andrew'),(1829049,56,11407,'Camacho, Juan'),(1829048,56,12209,'Calvetti, Aaron'),(1829047,56,9979,'Calverley, Lindsay'),(1829046,56,9625,'Calvelli, Helen'),(1829045,56,8522,'Callis, Lorraine'),(1829044,56,11442,'Callahan, Peter'),(1829043,56,8365,'Callaghan, Katie'),(1829042,56,15019,'Cali, Jennifer'),(1829041,56,11741,'Calhoun, Jordan'),(1829040,56,15167,'Calhoun, Anna'),(1829039,56,14668,'Calhoon, Maureen'),(1829038,56,12656,'Caldwell, Lisa'),(1829037,56,10592,'Caldwell, Cathrina'),(1829036,56,9978,'Caldwell, Ashley'),(1829035,56,14606,'Calder, Kimberly'),(1829034,56,13171,'Calcagno, Rick'),(1829033,56,14217,'Calbeck, Amy'),(1829032,56,14586,'Calandro Kaseman, Jaime'),(1829031,56,12502,'Cain, Taylor'),(1829030,56,9642,'Cain, Kevin'),(1829029,56,8411,'Caer, Jena'),(1829028,56,11686,'Cady-Bartholomew, JJ'),(1829027,56,12063,'Cadayona, Christopher'),(1829026,56,13067,'Cabrera, Kevin'),(1829025,56,15447,'Cabrales, Amber'),(1829024,56,7894,'Cabral, Jena'),(1829023,56,15400,'Cabeen, Jessica'),(1829021,56,11106,'C/O Naniq Global, Skinny Raven'),(1829022,56,10193,'Caballero, Molly'),(1829020,56,9600,'c/o JULIE OLDFIELD, Baxter'),(1829019,56,14124,'C. Hardison, Billie'),(1829018,56,12765,'c. hannes, jonathan'),(1829017,56,11708,'C Rhoads, Amy'),(1829016,56,14965,'C Reid, Catharine'),(1829015,56,12858,'C Reavis, Benjamin'),(1829014,56,15523,'C MacKenzie, John'),(1829013,56,10098,'C AMP Bell, Hannah'),(1829012,56,12669,'Bzowski, Lisa'),(1829011,56,9615,'Bystrov, Boris'),(1829010,56,12708,'Byrne, Amanda'),(1829009,56,13169,'byrd, wade'),(1829008,56,11265,'Byrd, Meredith'),(1829007,56,8277,'Byrd, Melvin'),(1829006,56,10214,'Buxton, Pamela'),(1829005,56,8891,'Buus, Jon'),(1829004,56,15685,'Butzlaff, Hannah'),(1829003,56,9115,'Butyrin, Shelly'),(1829002,56,12091,'Butler, Patrick'),(1829001,56,12007,'Butler, Brenda'),(1829000,56,12660,'Butikofer, Marissa'),(1828998,56,12426,'Bustamante, Kari'),(1828999,56,9734,'Buster, Christy'),(1828997,56,15437,'Busman, Anneliese'),(1828996,56,7334,'Busian, Laura'),(1828995,56,11435,'Bushnell, Chelsea'),(1828994,56,7437,'Bush, Marcus'),(1828993,56,11613,'Busch, April'),(1828992,56,7122,'Burton, Mary'),(1828991,56,10904,'Burt, Laura'),(1828990,56,12527,'Burstein, Jessica'),(1828989,56,7215,'Burrows, Neil'),(1828988,56,11679,'Burritt, Terrence'),(1828987,56,8858,'Burnside, Amber'),(1828986,56,8541,'Burns, Rory'),(1828985,56,7488,'Burns, McKenna'),(1828984,56,12060,'Burns, Claudia'),(1828983,56,10649,'Burns, Becky'),(1828982,56,11706,'Burnette, Jimmy'),(1828981,56,8103,'Burnett, Tom'),(1828980,56,15504,'Burnett, Jordan'),(1828979,56,15159,'Burnett, Barbara'),(1828978,56,12479,'Burneo, Soledad'),(1828977,56,7947,'Burleson , Christopher'),(1828976,56,11906,'Burleigh, Andee'),(1828975,56,10255,'Burklow, Sara'),(1828974,56,13073,'Burke, Stephen'),(1828973,56,8355,'Burke, Kathleen'),(1828972,56,7884,'burke, jeff'),(1828971,56,10836,'Burk, Nicole'),(1828970,56,7398,'Burgess, Micael'),(1828969,56,7284,'Burgess, Chad'),(1828968,56,9369,'Burger, Marge'),(1828967,56,12329,'Burg, Michelle'),(1828966,56,14939,'Burdick-Shepherd, Stephanie'),(1828965,56,11035,'Burdett, Nick'),(1828964,56,14231,'Burckhardt, Erika'),(1828963,56,13198,'Burchenal, Anna'),(1828962,56,11746,'Burch, Jennifer'),(1828961,56,10186,'Bunger, Adam'),(1828960,56,9532,'Bundren, Josh'),(1828959,56,15624,'Bundlie, Asher'),(1828958,56,15676,'Bundie, Asher'),(1828957,56,14643,'Bumgarner, Karen'),(1828956,56,9589,'Bumenthal, Lauren'),(1828955,56,11115,'Bultman, Carolyn'),(1828954,56,12692,'Bullock, Nancy'),(1828953,56,14239,'Bullock, Darryl'),(1828952,56,15309,'Bullock, April'),(1828951,56,11663,'Bullard, Kimberly'),(1828950,56,12976,'Bull, Jeffrey'),(1828949,56,7518,'Bull, Jeff'),(1828948,56,7173,'Bull, Ashley'),(1828947,56,14730,'Bulisco, Matt'),(1828946,56,12308,'Bujarski, Lydia'),(1828945,56,7110,'Buirge, Lorrie'),(1828944,56,7344,'Buie, Ryan'),(1828943,56,9542,'Bui, Lee'),(1828942,56,9097,'Buhr, Audric'),(1828941,56,7205,'Buerman, Amy'),(1828940,56,7816,'Buentello, Johnathan'),(1828939,56,12827,'Buehler, Tammie'),(1828938,56,11029,'Budinoff, Kelley'),(1828937,56,14404,'Buckmaster, Kristin'),(1828936,56,12528,'Buck, Melanie'),(1828935,56,12861,'Buck, Jamee'),(1828934,56,9596,'Buck, B'),(1828933,56,7194,'Buchholz, Paul'),(1828932,56,8417,'Buchholz, Laura'),(1828931,56,10423,'Buchholz, Christy'),(1828930,56,9105,'Buchholtz, Kelly'),(1828929,56,10475,'Buchanan, Jo'),(1828928,56,10735,'Buccola, Michaela'),(1828927,56,11735,'Bucci, Vincent'),(1828926,56,8827,'Bryson, Joseph'),(1828925,56,7574,'Brynan, Kimmie'),(1828924,56,10353,'Bryant, Shea'),(1828923,56,15680,'Bryant, Rhys'),(1828922,56,14395,'bryant, kelly'),(1828921,56,12529,'Bryant, Dawn'),(1828920,56,15231,'Bryant, Cameron'),(1828919,56,11719,'Bryan, Teresa'),(1828918,56,11779,'BRUZEWSKI, KIM'),(1828917,56,15643,'Brusse, Katherine'),(1828916,56,10112,'Brunsell, Bethany L'),(1828915,56,11985,'Brunotte, Susan'),(1828914,56,10936,'Bruno, Liza'),(1828913,56,8734,'Brundage, Krista'),(1828912,56,12717,'Brumfield, Victoria'),(1828911,56,7463,'Bruhn, Katie'),(1828910,56,11584,'Bruha, Ashley'),(1828909,56,11109,'Brugman, Samuel'),(1828908,56,15095,'Bruellman, Kristin'),(1828907,56,10946,'Bruce, Swenson,'),(1828906,56,14908,'Brozen, Madeline'),(1828905,56,13154,'Browning, Madison'),(1828904,56,12627,'Browning, Jennie'),(1828903,56,11970,'Browne, Susan'),(1828902,56,10307,'Browne, Kelly'),(1828901,56,10496,'brown, virginia'),(1828900,56,11391,'Brown, Valerie'),(1828899,56,12536,'Brown, Teya'),(1828898,56,11967,'Brown, Sissy'),(1828897,56,11996,'Brown, Scott'),(1828896,56,9274,'Brown, Paul'),(1828895,56,7282,'Brown, Michael'),(1828894,56,15351,'Brown, Marla'),(1828893,56,8798,'Brown, Kimberly'),(1828892,56,10390,'Brown, Katee'),(1828891,56,8310,'Brown, Julianna'),(1828890,56,13976,'Brown, John'),(1828889,56,12508,'Brown, J'),(1828888,56,12043,'Brown, Heather'),(1828887,56,12977,'Brown, Erin'),(1828886,56,14294,'Brown, Ellen'),(1828885,56,11497,'Brown, Destinee'),(1828884,56,10115,'Brown, Deborah A'),(1828883,56,10218,'Brown, Chase'),(1828882,56,7064,'Brown, Brian'),(1828881,56,10905,'Brown, Brad'),(1828880,56,8911,'Brown, Bill'),(1828879,56,8150,'Brown, Andy'),(1828878,56,10037,'Brown, Alyssa'),(1828877,56,9440,'Brown, Alex'),(1828876,56,14523,'Broughton, Amy'),(1828875,56,14983,'Brothers, Tra\'Cee'),(1828874,56,7985,'Brothers, Amy'),(1828873,56,8645,'Bross, Caroline'),(1828872,56,14494,'Brose, Katie'),(1828871,56,12975,'Brooks, Mark'),(1828870,56,12756,'Brooks, Lauren'),(1828869,56,10213,'Brooks, Darryl'),(1828868,56,12027,'Brookmyer, Lindsay'),(1828867,56,13174,'Brookhart, Christopher'),(1828866,56,11910,'Brooker, Allison'),(1828865,56,10289,'Bronwyn Cressman, Meghan'),(1828864,56,11127,'Brondello, Michael'),(1828863,56,8553,'brombach, elizabeth'),(1828862,56,9993,'Broman, Terri'),(1828861,56,11753,'Brodie, Jim'),(1828860,56,11688,'Brockdorf, Soren'),(1828859,56,14412,'Brock, Maggie'),(1828858,56,9277,'Brock, John'),(1828857,56,10153,'Broberg, Terri'),(1828856,56,15434,'Broadbent, Katherine'),(1828855,56,7842,'Broad, Jenny'),(1828854,56,7896,'Britton, Izzy'),(1828853,56,11938,'Bristow, Jenny'),(1828852,56,13994,'Bristol, Cheryl'),(1828851,56,10545,'Briseno, Christina'),(1828850,56,12405,'Brisbane, Dana'),(1828849,56,13031,'Brion, Andrew'),(1828848,56,14719,'Brinster, Laura'),(1828847,56,9810,'Brinkley, Greta'),(1828846,56,8111,'Brinkerhoff, DJ'),(1828845,56,14143,'Brink, Michael'),(1828844,56,8691,'brin, andrea'),(1828843,56,11108,'Brighter, Shine'),(1828842,56,7432,'Briggs, Linda'),(1828841,56,9357,'Briede, Amanda'),(1828840,56,14635,'BRIDGHAM, CLAUDIA'),(1828839,56,9492,'BRIDGES, ALLISON'),(1828838,56,9937,'Bridge, Ryan'),(1828837,56,10221,'Brideau, Stacey'),(1828836,56,15381,'Brickson, Jennifer'),(1828835,56,7501,'BRICENO, Gladys'),(1828834,56,8034,'Brice, John'),(1828833,56,9997,'Brice, J'),(1828832,56,9131,'Brewster, Patricia'),(1828831,56,7036,'Brewster, Katie'),(1828830,56,8509,'Brewer, Elizabeth'),(1828829,56,10932,'Brettell, Casie J'),(1828828,56,11028,'BRETSON, GREG'),(1828827,56,11557,'Bretcko, B.'),(1828826,56,15127,'bressler, dan'),(1828825,56,8727,'Brenner, Paul'),(1828824,56,15376,'Brenner, Joann'),(1828823,56,15238,'Brenner,'),(1828822,56,15178,'Brenneman, jordan'),(1828821,56,14366,'Brennan, Jena'),(1828820,56,9518,'Brennan, Gail'),(1828819,56,8842,'Breniser, Stephanie'),(1828818,56,12894,'Breland, Jeff'),(1828817,56,13036,'Breitkreutz, Ryan'),(1828816,56,14068,'Breitenstein, Marissa'),(1828815,56,11076,'Breen, Christopher'),(1828814,56,14785,'Brecht, Stacy'),(1828813,56,10639,'Bray, Ken'),(1828812,56,10463,'Bray, Kathleen S'),(1887631,64,1335,'Cunningham, Mary (2907):1927'),(1887628,64,1329,'Baedke, Andrew and Kari (2617):1872'),(1377335,67,565,'Anne Stake'),(1377334,67,79,'Anne and Peter Griffes'),(1377333,67,663,'Anna-Marie and David Mariano'),(1377332,67,48,'Anna Walker Skillman'),(1377331,67,541,'Anna Hass'),(1377330,67,303,'Ann Ciresi'),(1377329,67,552,'Ann and Pat Ryan'),(1377328,67,99,'Ann and Michael Ciresi'),(1377327,67,576,'Angelica and Boris Stevenin'),(1377326,67,473,'Andrew W Schwertfeger'),(1377325,67,611,'Andrew Lewin'),(1377324,67,117,'Andrew Hecht'),(1377323,67,639,'Andrea Goldman Design'),(1377755,87,14,'Brad Scott'),(1377754,87,13,'Brad Herman'),(1377753,87,2396,'Bonchon Roseville'),(1377752,87,12,'Bob Maderich'),(1377751,87,11,'Ben Fernside'),(1377750,87,2390,'Bay Shore Auto Parts'),(1377749,87,10,'Barbara Gilmore'),(1377748,87,9,'Ashley Barott'),(1377747,87,8,'Anne Hathaway'),(1377746,87,7,'Amy Speck'),(1377745,87,6,'Amy Pond'),(1377881,88,3,'Branch Deposit'),(1377898,89,994,'Compass 45 Hospitality'),(1808441,3,2186,'Arne, Steve'),(1808440,3,2282,'Arne, Jon'),(1808439,3,3077,'Arndt, Marcia'),(1808438,3,348,'Arndt, Evonne'),(1808437,3,349,'Arndt, Ellen'),(1808435,3,350,'Armstrong, Sheila'),(1808436,3,538,'Armstrong, Tammy'),(1808434,3,4223,'Armstrong, Laurie'),(1808433,3,3889,'Armstrong, Jane'),(1808432,3,346,'Armstrong, Bev & Rick'),(1808431,3,3378,'Armitage, Jennifer'),(1808430,3,7077,'Arlyce Abrahanson'),(1808429,3,6966,'Arlis Bresnahan'),(1808428,3,6521,'Arlene Joernpeter'),(1808427,3,4907,'Arlene Alberg'),(1808426,3,7295,'Arland Fiske'),(1808425,3,4724,'Arika & Tom Palladino'),(1808424,3,255,'Arford, Linda'),(1808423,3,93,'Aretz, Leona'),(1808422,3,3434,'Arenz, Christine'),(1808421,3,345,'Arbuckle, Cathy'),(1808420,3,2694,'Apuli, Debra'),(1808419,3,353,'Applegate, Susan'),(1808418,3,3999,'Apjones, Margaret'),(1808417,3,3705,'Apartments, Coachman Trail'),(1808416,3,354,'Antonuchi, Liz & Joe'),(1808415,3,2313,'Antonio, Juan & Maria'),(1808414,3,4510,'Anton, Elaine'),(1808413,3,67,'Antoine, Jamy'),(1808412,3,2947,'Anthony, Edward'),(1808411,3,5134,'Anthony Dunham'),(1808410,3,2490,'Anselmo , Mick'),(1808409,3,6985,'Annissa Kasmirski'),(1808408,3,6583,'Annie & Jim  Nelson'),(1808407,3,6046,'Annette Stock'),(1808406,3,6128,'Annette Fagerberg'),(1808405,3,7446,'Annette  Matzen'),(1808404,3,4697,'Anneliese Mayer'),(1808403,3,6604,'Anne Stutz'),(1808402,3,5438,'Anne Marie Leach'),(1808401,3,7112,'Anne Keller-Novak'),(1808400,3,6116,'Anne Johnson'),(1808399,3,5295,'ANNE HILL'),(1808398,3,7274,'Anne Handahl'),(1808397,3,4719,'Anne & Paul Nielsen'),(1808396,3,5612,'Anne & Mike Peterson'),(1808395,3,5451,'Anne & Brett Letourneau'),(1808394,3,6817,'Anne  Mccabe'),(1808393,3,5978,'Anna Snow'),(1808392,3,7070,'Anna Riesenberd'),(1808391,3,4556,'Ann Tinucci Anderson'),(1808390,3,6454,'Ann Stamm'),(1808389,3,5692,'Ann Rushfeldt'),(1808388,3,7172,'Ann Rockswold'),(1808387,3,7109,'Ann Raschka'),(1808386,3,4797,'Ann Marie Wilson'),(1808385,3,7479,'Ann Eccles'),(1808384,3,6871,'Ann Dreier'),(1808383,3,6771,'Ann Davies'),(1808382,3,6636,'Ann Dahl'),(1808381,3,6022,'Ann Creed'),(1808380,3,4823,'Ann Broz'),(1808379,3,2413,'Angus, Alex'),(1808378,3,6059,'Angie Wisner'),(1808377,3,5392,'Angie Klouda'),(1808376,3,4590,'Angie Conley'),(1808375,3,2795,'Angell, Brad'),(1808374,3,5372,'Angela Kassube'),(1808373,3,6178,'Angela  Bysse'),(1808372,3,5821,'Andy Torkelson'),(1808371,3,5069,'Andy Clisbee'),(1808370,3,5064,'Andy Christensen'),(1808369,3,3988,'Andrews, Mary'),(1808368,3,2385,'Andrews, Laura'),(1808367,3,2249,'Andrews, Harry and Karen'),(1808366,3,2496,'Andrew, Grace'),(1808365,3,7775,'Andrew Misiura'),(1808364,3,6275,'Andrew Lalim'),(1808363,3,5341,'ANDREW JOHNSON'),(1808362,3,5041,'Andrew Caddock'),(1808361,3,4909,'Andrew Alexou'),(1808360,3,342,'Andreson, Mary Lou'),(1808359,3,341,'Andreson, Judy'),(1808358,3,5357,'Andrea Jonasson'),(1808357,3,6961,'Andrea Grasmick'),(1808356,3,6677,'Andrea Avery'),(1808355,3,6030,'Andrea Antoine'),(1808354,3,4624,'Andrea & Bruce Grant'),(1816758,7,56,'Adkins, Sheri'),(1816757,7,55,'Adkins, Kate'),(1816756,7,1633,'Adkins, Janet'),(1816755,7,3804,'Addy, Cynthia'),(1816754,7,2414,'Adath Israel'),(1816753,7,3514,'Adamson, Karen'),(1816752,7,3646,'Adams, Randy'),(1816751,7,54,'Adams, Judith'),(1816750,7,1504,'Adams, Joan'),(1816749,7,3949,'Adams, Huan'),(1816748,7,53,'Adam, Cheryl'),(1816747,7,1756,'Ace Hardware - Hyde Park'),(1820952,9,547,'American holiday lights'),(1820987,11,507,'Andy Peterson'),(1820986,11,6,'Anderson'),(1820985,11,5,'Alpine Farm'),(1822002,36,688,'Becker, Jodi'),(1821988,36,429,'Atkins, Carol & Dave'),(1821987,36,490,'Atadjanov, Bek'),(1821986,36,518,'Asplund, Lauren'),(1821985,36,96,'Aspenson, Amanda'),(1821984,36,281,'Asia, David'),(1821983,36,358,'Ash, Ryan'),(1821982,36,487,'Arbin Karibasic'),(1821981,36,422,'Anwar, Sarosh'),(1821980,36,326,'Annis, Jodi'),(1821979,36,952,'Andy Dosdall'),(1821978,36,978,'Andrea Johnson'),(1821977,36,784,'Anderson, Steve.'),(1821976,36,366,'Anderson, Steve'),(1821975,36,684,'Anderson, Robin'),(1821973,36,353,'Anderson, Kristine'),(1821974,36,119,'Anderson, Linda'),(1821972,36,762,'Anderson, Jim'),(1822895,42,104,'16848 Patricia Lane - Applegren'),(1822894,42,109,'1678 Jague Ave - Parmar'),(1822893,42,100,'16364 Wagner Way - Donnay Properties'),(1824299,44,877,'Arlis Bastys'),(1824298,44,849,'Ann & Nick Kolas'),(1824297,44,1052,'Angela Mohawk'),(1824296,44,984,'Angela Larson'),(1824295,44,236,'Andrea J / David F Kleinschmit'),(1824294,44,419,'Anderson, Mark (1026):0211027'),(1824293,44,418,'Anderson, Mark (1026)'),(1824782,46,8,'Anderson, Keith *DUP'),(1824779,46,5,'Anderson, Dennis S.'),(1824780,46,6,'Anderson, Greg'),(1824778,46,4,'Anderson, David'),(1824777,46,3,'Ames, Jennifer'),(1824776,46,2,'Ambroz, Theresa *DUP'),(1824775,46,1,'Ambroz, John'),(1824774,46,50,'Aloysius Prokott'),(1824773,46,49,'Alexandra Duchene'),(1824772,46,48,'Akins, Bobbi'),(1824771,46,47,'AB Girls U-14'),(1824770,46,46,'AB Girls U-12 B'),(1824769,46,45,'AB Girls U-12 A'),(1824768,46,44,'AB Girls U-10'),(1824767,46,43,'AA Squirt C White'),(1824766,46,42,'AA Squirt C Navy'),(1824765,46,41,'AA Squirt C Black'),(1825387,48,87,'155 Montgomery Street Associates'),(1825388,48,75,'1900 Vallejo St, San Francisco'),(1825389,48,11,'19th and Broadway'),(1825390,48,86,'255 California Street, San Francisco (2)'),(1825529,49,119,'Automate Grow Sell'),(1825527,49,232,'Andy Burick'),(1825818,52,1198,'Benenati, Lou'),(1825817,52,774,'Bench, Matt'),(1825816,52,1759,'Bemis, Amber'),(1825815,52,2016,'Bell, Katie'),(1825814,52,1164,'Bell, Cassandra'),(1825813,52,1863,'Belisle, Lauren'),(1825812,52,2175,'Beiser, Faith'),(1825811,52,1217,'Beise, Marika'),(1825810,52,1620,'Behrens, Stella'),(1825809,52,1795,'Behrends, Kathryn'),(1825808,52,962,'Beguelin, Addie'),(1825807,52,1548,'Beemer, Derek'),(1825806,52,153,'Beedy, Aleah'),(1825805,52,685,'Becker, Randy'),(1825804,52,1359,'Beck-Rosenberg, Melanie'),(1825803,52,697,'Beck, Jenny'),(1825802,52,1055,'Bechtold, Teresa'),(1825801,52,1866,'Beaupre, Daniel'),(1825800,52,920,'Beatty, Melissa'),(1825799,52,2168,'Beasley, Zak'),(1825798,52,350,'Bearden, Greg'),(1825797,52,1279,'Beale, Tian'),(1825796,52,1646,'Bazgan, Corvin'),(1825795,52,802,'baylor, aimee'),(1825794,52,1699,'Baumhoff, Molly'),(1825793,52,1527,'baumann, Susan'),(1825792,52,579,'Bauer, Mary'),(1825791,52,150,'Basque, Yzabel'),(1825790,52,306,'Bartlett, Lindsay'),(1825789,52,755,'Barrows, Matthew'),(1825788,52,1817,'Barrow, Shelly'),(1825787,52,82,'Barriault, Renee'),(1825786,52,5,'Barrett, Linda'),(1825785,52,53,'Barret, Liz'),(1825784,52,1896,'Barnett, Stacy'),(1825783,52,968,'Barnett, Allyce'),(1825782,52,293,'Barnes, Blake'),(1825781,52,846,'Barnes, Ansley'),(1825780,52,1888,'BARNABY, BRANDON'),(1825779,52,768,'Barlow, DeAnn'),(1825778,52,198,'Barker, Krystal'),(1825777,52,2270,'Barefoot, Tiffany'),(1825776,52,714,'Barclay, Katherine'),(1825775,52,79,'Barbero, Brittany'),(1825774,52,1214,'Barber, Cortney'),(1825773,52,1960,'Bannerman, Holly'),(1825772,52,425,'bang, helen'),(1825771,52,1041,'Balsis, Bernard'),(1825770,52,1405,'Ballard, Michelle'),(1825769,52,1406,'Ballard, Jessie'),(1825768,52,1406,'Ballard, Jessie'),(1825767,52,246,'Ball, Joey'),(1825766,52,141,'Balis, Lisa'),(1825765,52,1149,'Bakken-Martin, Ashley'),(1825764,52,376,'Baker, Kasidy'),(1825763,52,1138,'Bajaj, Anureet'),(1825762,52,23,'Baird, Heather'),(1825761,52,1683,'Baird, Annette'),(1825760,52,625,'Bain, Kelsey'),(1825759,52,175,'Bain, Angela'),(1825758,52,1190,'Bailey, Samantha'),(1825757,52,1972,'Bailey, Cindy'),(1825756,52,2130,'Bailey, Bonnie'),(1825755,52,432,'Bailey, Amy'),(1825754,52,2087,'Baglivo, Nicole'),(1825753,52,1053,'Backes, Karen'),(1825752,52,1723,'Bachesais, Tania'),(1825751,52,898,'bacchus, lynzie'),(1825750,52,408,'Babbitt, Chesney'),(1825749,52,943,'B, Emma'),(1825748,52,264,'Ayala, Daniel'),(1825747,52,1237,'Axelrod, NotProvided'),(1825746,52,1305,'Avery, Deanne'),(1825745,52,1627,'Autenrieth, Maxwell'),(1825744,52,868,'Austrins, Ari'),(1825743,52,927,'Aurigemma, Alissa'),(1825742,52,97,'Atwood, Taylor'),(1825741,52,891,'Attanasio, Carly'),(1825740,52,1325,'Atkinson, Donna'),(1825739,52,1773,'Atkins, Leigh'),(1825738,52,319,'Astrope, Trevor'),(1825737,52,374,'Asmar, Kyla'),(1828811,56,14676,'Braunstein, Will'),(1828810,56,8155,'Braun, Robin'),(1828809,56,14795,'Braun, Jean'),(1828808,56,14891,'Braun, Candice'),(1828807,56,12268,'Brass, Daniel'),(1828806,56,15677,'Brasile, Rose'),(1828805,56,7109,'Brasel, Hilary'),(1828804,56,10988,'Brasel, Heather'),(1828803,56,10828,'Brantley, Kelly'),(1828802,56,14874,'Branson, Lisa'),(1828801,56,10694,'Brannen, Mark'),(1828800,56,15697,'Brannan, Taylor'),(1828799,56,12575,'Branish, Jen'),(1828798,56,11080,'Brandt-Sufnarski, Tonya'),(1828797,56,14413,'Brandt, Tiffany'),(1828796,56,7010,'Brandt, Samuel'),(1828795,56,8744,'Brandt, Jane'),(1828794,56,11649,'Brandon, Emmy'),(1828793,56,9722,'Brando, Tiffany'),(1828792,56,14080,'Brandl,'),(1828791,56,12631,'Brand, Joell'),(1828790,56,9836,'Brams, David'),(1828789,56,9992,'Bramer, Pam'),(1828788,56,10119,'Bramer, Lisa S'),(1828787,56,11769,'bramer, alexander'),(1828786,56,11948,'Braley, Joe'),(1828785,56,7439,'Bragg, kelsey'),(1828784,56,15040,'Brady, Megan'),(1828783,56,9976,'Brady, Anna'),(1828782,56,12316,'Brady, Adam'),(1828781,56,9419,'Bradstreet, Oliver'),(1828780,56,12198,'Bradley, Nicole'),(1828779,56,15252,'Bradley, Megan'),(1828778,56,14048,'Bradley, Kriste'),(1828777,56,12637,'Bradley, Chris'),(1828776,56,11643,'BRADFORD, TINA'),(1828775,56,14419,'Bradford, Bethany'),(1828774,56,15120,'Braden, Kara'),(1828773,56,10991,'bracken,'),(1828772,56,12193,'Bracewell, Amy'),(1828771,56,14170,'Braaten, Richard'),(1828770,56,10724,'Bozzo, Hannah'),(1828769,56,8647,'bozik, kara'),(1828768,56,10091,'Boysen, Eric D'),(1828767,56,14484,'Boyle, Janet'),(1828766,56,12539,'Boylan, Brent'),(1828765,56,8624,'Boyer, Maggie'),(1828764,56,12055,'Boyd, Lissa'),(1828763,56,11765,'boyd, christine'),(1828762,56,10313,'BOYD LEON, CHRIS'),(1828761,56,10888,'Boyce-Schimpff, Hillary'),(1828760,56,11042,'Box, Tyler'),(1828759,56,8500,'Bowman, Norma'),(1828758,56,11881,'Bowling, Holly'),(1828757,56,11238,'Bowersock, Allison'),(1828756,56,11338,'BOWERS, KARN'),(1828755,56,8325,'Bowers, Bryan'),(1828754,56,14365,'Bowers Hynes, Sommer'),(1828753,56,13089,'Bower, Sophie'),(1828752,56,7955,'Bowell, Robert'),(1828751,56,11056,'Bowell, Rob'),(1828750,56,14087,'Bowe, Jean'),(1828749,56,10687,'Bove, Joel'),(1828748,56,14323,'Bourgon, TAMMY'),(1828747,56,10056,'Bounds, Mark'),(1828746,56,11260,'Bouman, Linda'),(1828745,56,12432,'BOULEY, JAKE'),(1828744,56,9421,'Bouldin, Susan'),(1828743,56,9460,'Boulbol, Scott'),(1828742,56,9186,'Boudreaux, Calli'),(1828741,56,7404,'Boudreau , Michelle'),(1828740,56,9819,'Bouchard, Nancy'),(1828739,56,15293,'Bottkol, Julia'),(1828738,56,7483,'Bottema, Eric'),(1828737,56,8525,'BOSUN, KANG'),(1828736,56,10581,'Boss, Darlene'),(1828735,56,8806,'Bosley, Ron'),(1828734,56,14876,'Bosch, Kate'),(1828733,56,9686,'Borstein, Lindsey'),(1828732,56,7632,'Borowski, Melinda'),(1828731,56,14052,'BOROMISA, CARRIE'),(1828730,56,10707,'Boromisa, Carolyn'),(1828729,56,8936,'Bornhorst, Julie'),(1828728,56,10871,'Bornhoeft, Elizabeth'),(1828727,56,8339,'Bornemann, Scott'),(1828726,56,13010,'Borland, Kahtleen'),(1828725,56,9569,'Borges, Tyrie'),(1828724,56,14096,'Borges, Denize'),(1828723,56,7964,'Borer, Lori'),(1828722,56,7140,'Boreland, Susan'),(1828721,56,9905,'Bookman, Peter'),(1828720,56,11422,'Boody, Pamela'),(1828719,56,12782,'Bonner, Sarah'),(1828718,56,8259,'Bonne Anderson, Susan'),(1828717,56,9374,'Boniface, Jennifer'),(1828716,56,11465,'Bong, Soojin'),(1828715,56,6990,'Boness, Cassie'),(1828714,56,7097,'Bone Adventure'),(1828713,56,9467,'Bond, Robert'),(1828712,56,15102,'Bond, Meghan'),(1828711,56,11326,'Bolstad, Erika'),(1828710,56,10400,'Bollig, Todd'),(1828709,56,7375,'Boley, Steven'),(1828708,56,7005,'Boles, Susan'),(1828707,56,7130,'Boles, Erin'),(1828706,56,11570,'bolella, erica'),(1828705,56,11568,'Boisvert, Clemence'),(1828704,56,12856,'Bohn, Marquelle'),(1828703,56,11092,'Bohm, Danielle'),(1828702,56,15179,'Boggs, Paula'),(1828701,56,12057,'Bogdan, Allison'),(1828700,56,14686,'Boerstler, RJ'),(1828699,56,12069,'Boedeker, Chris'),(1828698,56,14461,'Bodin, Kendra'),(1828697,56,9718,'Bobusch, Steve'),(1828696,56,12693,'Bobiwash, Helen'),(1828695,56,10829,'Bober, Laurin'),(1828694,56,15414,'Boatner, Lauren'),(1828693,56,13200,'Blunt, Kaitlyn'),(1828692,56,12315,'Blunden, Amy'),(1828691,56,12742,'Bluestein, Scott'),(1828690,56,15728,'Blue Sky Endurance'),(1828689,56,7509,'Blouin, Marie'),(1828688,56,9661,'Bloomberg, Mikel'),(1828687,56,10249,'Bloom, Tiffany'),(1828686,56,15262,'Bloodhart, Ann'),(1828685,56,12663,'Bloedorn, Dani'),(1828684,56,7630,'Blocker, Hugh'),(1828683,56,7737,'Block, Debra'),(1828682,56,7414,'Block, Chris'),(1828681,56,15322,'Bloch, Elizabeth'),(1828680,56,11940,'Blizzard, George'),(1828679,56,10426,'Bleichner, Julie'),(1828678,56,14046,'Blankers, Jen'),(1828677,56,13094,'Blank, Shelby'),(1828676,56,11775,'Blanco, Daniel'),(1828675,56,12431,'Blanco, Dan'),(1828674,56,7268,'Blanchard, Peter'),(1828673,56,10601,'Blanchard, Michael'),(1828672,56,8291,'Blanchard , Michael'),(1828671,56,8944,'Blancato, Gina'),(1828670,56,9058,'Blake, Timothy'),(1828669,56,12146,'Blake, Macy'),(1828668,56,15294,'Blake, Kathy'),(1828667,56,14055,'Blake, Jennifer'),(1828666,56,8054,'Blake, Brianna'),(1828665,56,9312,'BLAKE, BRANDON'),(1828664,56,8885,'Blais, Henry'),(1828663,56,9328,'Blair, Erica'),(1828662,56,14031,'Blain, Sarah'),(1828661,56,8032,'Blaedow, Katherine'),(1828660,56,8439,'Blackwell, Stephanie'),(1828659,56,14081,'Blackwell, Kendra'),(1828658,56,7462,'Blackadder, Shannon'),(1828657,56,13060,'Black, Rachel'),(1828656,56,14133,'Black, Janet'),(1828655,56,9398,'Black, James'),(1828654,56,15304,'Black, Diane'),(1828653,56,12292,'Black, Cary'),(1828652,56,7154,'BkCD Processing'),(1828651,56,8382,'Bivens, Nancy'),(1828650,56,14014,'BIVENS, JON'),(1828649,56,14367,'Bitzaya, Marduke'),(1828648,56,8379,'bitter, william'),(1828647,56,12282,'BIshop, Bernradette'),(1828646,56,10418,'Bishko, Jeremy'),(1828645,56,8398,'Bishko, Fred'),(1828644,56,8312,'Bishko, A. Jeremy'),(1828643,56,15332,'Bish, Courtney'),(1828642,56,11521,'Biscamp, Meagan'),(1828641,56,12278,'Birtzer, Jason'),(1828640,56,8143,'Birong, Roger'),(1828639,56,12183,'Biron, Olivia'),(1828638,56,15341,'Birmingham, Anita'),(1828637,56,7895,'Birkholz, Jeff'),(1828636,56,14627,'Birkholz, Beau'),(1828635,56,14495,'Bird, Linda'),(1828634,56,14290,'Bird, Dennis'),(1828633,56,12032,'Birchette, Carleen'),(1828632,56,10450,'Bircher, Justin'),(1828631,56,15616,'binkley, linda'),(1828630,56,11476,'Binder, Janna'),(1828629,56,15404,'Binder, Jane'),(1828628,56,14718,'BIn, Samantha'),(1828627,56,15085,'Biggs, Madison'),(1828626,56,14218,'Bier, Rachel'),(1828625,56,8264,'Bieke, Mackenzii'),(1828624,56,14752,'Bidler Hurley, Candy'),(1828623,56,12916,'Bidler Hurley, Candence'),(1828622,56,12878,'Bickley, Kristin'),(1828621,56,7034,'Biby, Laurie'),(1828620,56,9813,'Bible, Aaron'),(1828619,56,15820,'BibBoards'),(1828618,56,8452,'Biasi, Rosemary'),(1828617,56,8193,'Bian, Lyn'),(1828616,56,7454,'Bhuva, Shalini'),(1828615,56,7673,'Bhuva , Shalini'),(1828614,56,7132,'Bhalla, Kristine'),(1828613,56,9647,'Betz, Barrett'),(1828611,56,11633,'Beth Houlihan, Mary'),(1828612,56,9075,'Bette, Lisa'),(1828610,56,12762,'Betchwars, Jennie'),(1828609,56,15666,'BEST, KARI'),(1828608,56,8412,'Bessine, Dustin'),(1828607,56,7698,'Bessette, Nikki'),(1828606,56,15464,'Besser Barnes, Krista'),(1828605,56,8048,'Berzinski, Laura'),(1828604,56,7227,'Berumen, BreAnne'),(1828603,56,14088,'Bertulli, Karen'),(1828602,56,11329,'Bertucci, Neil'),(1828601,56,11751,'Bertolet, Kathryn'),(1828600,56,10898,'Bert, Mary'),(1828599,56,7093,'Berson, Mara Rosa'),(1828598,56,12024,'Bersie-Mize, Inez'),(1828597,56,14583,'Berry-Dorroh,'),(1828596,56,10772,'Berry, Julia'),(1828595,56,8453,'Berrington, Bradley'),(1828594,56,15005,'Berowski, Anna'),(1828593,56,10165,'Bernstein, Bernie'),(1828592,56,15521,'Bernhardt, Shaylyn'),(1828591,56,15675,'Bernhardt VanNoppen, Jean'),(1828590,56,10081,'Berndt, Tyler'),(1828589,56,7247,'Bernard, Tim'),(1828588,56,7317,'Bermejo, Amanda'),(1828587,56,13145,'Berman, Emily'),(1828586,56,7330,'Berman, Cassandra'),(1828585,56,14555,'Berkowitz, Jamie'),(1828584,56,11114,'Berka, Myndie'),(1828583,56,11016,'Bergo, Caitlin'),(1828582,56,12271,'Bergmann, Lindsey'),(1828581,56,12926,'Bergman, Katie'),(1828580,56,14077,'Bergman, Christopher'),(1828579,56,9969,'bergling, paul'),(1828578,56,11057,'Berger, Michael'),(1828577,56,12452,'Berger, Alan'),(1828576,56,8960,'Berge, Bradford'),(1828575,56,11098,'Berg, Rick'),(1828574,56,9223,'Berg, Kendra'),(1828573,56,11180,'Berg, Julie'),(1828572,56,9027,'Berg, Jennifer'),(1828571,56,7720,'Berg, Jen'),(1828570,56,15269,'Berg, Connor'),(1828569,56,9515,'Berg, Barbara'),(1828568,56,7992,'Berends, Ryan'),(1828567,56,8191,'Berath, Paige'),(1828566,56,7639,'berardi, anthony'),(1828565,56,10709,'Beranek, Joelle J'),(1828564,56,11266,'Benwell, Tracy'),(1828563,56,11369,'Bentley, Jennifer'),(1828562,56,15060,'Benson, Meghan'),(1828561,56,12220,'Benson, Ellen'),(1828560,56,12035,'Benson, Adam'),(1828559,56,13160,'Bensman, Ellen'),(1828558,56,11227,'Benoist, Emily'),(1828557,56,10436,'Benning, Jennifer'),(1828556,56,12419,'Bennett, Virginia'),(1828555,56,12473,'Bennett, Steve'),(1828554,56,10543,'Bennett, Lisa'),(1828553,56,9220,'Bennett, Kara'),(1828552,56,9106,'Bennett, Jordan'),(1828540,56,12034,'Bendy, Robert'),(1828541,56,11918,'Benedict, Amy'),(1828542,56,12136,'Benedict, Deb'),(1828543,56,9638,'Benes, Kristin'),(1828544,56,7083,'Bengtson, Lynette'),(1828545,56,11211,'Bengtson, Stacy'),(1828546,56,15700,'Benner, Thadeus'),(1828547,56,9940,'Bennett, Audrey'),(1828548,56,14515,'Bennett, Britte'),(1828549,56,14468,'Bennett, Edward'),(1828550,56,12449,'Bennett, Jill'),(1377880,88,2,'Bankcard Merch Dep'),(1808353,3,1852,'Andert, Sandy'),(1808352,3,355,'Anderson1, Lynn'),(1808351,3,335,'Anderson1, Carol');
INSERT INTO `customer` VALUES (1808350,3,3057,'Anderson,...., Mary'),(1808349,3,343,'Anderson, Wes'),(1808348,3,2207,'Anderson, Wendy'),(1808347,3,4449,'Anderson, Rodney'),(1808346,3,4347,'Anderson, Paula'),(1808345,3,3992,'Anderson, Melissa'),(1808344,3,3039,'Anderson, Mary'),(1808343,3,179,'Anderson, Lynn'),(1808342,3,340,'Anderson, Laurie'),(1808341,3,1992,'Anderson, Keith'),(1808340,3,338,'Anderson, Jill & Mitch'),(1808339,3,4207,'Anderson, Jerry'),(1808338,3,339,'Anderson, Jennifer'),(1808337,3,3557,'Anderson, Jeff'),(1808336,3,2344,'Anderson, Jean'),(1808335,3,2906,'Anderson, Jane'),(1808334,3,3905,'Anderson, Irene'),(1808333,3,3648,'Anderson, Heidi'),(1808332,3,4005,'Anderson, Gail'),(1808331,3,337,'Anderson, Doug & Teresa'),(1808330,3,263,'Anderson, Doris'),(1808329,3,2466,'Anderson, David'),(1808328,3,344,'Anderson, Dave & Joan'),(1808327,3,3127,'Anderson, Darell'),(1808326,3,1993,'Anderson, Daniel & Angie'),(1808325,3,3117,'Anderson, Curt'),(1808324,3,3282,'Anderson, Cory'),(1808322,3,215,'Anderson, Cheryl'),(1816745,7,2566,'Ace Cash Express'),(1820983,11,497,'Adaway Dairy LLC'),(1821298,13,1552,'Aetna'),(1821297,13,1331,'ADT security'),(1821970,36,481,'Anderson, Carmen'),(1821971,36,27,'Anderson, Jeff'),(1821969,36,625,'Anderson, Bridget and Brooks'),(1824764,46,40,'AA Squirt B White'),(1824763,46,39,'AA Squirt B Navy'),(1824762,46,38,'AA Squirt A'),(1824761,46,37,'AA Pee Wee C White'),(1824760,46,36,'AA Pee Wee C Navy'),(1824759,46,35,'AA Pee Wee C Black'),(1824757,46,33,'AA Pee Wee B1'),(1825391,48,405,'2610 Crow Canyon Road'),(1825386,48,21,'1150 Union Apartments'),(1825385,48,428,'100 Bush Corporation:77 Battery'),(1825528,49,184,'April Dodson'),(1825526,49,308,'Andrew Miscioscia'),(1825525,49,118,'ACS Facilities'),(1825524,49,542,'Absolute Fleet Washing'),(1825736,52,763,'Askew, Andy'),(1825735,52,127,'Asimakis, Laura'),(1825734,52,168,'Ashley, Chris'),(1825733,52,2262,'Ascheman, Pat'),(1825732,52,44,'Arriaga, Gloria'),(1825731,52,2001,'Aroune, Jenny'),(1825730,52,1153,'Aronson, Elise'),(1825729,52,939,'Arnold, Raymond'),(1825728,52,1904,'Arnold, Lisa'),(1825727,52,777,'Arnold, Drew'),(1825726,52,1841,'Argo, Kyle'),(1825725,52,1227,'Arenson, Gregory'),(1825724,52,1263,'Arellano, Anthony'),(1825723,52,1421,'Araneo, Barbara'),(1825722,52,403,'april, Brandt'),(1825721,52,439,'Appleton, Margaret'),(1825720,52,90,'Apgood, Craig'),(1825719,52,1838,'Anovick, Justin'),(1825718,52,1037,'Angle, Julie'),(1825717,52,1592,'Angell, Bethani'),(1825716,52,1672,'Angela, G Gustafson'),(1825715,52,1510,'Ange, Eric'),(1825714,52,1381,'Andrews, Christopher'),(1825713,52,1151,'Andrew, John'),(1825712,52,1927,'Anderson, Tessa'),(1825711,52,1276,'Anderson, Shantell'),(1825710,52,574,'Anderson, Morgan'),(1825709,52,933,'Anderson, Maya'),(1825708,52,266,'Anderson, Maria'),(1825707,52,203,'Anderson, Jessica'),(1825706,52,2218,'Anderson, Jennifer'),(1825705,52,123,'Anderson, Jeff'),(1825704,52,989,'Anderson, Holly'),(1825703,52,1902,'Anderson, Abigail'),(1825702,52,415,'Anders, Mackenzie'),(1825701,52,723,'AND FEED, ALASKA MILL'),(1825700,52,2066,'Ammons, Teresa L.'),(1825699,52,1910,'amidon, gretchen'),(1825698,52,230,'Ambrose, Kerri'),(1825697,52,696,'Alvarez, Hilary'),(1825696,52,197,'altman, marni'),(1825695,52,639,'Altevogt, Lynn'),(1825694,52,974,'Alm, Christina'),(1825693,52,1385,'Allred, Jedydyah'),(1825692,52,1291,'Allison, Sydney'),(1825691,52,793,'Allen, Tim'),(1825690,52,1554,'Allen, Raymond'),(1825689,52,828,'Alfonzo, Victoria'),(1825688,52,1686,'Alessandra, Montrasio, GSX 452868'),(1825687,52,190,'Aldridge, Mary'),(1825686,52,1051,'Albert, Susie'),(1825685,52,2046,'Albert, Stephanie'),(1825684,52,1881,'Albers, Kelly'),(1825683,52,993,'Alber, Kody'),(1825682,52,85,'Albanese, Stephen'),(1825681,52,206,'Ainsworth, Avery'),(1825680,52,103,'Ahmann, Robin'),(1825679,52,1782,'Ahlbrandt Willis, Traci'),(1825678,52,1250,'Aguilar, Billy'),(1828551,56,14380,'Bennett, Joan'),(1828020,55,91,'Cincinnati Window Washing LLC'),(1828539,56,14374,'Bende, Caroline'),(1828538,56,14577,'Beltzer, Scott'),(1828537,56,9047,'Belthoff, Alice'),(1828536,56,11049,'Beloff, Gail'),(1828535,56,9614,'Bello Azuaje, Celeste'),(1828534,56,12713,'Bellish, Jenna'),(1828533,56,15258,'Bellew, Melissa'),(1828532,56,7295,'Bellamy, Jimmy'),(1828531,56,14214,'Bell, Michelle'),(1828530,56,11184,'Bell, Kristin'),(1828529,56,9622,'Bell, Katie'),(1828528,56,7703,'Bell, James'),(1828527,56,15062,'Belknap, William'),(1828526,56,9792,'Belknap, Shelly'),(1828525,56,9641,'Belisle, Lauren'),(1828524,56,11725,'Beistle, Sara'),(1828523,56,11470,'Behrens, Jacque'),(1828522,56,10284,'Behrends, Kathryn'),(1828521,56,10908,'Begley, Pam'),(1828520,56,14213,'Beggs, Travis'),(1828519,56,10773,'Beethe, Kesha'),(1828518,56,7476,'Beere Johnson, Teresa'),(1828517,56,7252,'Beer, Mary'),(1828516,56,7384,'Beem, Lee'),(1828515,56,9254,'Beedy, Aleah'),(1828514,56,11972,'Beebe, Megan'),(1828513,56,9466,'Beebe, Brad'),(1828512,56,7729,'Bednarik, Kevin'),(1828511,56,9149,'Bedell, Richard'),(1828510,56,15557,'Bedell, Elizabeth'),(1828509,56,14955,'Beckman, Loni'),(1828508,56,7899,'Beckman, Kaitlin'),(1828507,56,15517,'Beckers, Roberta'),(1828506,56,13959,'Becker, Zeke'),(1828505,56,7340,'Becker, Randy'),(1828504,56,14816,'Becker, Ellen'),(1828503,56,14607,'Becker, Elizabeth'),(1828502,56,14499,'Becker, Elisa'),(1828501,56,15514,'Becker, Carrie'),(1828500,56,8175,'Beck, Megan'),(1828499,56,13055,'Beck, Laura'),(1828498,56,12644,'Beck, Kim'),(1828497,56,7855,'Beck, Jon'),(1828496,56,12128,'BECK, DEBBIE'),(1828495,56,12009,'Beck, Breena'),(1828494,56,9849,'Becher, Kathryn'),(1828493,56,7635,'Beaverson, MaryAnn'),(1828492,56,9192,'Beaupre, Daniel'),(1828491,56,15193,'Beaty, Beth'),(1828490,56,11343,'Beato, Elaina'),(1828489,56,13066,'Beasley, Allison'),(1828488,56,11912,'Beas, Valerie'),(1828487,56,12796,'Bearman, Jacob'),(1828486,56,9908,'Bearden, Greg'),(1828485,56,9698,'Beardell, Donna'),(1828484,56,7646,'Beard, Laura'),(1828483,56,11993,'Beamon, Danielle'),(1828482,56,11104,'Beals, Scott'),(1828481,56,10269,'Beale, Tian'),(1828480,56,12370,'BEALE, Giles'),(1828479,56,7597,'Beahm, Andrea'),(1828478,56,7148,'Beadle, Dorothy'),(1828477,56,12839,'Bazell, Carol'),(1828476,56,14552,'Bayless, Margaret'),(1828475,56,10651,'Baxter, Monica'),(1828474,56,15326,'Baxter, Ken'),(1828473,56,9089,'Baxter, Jennifer'),(1828472,56,15306,'Baxter, Charo'),(1828471,56,11269,'Bautz, Janis'),(1828470,56,15493,'Baumhoff, Molly'),(1828469,56,7296,'Baumgardner, Laura'),(1828468,56,12339,'Baughman, Katie'),(1828467,56,14647,'Bauer-Page, Becky'),(1828466,56,15045,'Bauer, Mary'),(1828465,56,10795,'Bauer Malandraki, Jaime'),(1828464,56,15090,'Bauder, Christina'),(1828463,56,8459,'Batterton, Rand'),(1828462,56,14352,'Batstone-Cunningham, Leah'),(1828461,56,11520,'Bathke, Nicholas'),(1828460,56,8545,'Bath, Ashley'),(1828459,56,12250,'Bates, Mary Lou'),(1828458,56,8377,'Bates, Camille'),(1828457,56,15610,'Bass, Lynn'),(1828456,56,9188,'Basque, Yzabel'),(1828455,56,15432,'Basnight, Laura'),(1828454,56,7902,'bash, karen'),(1828453,56,8679,'Bash, Danielle'),(1828452,56,14002,'Barzen, Meredeth'),(1828451,56,7924,'Barzen, Merederh'),(1828450,56,9020,'Bartos, Randy'),(1828449,56,13039,'Barton, Tyler'),(1828448,56,10662,'Barton, Kayla'),(1828447,56,11958,'Barton, Karen'),(1828446,56,11975,'Barton, Erin'),(1828445,56,9645,'Bartoletti, Rosa'),(1828444,56,9982,'Bartlett, Lindsay'),(1828443,56,9141,'Bartlett, Erin'),(1828442,56,12918,'Bartlett, Elsa'),(1828441,56,14205,'Bartlett, Caroline'),(1828440,56,14722,'Bartholme, Christina'),(1828439,56,12794,'Bartels, Josef'),(1828438,56,11733,'Barry, Mike'),(1828437,56,8997,'Barry, Dallas'),(1828436,56,10226,'Barrow, Shelly'),(1828435,56,12239,'Barron, Johanna'),(1828434,56,6974,'Barrie, Jamie'),(1828433,56,15576,'Barrett, Michael'),(1828432,56,11920,'Barrera, Sarah'),(1828431,56,11830,'Barratt, Ted'),(1828430,56,8405,'Barragan, Dianne'),(1828429,56,12396,'Barott, Nicole'),(1828428,56,11947,'Baron, Carol'),(1828427,56,8208,'Barofsky, Andrew'),(1828426,56,15290,'Barnette, Alan'),(1828425,56,10424,'Barnett, Stacy'),(1828424,56,12215,'Barnett, Scott'),(1828423,56,11357,'Barnett, Sarah'),(1828422,56,15391,'Barnett, Allyce'),(1828421,56,11130,'Barnes, Pamela'),(1828420,56,11626,'Barnes, Pam'),(1828419,56,8720,'Barnes, Kelly'),(1828418,56,6975,'barnes, jeffrey'),(1828417,56,12247,'Barnes, Edward'),(1828416,56,9971,'Barnes, Blake'),(1828415,56,14501,'Barnes, Amy'),(1828414,56,10417,'BARNABY, BRANDON'),(1828413,56,8072,'barlow, ryan'),(1828412,56,10866,'Barlow, DeAnn'),(1828411,56,11589,'Barlett, Karen'),(1828410,56,7445,'Barkman, Kelly'),(1828409,56,9779,'Barkin, Michael'),(1828408,56,7115,'Barker, Hillary'),(1828407,56,15295,'Barker, Hanna'),(1828406,56,7587,'Barker, Barbara'),(1828405,56,10807,'BARITZ, KATIE'),(1828404,56,9003,'bardon, Leslie'),(1828403,56,9443,'Barclay, Kurt'),(1828402,56,7498,'Barbour, Jennifer'),(1828401,56,12331,'Barber, Suzanne'),(1828400,56,11082,'Barber, Kathleen'),(1828399,56,11090,'Barber, Jon'),(1828398,56,13021,'Barber, Jacklyn'),(1828397,56,10831,'Barassi, Lisa'),(1828396,56,14609,'Baptiste, Brandy'),(1828395,56,8209,'Banta, Sallie'),(1828394,56,10486,'Bannerman, Holly'),(1828393,56,9086,'Banks, Carly'),(1828392,56,7471,'Bankhead, Michael'),(1828391,56,15413,'Banghart, Joyce'),(1828390,56,10574,'bang, helen'),(1828389,56,8290,'Banes, Russ'),(1828388,56,12988,'Banda, Abigail'),(1828387,56,10638,'Balzarini, Cassandra'),(1828386,56,8738,'Balsamo, Brittany'),(1828385,56,9838,'Baloochi, Robin'),(1828384,56,14437,'Ballman, Tom'),(1828383,56,15052,'Baller, Elizabeth'),(1828382,56,14145,'Ballard, Katelyn'),(1828381,56,10514,'Ballard, Jordin'),(1828380,56,10166,'Ball, Joey'),(1828379,56,9688,'Balis, Lisa'),(1828378,56,9352,'Baldwin, Rita'),(1828377,56,12619,'Baldwin, Michelle'),(1828376,56,8644,'Baldwin, Kurt'),(1828375,56,7590,'Baldwin, Emily'),(1828374,56,8298,'Baldwin, Allissa'),(1828373,56,7672,'BALDREE-NICHOLS, AMELIA'),(1828372,56,7648,'Baldree, Amelia'),(1828371,56,7542,'Balderston, Jennifer'),(1828370,56,7313,'Balcom, Donald'),(1828369,56,15388,'Balakrishnan, Anish'),(1828368,56,12822,'Balacuit, Christina'),(1828367,56,14386,'BAKST, MAKAI'),(1828366,56,15038,'Bakken, Jon'),(1828365,56,15001,'Bakken, Brittany'),(1828364,56,13172,'Bakke, Megan'),(1828363,56,9339,'Baker-Lietz, Cora'),(1828362,56,14959,'Baker, Tim'),(1828361,56,11656,'Baker, Sheridan'),(1828360,56,8378,'Baker, Patrick'),(1828359,56,15239,'Baker, Murphy'),(1828358,56,13026,'Baker, Malinda'),(1828357,56,9933,'Baker, Kasidy'),(1828356,56,8974,'Baker, Jessica'),(1828355,56,7311,'Baker, Jacob'),(1828354,56,7257,'Baker, Heather'),(1828353,56,11239,'Baker, Emily'),(1828352,56,11187,'Baker, Edward'),(1828351,56,7688,'Bajaj, Anureet'),(1828350,56,7659,'Bajaj, Anu'),(1828349,56,12424,'Baird, Linda'),(1828348,56,8420,'Bain, Aaron'),(1828347,56,12922,'Baily, Mackenzie'),(1828346,56,12771,'Baillargeon, Alexander'),(1828345,56,15338,'Bailey, Emily'),(1377322,67,512,'Analisa and Tom Barrett'),(1377321,67,277,'Amy and Jeff Lassig'),(1377320,67,481,'Amanda Henke'),(1808323,3,356,'Anderson, Cheryl & Dave'),(1808321,3,336,'Anderson, Carrie & Scott'),(1808320,3,334,'Anderson, Carol'),(1808319,3,2189,'Anderson, Brad'),(1808318,3,2469,'Anderson, Bob'),(1808317,3,2847,'Anderson, Betty'),(1808316,3,1872,'Anderson, Beth'),(1808315,3,333,'Anderson, Bernice & Oscar'),(1808314,3,4234,'Anderson, Becky & Shae'),(1808313,3,3687,'Anderson, Ann'),(1808312,3,4032,'Anderson, Andrea'),(1808311,3,2946,'Andersen, Marilyn'),(1808310,3,7580,'ANB Clean'),(1808309,3,2593,'Ananth, Narayanee'),(1808308,3,6559,'Amy Vineski'),(1808307,3,5621,'Amy Phillips'),(1808306,3,6986,'Amy Minea'),(1808305,3,4684,'Amy Lauricella'),(1808304,3,6701,'Amy Kildal'),(1808303,3,7093,'Amy Kelley'),(1808302,3,4654,'Amy Johnson'),(1808301,3,7244,'Amy Holt'),(1808300,3,4827,'Amy Haigh'),(1808299,3,6190,'Amy Evenson'),(1808298,3,5091,'Amy Crum'),(1808297,3,6121,'Amy & Adam Burgstahler'),(1808296,3,3233,'Amundson, Mary'),(1808295,3,26,'Amundson, Cathy'),(1808294,3,332,'Amundsen, Wendy'),(1808293,3,2217,'Amram, Barbara'),(1808292,3,198,'Ammerman, Julie'),(1808291,3,6552,'Amit  Mukherjee'),(1808290,3,330,'Americinn Motel and Suites'),(1808289,3,5954,'American Family Inusrance'),(1808288,3,331,'Amell, Karen'),(1808287,3,4917,'AME Community Services'),(1808286,3,4903,'Amara Abood'),(1808285,3,5511,'Amanda Miller'),(1808284,3,5504,'Amanda McVay'),(1808283,3,5449,'AMANDA LEPAGE'),(1808282,3,5130,'Amanda Drews'),(1808281,3,7043,'Amanda Cichy'),(1808280,3,5030,'Amanda Burke'),(1808279,3,7552,'Amanda  Maklin'),(1808278,3,329,'Althaus, Martha & Steve'),(1808277,3,2889,'Altfftadt, Karen'),(1808276,3,2889,'Altfftadt, Karen'),(1808275,3,327,'Altenburg, Mary'),(1808274,3,1991,'Altafullah, Tabinda'),(1808273,3,328,'Alme, Sheri'),(1808272,3,6624,'Allison  Walker'),(1808271,3,6240,'Allison  Sills'),(1808270,3,315,'Allina Health System'),(1808269,3,357,'Alley, Kay'),(1808268,3,358,'Alley, Jodi & Mike'),(1828344,56,14457,'Bailey, Elizabeth'),(1828343,56,10495,'Bailey, Cindy'),(1828342,56,12364,'bailey, chelsee'),(1828341,56,10745,'Bailey, Ariel'),(1828340,56,10580,'Bailey, Amy'),(1828339,56,8760,'Baierl, Hubert'),(1828338,56,9215,'Baier, Amie'),(1828337,56,11777,'Bahr, Kirsten'),(1828336,56,9543,'Bagley, Victoria'),(1828335,56,8775,'Bagg, Katelyn'),(1828334,56,9594,'Baer, Elias'),(1828333,56,15544,'Badillo, Jaime'),(1828332,56,11335,'Bade, Courtney'),(1828331,56,14841,'Backman, Amy'),(1828330,56,9500,'Backes, Teresa'),(1828329,56,13043,'backer, Lindsay'),(1828328,56,8515,'Bachmeir, Kimberly'),(1828327,56,14913,'Bachesais, Tania'),(1828326,56,15189,'Bacher, Maria'),(1828325,56,8186,'Bacher, Lindsay'),(1828324,56,13956,'Bacheais, Tania'),(1828323,56,13146,'Babl, Azlan'),(1828322,56,12414,'Babcock, Meredith'),(1828321,56,14614,'Babbitt, Kate'),(1828320,56,10562,'Babbitt, Chesney'),(1828319,56,11532,'BABAT, JACKIE'),(1828318,56,14141,'B. Zinn, Collette'),(1828317,56,7383,'B, Michelle'),(1828316,56,14969,'B Coudert, Kelly'),(1828315,56,14754,'Aznar, Mekita'),(1828314,56,12524,'Ayre, Abigael'),(1828313,56,10739,'Ayoob, Alice'),(1828312,56,11201,'Aydin, Iraz'),(1828311,56,10177,'Ayala, Daniel'),(1828310,56,14233,'Axinn, Michael'),(1828309,56,14777,'Awoyinka, Lola'),(1828308,56,10633,'Avery, Deanne'),(1828307,56,12791,'Avedikian, Nicole'),(1828306,56,13966,'Autry, Lisa'),(1828305,56,8922,'Autrey, Debra'),(1828304,56,10382,'Austrins, Ari'),(1828303,56,14705,'Austin, Joanne'),(1828302,56,8764,'Ausk, Bonnie'),(1828301,56,9512,'Aulicino, Amanda'),(1828300,56,11368,'Augusto, Kimberlee'),(1828299,56,14768,'Augustin, Andrew'),(1828298,56,7098,'Augusta Dog Training'),(1377319,67,508,'Alison Damonte'),(1377318,67,72,'Alexander Montague-Sparey'),(1377549,76,292,'Allison'),(1808267,3,4318,'Allen, Terri'),(1808266,3,4041,'Allen, Russell'),(1808265,3,361,'Allen, Paul'),(1808264,3,2187,'Allen, Linda & Scott'),(1808263,3,3714,'Allen, Joe'),(1808262,3,359,'Allen, Joanne'),(1808258,3,5141,'Alicia Eberhardt'),(1808259,3,7131,'Alicia Pink'),(1808260,3,2164,'Alioto, Phillip'),(1815578,4,1527,'Alrich, Matt'),(1815577,4,1225,'Alexander, Jay'),(1815576,4,1239,'Alexander, Donna & Jay'),(1815575,4,1045,'Alegi, Amy & Paul'),(1816541,6,343,'Anne/David Lee'),(1816540,6,520,'Andrea Ruppert'),(1825677,52,88,'Affrunti, Jon'),(1824291,44,822,'Amy Fesenmaier'),(1825676,52,2085,'adler, lindsay'),(1825675,52,1719,'Ade, Stephanie'),(1825674,52,2231,'Adcock, John'),(1825673,52,2057,'Adams, Alison'),(1825672,52,1016,'Acosta, Angela'),(1825671,52,1939,'Abel, Gina'),(1828297,56,7934,'Auerbach, Jessica'),(1828296,56,9085,'Auer, Stacey'),(1828295,56,9065,'AuBuchon, Kim'),(1828294,56,15226,'Aubn, Melanie'),(1828293,56,13972,'Aubin, Melanie'),(1828292,56,12495,'Aubin, Jaime'),(1828291,56,9864,'Atwood, Taylor'),(1828290,56,15551,'Attwell, Kirby'),(1828289,56,14898,'Attoe, Erica'),(1828288,56,14171,'Attarian, Ginger'),(1828287,56,9306,'Atsas, Stella'),(1828286,56,7047,'Atkinson, Rachel'),(1828285,56,12672,'Atkin, James'),(1828284,56,14834,'ATHENS, JANET'),(1828283,56,12557,'Aten, Carol'),(1828282,56,9833,'Astrope, Trevor'),(1828281,56,15039,'Astrope, Amber'),(1828280,56,9073,'Asp, charlene'),(1828279,56,9931,'Asmar, Kyla'),(1828278,56,8661,'Askew, Andrew'),(1828277,56,9678,'Asimakis, Laura'),(1828276,56,11473,'Ashworth, Korrie'),(1828275,56,9293,'Ashton, Kelly'),(1828274,56,7835,'Ashley, Dennis'),(1828273,56,9267,'Ashley, Chris'),(1828272,56,7290,'Ashley Wilson, GSX 374647'),(1828271,56,15188,'Asher, Betsy'),(1828270,56,12971,'Asbury, Ryan'),(1828269,56,7949,'Asanovic, Sandy'),(1828268,56,12905,'Arroyo, Adriana'),(1828267,56,12681,'Arriola, Jennifer'),(1828266,56,12722,'Arrington, Robert'),(1828265,56,12863,'Arreguin, Meagan'),(1828264,56,10303,'Aroune, Jenny'),(1828263,56,11550,'Aronoff, Ruth'),(1828262,56,10788,'Arnold, Shannon'),(1828261,56,11525,'Arnold, Molly'),(1828260,56,10434,'Arnold, Lisa'),(1828259,56,7897,'Arnold, Cheryl'),(1828258,56,9862,'Arneson, Peter'),(1828257,56,12882,'Arneson, Karen'),(1828256,56,11513,'Arnaud, Joanne'),(1828255,56,11275,'Armstrong, Lorie'),(1828254,56,14929,'Armstead, Anyssa'),(1828253,56,14049,'Armin, Marty'),(1828252,56,12010,'Armentino, Kristy'),(1828251,56,15101,'Arlinghaus, Erin'),(1828250,56,7412,'Arietta, Jeanette'),(1828249,56,10254,'Argo, Kyle'),(1828248,56,14151,'Arganbright, Abigail'),(1828247,56,10144,'Argabright, Jessica'),(1828246,56,7222,'Arenson, Gregory'),(1828245,56,8336,'Arensmeier, Susan'),(1828244,56,14701,'Arendes, Carine'),(1828243,56,9743,'Arenas, Daniel'),(1828242,56,12145,'Arechiga, Ramona'),(1828241,56,12650,'Ardery, Kristin'),(1828240,56,10658,'Archie, Jennifer'),(1828239,56,12541,'Archer, Jill'),(1828238,56,12680,'Archer, Heidi'),(1828237,56,11669,'Arata, Bryce'),(1828236,56,11257,'Aptaker,'),(1828235,56,8385,'Apsens, Kathryn'),(1828234,56,9951,'april, Brandt'),(1828233,56,12440,'Applin, Gail'),(1828232,56,9837,'Appleton, Margaret'),(1828231,56,8681,'Appleton, Beth'),(1828230,56,14169,'APPERSON, AMY'),(1828229,56,11272,'Apodaca, Rachel'),(1828228,56,9692,'Apgood, Craig'),(1828227,56,15439,'anway, charles'),(1828226,56,12428,'Antony, Kayla'),(1828225,56,12887,'Antonellis, MaryAnne'),(1828224,56,7667,'Anton, Kirk'),(1828223,56,9061,'Antinozzi, Andrea'),(1828222,56,9472,'Anthony Adam Gross, NotProvided'),(1828221,56,10700,'Antayhua, German'),(1377317,67,32,'Aedie McEvoy'),(1377548,76,266,'Alison Wild'),(1377744,87,5,'Amy Buckmeir'),(1808151,1,351,'Adjustment'),(1808261,3,5611,'ALISON PETERSON'),(1816539,6,445,'Andrea & Chad Lati'),(1816538,6,346,'Amy/Jeremy Langevin'),(1816537,6,530,'Amy Abercrombie'),(1828220,56,7438,'Ansanitis, Stefanie'),(1828219,56,10251,'Anovick, Justin'),(1828218,56,12259,'Anneke, Cindy'),(1828217,56,14187,'Anna, Swenson,'),(1828216,56,11481,'ANNA, NELSON'),(1828215,56,8261,'Anna Zaldarriaga, Maria'),(1828214,56,8544,'Angulo, Albert'),(1828213,56,9378,'Angone, Elyse'),(1828212,56,12494,'Angell, Bethani'),(1828211,56,14279,'angelis, lynda'),(1828210,56,14827,'Angel, Richard'),(1828209,56,10425,'Ange, Eric'),(1828208,56,14144,'Aney, Victoria'),(1828207,56,10542,'Andrews, Tim'),(1828206,56,8344,'Andrews, Misty'),(1828205,56,15068,'Andrews, Mark'),(1828204,56,8962,'andrews, judy'),(1828203,56,7793,'Andrews, Jeffrey'),(1828202,56,10107,'Andrew, J Kavie'),(1828201,56,15329,'Andreska, Erik'),(1828200,56,11299,'anderson, Tinamarie'),(1828199,56,10454,'Anderson, Tessa'),(1828198,56,9630,'Anderson, Tess'),(1828197,56,7320,'Anderson, Susan Bonne'),(1828196,56,15305,'Anderson, Shari'),(1828195,56,9740,'Anderson, NotProvided'),(1828194,56,9235,'Anderson, Niki'),(1828193,56,10883,'Anderson, Maya'),(1828192,56,15094,'Anderson, Mary'),(1828191,56,10178,'Anderson, Maria'),(1828190,56,7986,'Anderson, Maren'),(1828189,56,10708,'Anderson, Lincoln'),(1828188,56,9317,'Anderson, Laura'),(1828187,56,8462,'Anderson, Kyle'),(1828186,56,14843,'Anderson, Kristina'),(1828185,56,14327,'Anderson, Karin'),(1828184,56,14593,'Anderson, Karen'),(1828183,56,15421,'Anderson, Judith'),(1828182,56,14566,'Anderson, Jessie'),(1828181,56,8466,'Anderson, Jessica'),(1828180,56,10114,'Anderson, Jennifer'),(1828179,56,7833,'Anderson, Jeff'),(1828178,56,8690,'Anderson, Hunter'),(1828177,56,8612,'Anderson, Holly'),(1828175,56,15100,'Anderson, Erin'),(1808257,3,6013,'Alicia  Stoll'),(1815574,4,1020,'Akradi, Emily'),(1815573,4,1162,'Agerland, Leslie & Kelly'),(1815572,4,1199,'Adams, Zachary'),(1815571,4,1685,'Abercrombie, Amy'),(1815570,4,1501,'Abben, Kyle & Aimee'),(1815569,4,1344,'Aaron Broten'),(1815568,4,1798,'AAA Teams'),(1815567,4,595,'AAA Midwest Warriors'),(1815566,4,1709,'2020 Summer Camp'),(1816746,7,2083,'Ace Hardware #4193'),(1816744,7,2810,'Accumet Specialty Metals'),(1816743,7,2072,'Acceptance Insurance'),(1816742,7,1645,'Academy, Youthland'),(1816741,7,2981,'ABS Business Products **'),(1820951,9,554,'Absolute Clean'),(1821422,19,871,'Abbott Northwestern Hospital:1834737 W2470 Lights Out'),(1821415,19,869,'Abbott Northwestern Hospital:1696076 CK3738 Lights Out'),(1821414,19,868,'Abbott Northwestern Hospital:1683823 W5309 Lights Out'),(1821413,19,854,'Abbott Northwestern Hospital:1577708 Courage Kenny Rehab Microwaves'),(1821412,19,867,'Abbott Northwestern Hospital:1577706 W5355 Lights Under Desks'),(1821411,19,866,'Abbott Northwestern Hospital:1577457 W1262 Lights Burnt Out in Copy Room'),(1821968,36,643,'Anders, Patrick'),(1821967,36,58,'Amundson, Luanne'),(1821966,36,343,'Amundson, Lori'),(1821965,36,818,'Amber Younan'),(1821964,36,46,'Amb, Chad'),(1821963,36,923,'Amanda Gomez'),(1821962,36,65,'Allen, Nancy'),(1828176,56,14185,'Anderson, Hannah'),(1822892,42,173,'1626 Garden Ave. - Stewart'),(1822891,42,32,'1615 Linner Court - Farley'),(1822890,42,39,'1613 E 87th Street - Peterson, Jason'),(1822889,42,106,'1609 Elliot Ave. So. - Julie Meredith'),(1822888,42,40,'1607 Linner Court - Iten'),(1822887,42,133,'1602 Linner Court - Rogers'),(1822886,42,291,'1601 Laguna Ave. - Laguna Apts'),(1822885,42,73,'15512 Boulswe Pointe Road - Holman'),(1824758,46,34,'AA Pee Wee B2'),(1824756,46,32,'AA Pee Wee A'),(1824755,46,31,'AA Junior Gold B'),(1824754,46,30,'AA Bantam C White'),(1824753,46,29,'AA Bantam B White'),(1825383,48,426,'100 Bush Corporation'),(1828174,56,7224,'Anderson, Eric'),(1828173,56,7850,'Anderson, Cordelia'),(1828172,56,7620,'Anderson, Brittney'),(1828171,56,7084,'Anderson, Betty'),(1828170,56,15506,'Anderson, Amanda'),(1828169,56,14540,'Anderson, Allyson'),(1828168,56,10432,'Anderson, Abigail'),(1828167,56,11430,'anderson, abby'),(1828166,56,7773,'Anderson , tess'),(1828165,56,7316,'Anderson , Cody'),(1828164,56,10626,'Anders, Stephanie'),(1828163,56,10569,'Anders, Mackenzie'),(1828162,56,9036,'Anders, Evan'),(1828161,56,10914,'and Yaffa, Barbara, Sam'),(1828160,56,12372,'and Sharon Gordon, Douglas'),(1828159,56,12366,'and Karen McGuire, Jay'),(1828158,56,9373,'AND FEED, ALASKA MILL'),(1828157,56,9043,'Amys, Katherine'),(1828156,56,8730,'Amundson, Cassie'),(1828155,56,10371,'Ammons, Teresa L.'),(1828154,56,11466,'Amirata, Ralph'),(1828153,56,7867,'AMIDON, GRETCHEN'),(1828152,56,14324,'Amerling, Kaitlyn'),(1828151,56,11006,'Amend, Jessie'),(1828150,56,10085,'Ambrose, Kerri'),(1828149,56,14312,'Ambelang, Roderick'),(1828148,56,7151,'Amazon.com_427'),(1828147,56,7181,'Amazon.com_407'),(1828146,56,7189,'Amazon Canada'),(1828145,56,7182,'Amazon'),(1828144,56,7794,'Amato, Regan'),(1828143,56,12917,'Alwine, Phoebe'),(1828142,56,7234,'Alvarez, Gerardo'),(1828141,56,12386,'Alvarez, Alex'),(1828140,56,7089,'Altschul, Nomee'),(1828139,56,9520,'Altman, Marni'),(1828138,56,7341,'Altevogt, Lynn'),(1828137,56,10674,'Altevogt, Brad'),(1828136,56,12270,'Alt, Hannah'),(1828135,56,9538,'Alsop, Brittany'),(1828134,56,11277,'Alperstein, Jill'),(1828133,56,10860,'Allred, Paige'),(1828132,56,9551,'Allman, Jane'),(1828131,56,8773,'Allison, Sydney'),(1828130,56,8677,'Allhiser, Gloria'),(1828129,56,8677,'Allhiser, Gloria'),(1828128,56,12443,'Allen, Tim'),(1828127,56,12734,'Allen, Staci'),(1828126,56,11833,'Allen, Michael'),(1828125,56,12052,'Allen, Joan'),(1808256,3,4920,'Alice Anderson'),(1808255,3,4991,'Alice & Richard Bitzer'),(1808254,3,7345,'Alice  Qputh'),(1808253,3,3652,'Aliano, Valerie'),(1808252,3,4817,'Ali Shouman'),(1808251,3,6248,'Ali Maclean'),(1808250,3,4910,'Alger Construction'),(1808249,3,3055,'Alfinito, John'),(1808248,3,74,'Alexiu, Andrew'),(1808239,3,141,'Aldritt, Marilyn'),(1808247,3,7362,'Alexis Simonson'),(1808246,3,6452,'Alexi Boyce'),(1808245,3,4088,'Alexander, Mrs.'),(1808244,3,7322,'Alexa Hansen'),(1808243,3,6165,'Alex Kachkovskys Neighbor'),(1808241,3,7121,'Alex Johnston'),(1816739,7,51,'Abrahamson, Linda'),(1821410,19,856,'Abbott Northwestern Hospital:1577106 TAF Dock Trash Compactor'),(1821408,19,895,'Abbott Northwestern Hospital:1576789 WB207 Lights Out'),(1821409,19,865,'Abbott Northwestern Hospital:1577051 TAF 4th Floor Light Out'),(1821407,19,563,'Abbott Northwestern Hospital:1234'),(1821406,19,852,'Abbott Northwestern Hospital:1039 Allina Kitchen Shunt trip breaker'),(1824292,44,611,'Amy Mcannany'),(1821961,36,507,'Ali, Darius'),(1821960,36,537,'Alfano, Joe'),(1821959,36,949,'Ahnna Mahoney'),(1828124,56,8706,'Allen, Jayme'),(1822884,42,156,'15021 Tommer Lane - Velure'),(1822883,42,34,'15021 Tammer Lane - Velure'),(1822882,42,124,'14911 Osage Street - Bromen'),(1822877,42,35,'14711 Woodruff Rd - Johnson, Ron'),(1822878,42,55,'14734 Oakways Ct - Jorgensen'),(1822879,42,166,'14757 Oakways Court - Fitch-Markham'),(1822881,42,56,'14845 McGinty Road W - Boeddeker'),(1824290,44,831,'Amy Chihak'),(1824289,44,943,'Amindra Arora'),(1824288,44,848,'Alex Keehn'),(1824752,46,28,'AA Bantam B Navy'),(1825523,49,228,'Aaron Parker'),(1808242,3,6164,'Alex Kachkovsky'),(1825649,51,127711,'Customer (Check refund)'),(1828123,56,10747,'Allen, Daphne'),(1828122,56,8517,'Allen, Ann'),(1828121,56,8270,'Allen, Angela'),(1828120,56,14826,'Allen, Amanda'),(1828119,56,8346,'Allen Caldwell'),(1828118,56,15589,'Allebaugh, R.'),(1828117,56,7367,'Alfrey, Lauren'),(1828116,56,7312,'Alfonzo, Victoria'),(1828115,56,10018,'Alexandriuk, Kim'),(1828114,56,11834,'Alexander, Shay'),(1828113,56,12421,'Alexander, Sarahanne'),(1828112,56,8117,'Alejo, Allison'),(1828111,56,11048,'Aldrete, kathy'),(1828110,56,15549,'Aldinger, Amy'),(1828109,56,15228,'Albright, Anne'),(1828108,56,15561,'Albrecht, Monika'),(1828107,56,7429,'Albrecht, Beth'),(1828106,56,9308,'Albert, Susie'),(1828105,56,10351,'Albert, Stephanie'),(1828104,56,8184,'Albert, Cynthia'),(1828103,56,8099,'Albert, Caleb'),(1828102,56,10410,'Albers, Kelly'),(1828101,56,7956,'Albers, Brett'),(1828100,56,11354,'Albares, Neil'),(1828099,56,14059,'Akright, Sarah'),(1828098,56,15411,'Akitt, Edward'),(1828097,56,10695,'Akers, Nancy'),(1828096,56,8985,'Aiva Suen, GSX 413248'),(1828095,56,10750,'Aiudi, Chelsea'),(1828094,56,8320,'Ainsworth, Avery'),(1828093,56,14587,'Ainlay-Conley, Jacqui'),(1828092,56,14005,'Aikman, Evelyne'),(1828091,56,8830,'Aiello, Jeremy'),(1828090,56,7866,'aichele, molly'),(1377547,76,1036,'Alex Silva'),(1377546,76,1038,'Alex - Method Madness'),(1377545,76,93,'Alex'),(1377544,76,161,'Agnes Lara'),(1377743,87,4,'Alex Tarshickov'),(1808240,3,3274,'Aleckson, Shirley'),(1808238,3,1441,'Alderman, Omar'),(1808237,3,7304,'Alden Hanson'),(1808236,3,2710,'Alcock, Trish'),(1808235,3,2354,'Albu, Erin'),(1808234,3,326,'Albright, Kathy & Brian'),(1808233,3,3845,'Albright, Allison'),(1808232,3,325,'Albrecht, Jan and Gerry'),(1815565,4,1633,'2020 AAA'),(1815564,4,1573,'2019 Summer Camps'),(1815561,4,1582,'2019 Futures'),(1815563,4,1564,'2019 Summer Camp'),(1815562,4,1570,'2019 Golf and Hockey Camp'),(1828089,56,14399,'Ahrens, Kirsten'),(1828088,56,15699,'Ahn, Greta'),(1828087,56,9776,'Ahn, Ellen'),(1828086,56,9653,'Ahmann, Robin'),(1828085,56,8492,'Ahmad, Rachel'),(1828084,56,9486,'Ahlgren, Ashley'),(1828083,56,10270,'Ahlbrandt Willis, Traci'),(1828082,56,12934,'Aguilar, Oswaldo'),(1828081,56,12236,'Agstin, Jerome'),(1828080,56,12725,'Agid, Paul'),(1828079,56,7906,'Agar, Andrea'),(1828078,56,9690,'Affrunti, Jon'),(1828077,56,7979,'Aeran Kim, GSX 386154'),(1828076,56,10624,'Adymy, Jenna'),(1828075,56,14944,'Adolph, Alden'),(1828074,56,9549,'Adolfo, Bernice'),(1828073,56,11281,'Adler, Susan'),(1828072,56,12628,'Adler, Lindsay'),(1828071,56,12749,'Adler, Alison'),(1828070,56,15570,'Adise, Nancy'),(1828069,56,11060,'Adilman, Elizabeth'),(1808231,3,324,'Alberts, Mary'),(1808230,3,2882,'Albers, Ed'),(1808229,3,6523,'Alan Bell'),(1808228,3,7056,'Alan  Mastro'),(1808227,3,5857,'Al Welch'),(1808226,3,7392,'Al Gelschus'),(1816536,6,409,'Amy & Dan Madsen'),(1816740,7,52,'Abrams, Latasha'),(1816738,7,50,'Abraham, Seham'),(1816737,7,3941,'Abra Auto Body and Glass'),(1816736,7,3578,'Abilities in Motion'),(1816735,7,2824,'ABF'),(1816734,7,49,'Abercrumbie cc, Claudia'),(1816733,7,48,'Abelardo, Michele'),(1816732,7,2565,'Abco Safety'),(1816731,7,47,'Abboushi, Leah'),(1816730,7,3159,'Aaron\'s Rental - Hamilton'),(1816729,7,39,'Aaron\'s Rent - Elliot'),(1816728,7,2721,'Aaron Rents C1395 - Reading'),(1816727,7,2564,'Aaron Rents - Ohio'),(1816726,7,2007,'Aaron Rents - Milford'),(1824286,44,1036,'Ajay Vandana Nehra'),(1824751,46,27,'AA Bantam A'),(1824750,46,26,'16U Boys'),(1825648,51,128017,'Amazon Payment'),(1828068,56,9459,'Ade, Stephanie'),(1828067,56,12416,'Addis, Broc'),(1828066,56,7373,'Adamson, Robin'),(1828065,56,14015,'Adamski, Claire'),(1828064,56,7482,'Adams, Theresa'),(1828063,56,12834,'Adams, Phyllis'),(1828062,56,15455,'Adams, Kristen'),(1828061,56,15225,'Adams, Karen'),(1828060,56,13113,'Adams, Heather'),(1828059,56,12500,'Adams, Gabbi'),(1828058,56,8199,'Adams, Beautiful Kristen'),(1828057,56,10364,'Adams, Alison'),(1828056,56,12618,'Adair, Misty'),(1828055,56,11578,'Adair, Ann'),(1808225,3,4576,'Al & Jean Breitbarth'),(1808224,3,5771,'Al & Dianne Stene'),(1808223,3,6628,'Al & Colette Welch'),(1825384,48,427,'100 Bush Corporation:65 Battery St.'),(1825647,50,100,'Obachan'),(1828054,56,9555,'Acuna, Lori'),(1828053,56,11734,'Acquaviva, Kimberly'),(1828052,56,7803,'Acosta, Kristina'),(1828051,56,7565,'Ackland , Kathy'),(1828050,56,7448,'Acker, Erin'),(1377316,67,263,'Academy Express LLC'),(1808222,3,537,'Akhigbe, Angela & Ben'),(1808221,3,6227,'Akankasha Baandal'),(1808220,3,3768,'Ainsworth, Susan'),(1808219,3,2713,'Ahmed, Shelly'),(1815560,4,1576,'2019 AAA'),(1815559,4,1572,'04/05 Breakaway'),(1815558,4,1105,'*'),(1815557,4,1507,'(Braden O’Connell), Jeffrey Kissner'),(1816725,7,2377,'Aaron Rents #CO290 - Dixie'),(1816724,7,2692,'Aaron Rents #1274 *'),(1816721,7,2429,'AAA - 1'),(1816723,7,4327,'Aaron  Doerflein'),(1821351,14,1,'Bunzl'),(1821405,19,507,'Abbott Northwestern Hospital:1022 35346 LED Retrofit'),(1821958,36,95,'Adrian, Kyle'),(1821957,36,814,'Adam Jakolski'),(1821956,36,869,'Aaron Johnson'),(1821955,36,886,'1989'),(1822819,41,143,'1106 17th'),(1377314,67,64,'2011 NV Snow Trust'),(1377543,76,71,'Adam Stevenson'),(1377542,76,51,'Adam Shopkorn'),(1377742,87,3,'Aimee Krezinski'),(1377741,87,2395,'Acapulco Mexican'),(1808218,3,2168,'Ahlm, Dawn'),(1808217,3,4009,'Ahl, Elizabeth'),(1808216,3,3546,'Aguilar, Terry'),(1808215,3,3637,'Agri-Systems/Systems West Inc'),(1808214,3,4395,'Agrey, Marjorie'),(1808213,3,322,'Agnew, Stacy'),(1816535,6,469,'Amber Elfstrom'),(1816534,6,395,'Alissa & Corey Bergman'),(1816533,6,410,'Alex Kronick'),(1816532,6,368,'Alea & Zach Bruender'),(1822880,42,17,'1484 Osprey Court - Jurgens'),(1822875,42,37,'1408 Linden St W - Terwedo'),(1828049,56,15255,'Achterhof, Sarah'),(1828048,56,7743,'Abu-Hassan, Rachid'),(1828047,56,7279,'Abernathy, Wayne'),(1828046,56,10465,'Abel, Gina'),(1828045,56,11051,'Abdalla, Laurel'),(1828044,56,14679,'Abbitt, Robbyn'),(1828043,56,8017,'Abbi Ayre,  NZ2008049'),(1828042,56,15671,'Abbatessa, Samantha'),(1828041,56,11154,'Aaron, Suzanne'),(1828040,56,14356,'A. Wallace, Waddell'),(1828039,56,12299,'A. Kaune, Kristin'),(1377541,76,277,'A Typical Day Inc'),(1377540,76,53,'50 Golborn'),(1377539,76,262,'2R Creative Pilar Zeta - Faena'),(1377538,76,269,'1 Trick Pony'),(1808212,3,4464,'Agar, Lori'),(1808211,3,6858,'Adrienne Beckett'),(1808210,3,2751,'Adler, Grace'),(1808209,3,4155,'Addington, Marlene'),(1808208,3,4947,'ADDIE BAKER'),(1808207,3,1894,'Adams, Sidonia'),(1808206,3,73,'Adams, Nancy'),(1828038,56,7930,'A Hobensack, Leslie'),(1828037,56,12280,'A donoghue, Margaret'),(1828036,56,7874,'604-790-1374 kennedy, eliott'),(1377315,67,234,'Abigail Rose and Michael Blum'),(1808205,3,3070,'Adams, Lynn'),(1808204,3,1990,'Adam, Lisa'),(1808203,3,5503,'Adam McPherson'),(1808202,3,5936,'Adam Kaping'),(1808201,3,5182,'Adam Fink'),(1808200,3,5806,'Adam & Kristen Thompson'),(1808199,3,320,'Ackland, Chuck'),(1808198,3,6631,'Accredited Investors'),(1808197,3,319,'Abts, Jane  & Jim'),(1808196,3,534,'Aboody, Denise'),(1808195,3,3298,'Abeler Properties'),(1808194,3,5521,'ABDULLAH MOHAMED'),(1808193,3,6860,'Abbie Boettcher'),(1808192,3,318,'Aas, Ann'),(1808191,3,4062,'Aarsvold, Joel'),(1808190,3,2300,'Aarrestad, Phil'),(1808189,3,317,'Aarrestad, Kay'),(1808188,3,7565,'Aaron  Cherveny'),(1808187,3,4625,'A. Guidera'),(1808186,3,5697,'A Samatar'),(1808185,3,3479,'???, Penny'),(1808184,3,1950,'?, Kim'),(1808183,3,1890,'?, Erin'),(1808182,3,2461,'..Kelly, Mark'),(1808181,3,2934,'.., Barry'),(1808180,3,3642,'(Lee Krahenbuhl), Hamline Constr.'),(1808178,3,3822,'(Don Smith), The West Forty'),(1816531,6,518,'Akanshe Sinha'),(1816530,6,429,'Abby & Hans Larson'),(1816722,7,2256,'AAA-Ohio Auto Club'),(1816720,7,3511,'A/R Adjustment'),(1816719,7,2457,'A-1 Vacuum Cleaners'),(1816718,7,2559,'A Taste of Julia\'s'),(1816717,7,1750,'A One Cleaners'),(1816716,7,4018,'A Old Spaghetti Factory'),(1816715,7,4118,'A McCluskey Chevolet'),(1816714,7,1980,'A Hair Place'),(1816713,7,3994,'?, Sandip'),(1816712,7,3931,'9990 Int\'l. Blvd., Anna Collier -'),(1816711,7,3929,'4440 Mulhauser, Anna Collier -'),(1816710,7,3094,'25th Hour'),(1816709,7,2946,'2.75 Deluxe Cleaners & Alterations'),(1816708,7,3930,'11815 Highway Dr., Anna Collier -'),(1816707,7,2368,'1 Healthcare'),(1821404,19,457,'Abbott Northwestern Hospital:1021 Prioritized Lighting Areas'),(1821403,19,461,'Abbott Northwestern Hospital:1021 ANW Prioritized Lighting Areas'),(1821402,19,82,'Abbott Northwestern Hospital'),(1824287,44,636,'Al Bickner'),(1822876,42,194,'1446 Colleen Ave.- Kasper-Metamorphosis'),(1822874,42,62,'13991 Tribal Trail - Ravich'),(1822873,42,258,'13755 Elkhart Ct - Chassie'),(1822872,42,266,'1322 Central Ave. - McGrath'),(1822871,42,105,'13106 April Lane - MacDonald'),(1822870,42,127,'12920 Maywood Lane - Magnuson'),(1822869,42,146,'12917 Maywood Lane - Frank'),(1822868,42,154,'12909 Maywood Lane - Meyer'),(1822867,42,74,'12850 Hudson Blvd - Vang'),(1822866,42,138,'12608 Hilloway Rd W - Cousineau'),(1822865,42,168,'1224 Foxwood Ct - Roosa'),(1822864,42,51,'1219 Hartford Ave. - Kendle'),(1822863,42,63,'11886 Tapestry Lane - Bail'),(1822862,42,116,'113 26th Street E-Chroma'),(1822861,42,148,'110934 Von Hertzen Circle - Carlson'),(1821401,19,796,'4544970'),(1821400,19,795,'4544371'),(1821399,19,767,'4528268'),(1821398,19,160,'36488Snelling'),(1820984,11,260,'Al Zenner'),(1820982,11,176,'Accent'),(1820981,11,454,'A Growing Experience'),(1822859,42,97,'11 Heather Place - Johnson'),(1822860,42,293,'1103 Cannon Circle'),(1822858,42,197,'109 Sandyhook Road - Dunlap'),(1822857,42,95,'1020 29th Ave. NE - Roosa'),(1824285,44,417,'Agrimson, Maret (1001):0211002'),(1824283,44,958,'Adam Loavenbruck'),(1824284,44,416,'Agrimson, Maret (1001)'),(1825670,52,861,'Abbott, Christopher'),(1825669,52,2165,'Abad, Jonathan'),(1816705,7,4153,'(Paul Howell) Sharonville Exec. Ctr'),(1816706,7,4033,'-1,528 Allen Bldrs'),(1816704,7,4113,'(April Taylor) Mark Ruehlmann Res.'),(1816703,7,4142,'#NAME? Redknot Hms.'),(1821349,14,74,'Alvin'),(1821348,14,75,'A- Meat Shoppe'),(1822856,42,151,'10100 Crosstown Circle - LKH Investments'),(1828035,56,12433,'., Kathryn'),(1828034,56,12932,'., Kara'),(1828033,56,12438,'., jose'),(1828032,56,15568,'., BoogieDownDogs'),(1828031,56,11207,', Molly'),(1828030,56,11267,','),(1377740,87,2,'+'),(1808179,3,3876,'(Kris Moseley), Kappa Kappa Gamma'),(1808177,3,4268,'(Danielle), Hardees - Hutchinson'),(1822855,42,50,'1005 Corens Dr. - Benezra'),(1822854,42,110,'10029 Naples St NE - Crown Enterprise'),(1824282,44,233,'Aaron J / Paige E Gill'),(1824281,44,596,'Aaron Gill');

--
-- Temporary table structure for view `customer_view`
--

/*!50001 DROP VIEW IF EXISTS `customer_view`*/;
/*!50001 CREATE VIEW `customer_view` AS SELECT
 1 AS `customername` */;

--
-- Table structure for table `folderlock`
--

CREATE TABLE `folderlock` (
  `userid` int(5) NOT NULL,
  `folderid` varchar(100) NOT NULL,
  `foldername` varchar(200) NOT NULL,
  `batchfolderid` varchar(200) DEFAULT NULL,
  `fileid` varchar(200) DEFAULT NULL,
  `filename` varchar(200) DEFAULT NULL,
  `username` char(50) NOT NULL,
  `batchnumber` varchar(200) NOT NULL,
  `createddate` datetime NOT NULL DEFAULT current_timestamp(),
  `id` int(11) NOT NULL AUTO_INCREMENT,
  `clientid` varchar(20) NOT NULL,
  PRIMARY KEY (`id`)
) ENGINE=MyISAM AUTO_INCREMENT=12972 DEFAULT CHARSET=latin1 COLLATE=latin1_swedish_ci;

--
-- Dumping data for table `folderlock`
--


--
-- Table structure for table `ghltoacculynx`
--

CREATE TABLE `ghltoacculynx` (
  `id` int(11) NOT NULL AUTO_INCREMENT,
  `firstname` varchar(50) DEFAULT NULL,
  `lastname` varchar(50) DEFAULT NULL,
  `address` varchar(300) DEFAULT NULL,
  `city` varchar(50) DEFAULT NULL,
  `state` varchar(50) DEFAULT NULL,
  `postalcode` varchar(20) DEFAULT NULL,
  `phone` varchar(20) DEFAULT NULL,
  `email` varchar(100) DEFAULT NULL,
  `project` varchar(200) DEFAULT NULL,
  `priority` varchar(200) DEFAULT NULL,
  `ownedyears` varchar(20) DEFAULT NULL,
  `createdate` datetime NOT NULL DEFAULT current_timestamp(),
  PRIMARY KEY (`id`)
) ENGINE=InnoDB AUTO_INCREMENT=98 DEFAULT CHARSET=utf8mb4 COLLATE=utf8mb4_general_ci;

--
-- Dumping data for table `ghltoacculynx`
--

INSERT INTO `ghltoacculynx` VALUES (1,'Chandrasekar','Mani','7/27 Palappatti','Salem','MN','637102','+91 99949 88255','goodwork20k@gmail.com','Roofing, Siding','Thinking about it','1','2023-01-13 05:50:19'),(3,'Chandrasekar','Mani','7/27 Palappatti','Salem','IL','637102','+91 88075 50017','goodwork20k@gmail.com','Roofing, Siding','Ready','1','2023-01-14 09:23:31'),(4,'Test','Niko','17 BERGHOLT ROAD','COLCHESTER','MN','CO4 5AA','+385 60 222 2223','nacinovic.nicol@gmail.com','Roofing','Thinking about it','2','2023-01-16 11:22:06'),(5,'David H ','Nelson','4701 W 60th st ','Edina ','MN','55424','(612) 991-7604','dnelson155@gmail.com','Siding, Roofing','Ready','56','2023-01-16 15:51:40'),(6,'Chandrasekar','Mani','7/27 Palappatti','Salem','IL','637102','+91 88075 50017','goodwork20k@gmail.com','Roofing','Ready','1','2023-01-17 14:30:49'),(7,'Chandrasekar','Mani','7/27 Palappatti','Salem','IL','637102','+91 99949 88255','goodwork20k@gmail.com','Roofing, Siding','Ready','1','2023-01-17 14:34:24'),(8,'Kelly','NA','504 6th st. N','Hudson','WI','na','(651) 343-6596','keaseywolf@gmail.com','Roofing','Thinking about it','','2023-01-24 16:21:58'),(9,'Yvonne','Ekdahl','9303 Nesbit Rd','Bloomington','MN','55437','(952) 835-2422','yekdahl@comcast.net','Windows','Ready','30','2023-01-26 16:45:56'),(10,'Dave','Crowley','1904 Parkway Ave','Shakopee','MN','55379','(952) 496-1041','gbp1919@yahoo.com','Windows','Ready','20','2023-01-26 17:18:32'),(11,'Sandy','Reiling','751 Pierce St.','Shakopee','MN','55379','(952) 933-3037','ray.reiling@gmail.com','Roofing','Thinking about it','3','2023-01-26 17:19:53'),(12,'Julie','Floto','2151 Dublin Trail W','Shakopee','MN','55379','(763) 248-8934','jcocoaswirls@gmail.com','Windows','Thinking about it','2','2023-01-26 17:21:11'),(13,'Mike','Ryan','1331 Maple Ridge Drive','Shakopee','MN','55379','(218) 348-1925','mikeryan642@gmail.com','Windows','Thinking about it','1','2023-01-26 17:23:29'),(14,'JoAnn','Millegan','3695 Jeffers Pkwy NW','Prior Lake','MN','55372','(720) 442-6924','joeim368@gmail.com','Windows','Thinking about it','2','2023-01-27 00:55:25'),(15,'Allison','Birgholtz','1649 Hamilton Lane','Shakopee','MN','55379','(952) 607-8930','kruger3193@yahoo.com','Siding','Thinking about it','4','2023-01-27 00:56:59'),(16,'Ryan','Vogt','25924 Nacre St NW','St. Francis','MN','55070','(763) 370-9853','perfectivetool@yahoo.com','Roofing, Siding, Windows','Thinking about it','10','2023-01-27 00:58:24'),(17,'Tom','Osthimer','16793 Simpkins Circle SW','Prior Lake','MN','55372','(507) 995-5357','Unknown@unknown.com','Roofing','Thinking about it','','2023-01-27 01:02:01'),(18,'Jeri','Paulson','2920 Pine View Dr NW','Prior Lake','MN','55372','(952) 412-3601','rod.paulson@yahoo.com','Roofing','Thinking about it','10','2023-01-27 01:04:22'),(19,'Mike','Forrey','860 Bridle Creek Lane','Jordan','MN','55352','(612) 940-7603','mcforrey@comcast.net','Roofing','Thinking about it','1','2023-01-27 01:05:45'),(20,'Dowen','Vassell','1954 Blue Jay St','Shakopee','MN','55379','(386) 847-6845','dowenvassell@gmail.com','Siding','Thinking about it','2','2023-01-27 01:09:24'),(21,'Yaroslav','Pustovyl','13836 Alabama Ave','Savage','MN','55378','(612) 707-9250','yaroslav.ukrinet@gmail.com','Roofing','Thinking about it','5','2023-01-27 01:11:09'),(22,'Zach','Stenzel','6625154th street west','Apple Valley','MN','55124','(612) 670-4251','zmstenzel@charter.net','Roofing','Thinking about it','7','2023-04-01 15:59:59'),(23,'Kevin','Post','616 Hackmore Dr','Eagan','MN','55123','(651) 688-2805','kgpost73@gmail.com','Siding','Thinking about it','27','2023-04-01 16:10:22'),(24,'Rebecca','Koth','4557 Horizon Cir','Eagan','MN','55123','(651) 686-7118','rebeccakoth@gmail.com','Windows','Ready yesterday','25','2023-04-01 16:37:05'),(25,'Luke','Strehlow','145 16th ave','South St Paul','MN','55075','(651) 302-9241','lukethegreat@mac.com','Roofing','Ready','1.5','2023-04-01 16:40:20'),(26,'Nagadev','Alla','Krishnakanthalla@gmail.com','Eagan','MN','55122','(510) 766-5696','krishnakanthalla@gmail.com','Windows','Thinking about it','20','2023-04-01 17:59:49'),(27,'Jerahmie','Radder','4733 West Wind Trl','Eagan','MN','55122','(612) 325-6394','jerahmie@gmail.com','Roofing','Thinking about it','6','2023-04-01 18:45:02'),(28,'Greg','Harinen','1771 carnelian lane','Eagan','MN','55122','(612) 991-9193','fbnow2003@yahoo.com','Windows','Thinking about it','7','2023-04-01 18:52:10'),(29,'Seth','Anderson','6435 Timber Arch Dr','CHASKA','MN','55318','(952) 999-0656','sethanderson828@gmail.com','Roofing, Siding, Windows','Ready yesterday','2','2024-01-16 16:07:40'),(30,'Lisa','Carlson','111','Jordan','MN','55352','(763) 234-3262','lisa@mgeerestoration.com','Roofing, Windows, Siding','Ready yesterday','11','2024-01-20 15:43:26'),(31,'Emilyn','Ryski','1789 Riverwood Drive','Burnsville','MN','55337','(952) 215-7399','eryski9@gmail.com','Windows','Thinking about it','1','2024-01-20 16:25:05'),(32,'Candi','Seil','1958 Raspberry lane','Shakopee','MN','55379','(651) 391-5303','candiwalz@gmail.com','Roofing','Thinking about it','4','2024-01-20 16:35:52'),(33,'Bruce','Zutter','3852 marsh st nw','Prior Lake','MN','55372','(952) 465-6224','coachzutter@gmail.com','Siding','Thinking about it','29','2024-01-20 17:27:22'),(34,'Bonnie','Swanson','13210 walnut drive','Burnsville','MN','55337','(952) 454-2355','bonniebade920@yahoo.com','Roofing','Thinking about it','13','2024-01-20 17:47:38'),(35,'Tom','Joerndt ','19007 Jordan tr','Lakeville','MN','55044','(952) 452-6433','midwestsanta@yahoo.com','Windows','Thinking about it','45','2024-01-20 17:58:31'),(36,'Riley','Lynch','39394 158th st','Waseca','MN','51445','(507) 838-0560','lyncrile@icloud.com','Windows','Thinking about it','3','2024-01-20 18:46:26'),(37,'Lee','Karow','16820 Whitewood Ave','Prior Lake','MN','55372','(612) 369-7119','lkarowr@gmail.com','Windows','Thinking about it','20','2024-01-20 20:21:16'),(38,'Lindsay','Brecht','iWork rose mill lane','Champlin','MN','55316','(763) 478-7363','lindsaybrecht@gmail.com','Windows','Thinking about it','0','2024-01-20 20:36:15'),(39,'James','Mattson','12379 195th Avenue Northwest','Elk River','MN','55330','(763) 377-5057','james@mspcommercialroofing.com','Windows','Thinking about it','13','2024-02-10 18:26:18'),(40,'Nick','Thelen','19950 177th St Suite 650','Big Lake','WI','55309','(763) 257-7656','nick@thelenmechanical.com','Roofing','Thinking about it','8','2024-02-10 19:12:18'),(41,'Taylor','Skinner','1794 313th Ave nw ','Cambridge ','MN','54008','(763) 257-7373','taylor@thelenmechanical.com','Siding, Roofing, Windows','Thinking about it','5','2024-02-10 19:13:02'),(42,'Judy','During','14146 182nd Ave NW','Elk River','MN','55330','(763) 443-1959','durings@msn.com','Windows','Thinking about it','20','2024-02-10 19:26:08'),(43,'Lindsey','Bartosch','1232 14th St N','Saint Cloud','MN','56303','(320) 406-0294','angelinerose8@yahoo.com','Windows','Thinking about it','0','2024-02-10 19:45:16'),(44,'Cheryl','Hansen ','9281 373rd Ave. NW','Princeton ','MN','55371','(763) 482-1491','cherylhansen55@yahoo.com','Windows','Thinking about it','20','2024-02-10 21:10:08'),(45,'Vip','Phommathep ','11939 Idaho Ave N','Champlin','MN','55316','(612) 558-2346','viprasong.p@gmail.com','Roofing','Ready','6','2024-03-16 15:38:39'),(46,'Geneva','Luna','8881 Ives Court','Maple Grove','MN','55369','(507) 951-3319','genevacluna@gmail.com','Windows','Thinking about it','3','2024-03-16 15:52:10'),(47,'Ryan','Crain','6517 81st Ave N','Brooklyn Park','MN','55445','(651) 757-7811','ryhoppercrain@outlook.com','Windows','Thinking about it','2','2024-03-16 15:55:38'),(48,'Emily','Joiner','8601 36th Ave N','New Hope','MN','55427','(218) 791-3029','ejoiner925@gmail.com','Windows','Thinking about it','0.5','2024-03-16 16:09:30'),(49,'Cindy','Gallagher','16116 24th ave n','Plymouth','MN','55447','(763) 213-3294','cindy.gallagher1@gmail.com','Windows','Thinking about it','23','2024-03-16 16:18:07'),(50,'Angel','S','Logan Ave N ','Brooklyn Park','MN','55444','(763) 516-3512','mobile.training.facility@gmail.com','Siding','Thinking about it','0','2024-03-16 16:23:04'),(51,'Richard','Cooper','7852 Ithaca Ln N','Maple Grove','MN','55311','(612) 751-1422','richard@richardcooper.com','Windows','Thinking about it','39','2024-03-16 16:29:49'),(52,'Katie','O’Brien','10026 pilgrim way n','Maple Grove ','MN','55369','(801) 512-1908','katiedeibel@gmail.com','Roofing','Thinking about it','1','2024-03-16 17:57:10'),(53,'Joanne ','Kell','188 Wildflower Drive ','Lino Lakes ','MN','55014 ','(651) 497-6652','jokell13@yahoo.com','Siding','Thinking about it','28','2024-03-16 19:52:35'),(54,'Peggy','Gerszewski ','10508 Blaisdell Circle','Bloomington ','MN','55420','(952) 886-3908','peggyger1@yahoo.com','Windows','Thinking about it','20','2024-03-23 16:07:28'),(55,'Joanne','Schneider ','1700 west 85th street ','Bloomington ','MN','55431','(612) 803-2716','corde081@umn.edu','Windows','Thinking about it','45','2024-03-23 16:16:45'),(56,'Dan','Dischinger','1290 morningview dr','Mound','MN','55364','(612) 308-1470','dandischinger@yahoo.com','Roofing','Thinking about it','28','2024-03-23 16:30:34'),(57,'Eileen','Donegan','5201 W 91st St','Bloomington','MN','55437','(952) 835-4144','cookielady_12@yahoo.com','Roofing','Thinking about it','27','2024-03-23 16:39:36'),(58,'Lynne ','Dischinger ','1290 morningview dr ','Mound','MN','55364','(612) 308-1471','ldischy@yahoo.com','Windows','Thinking about it','22','2024-03-23 16:58:04'),(59,'Martha','Rodriguez','1111','Richfield ','MN','55423','(612) 298-6946','dont.have.one@gmail.com','Roofing, Siding, Windows','Thinking about it','5','2024-03-23 17:08:17'),(60,'Lydia','Brecht','9829 Rosemill Lane','Champlin','MN','55316','(763) 331-2766','lydiabrecht23@gmail.com','Windows','Thinking about it','0','2024-03-23 17:35:34'),(61,'Dan','Hovsepian','1321 East 99th Street','Bloomington','MN','55425','(612) 735-3302','dkhovsepian@gmail.com','Windows','Thinking about it','22','2024-03-23 18:08:57'),(62,'Lacy','Schuldt','9757 Russell Ave S','Bloomington ','MN','55431','(218) 766-8322','lacy.schuldt@gmail.com','Siding','Thinking about it','12','2024-03-23 18:18:35'),(63,'Bill','Schuldt','9757 Russell Ave S ','Bloomington ','MN','55431','(612) 229-0282','schuldtbill@hotmail.com','Siding','Thinking about it','15','2024-03-23 19:19:00'),(64,'Jordan','Ward','3250 Mulberry Cir','Shakopee','MN','55379','(612) 208-6088','iputupwithsomuchcrap@gmail.com','Roofing','Thinking about it','7','2024-03-23 20:38:00'),(65,'Jose','Andrade','3837 24th Ave S','Minneapolis','MN','55406','(612) 554-8773','andr8097@gmail.com','Windows','Thinking about it','3','2024-03-30 15:08:36'),(66,'Nieves ','Sibri','Nsib44@gmail.com','3837 24th Ave S','MN','55406','(612) 296-4941','nsib44@gmail.com','Siding','Thinking about it','3','2024-03-30 15:08:53'),(67,'Brenda','Aarness','14240 55 St n','Stillwater','MN','55983','(651) 270-4468','ebaarness@msn.com','Windows','Thinking about it','30','2024-03-30 15:25:08'),(68,'Roxane ','Sabean ','3620 knollridge dr','Eagan','MN','55122','(651) 341-4166','rsabean@sabeanonline.com','Roofing','Thinking about it','25','2024-03-30 15:28:55'),(69,'Mzrvel','Thorne','16335 Goodview Trail','Lakeville','MN','55044','(952) 913-8504','dikmarthorne@outlook.com','Siding','Thinking about it','25','2024-03-30 15:33:54'),(70,'Christa','Hamlin','4771 Clover Lane #B','Eagan','MN','55122','(612) 499-0334','yournativegoddess@gmail.com','Windows','Thinking about it','1','2024-03-30 15:39:05'),(71,'Arlo','Ostby ','3359 corseran rd ','Eagan ','MN','55121','(651) 200-7210','arlootsby@comcast.net','Roofing','Thinking about it','10','2024-03-30 15:40:39'),(72,'Kathleen','Just-Bannigan','4089 Oakbrooke Alcove','Eagan','MN','55122','(651) 442-6390','kjust_bannigan@msn.com','Siding, Windows','Thinking about it','4','2024-03-30 16:00:20'),(73,'Brendan','Bannigan','4089 Oakbrooke Alcove','Eagan','MN','55122','(651) 762-8227','babannigan@msn.com','Roofing, Siding, Windows','Thinking about it','5','2024-03-30 16:01:00'),(74,'Sally ','Heer ','303 Pascal St S ','St Paul','MN','55105','(651) 270-7334','gsbunny394@gmail.com','Windows','Thinking about it','45','2024-03-30 16:14:39'),(75,'Kristan','Nordli','3513 meadow Dr # 208','Eagan','MN','55122','(612) 267-2477','kristan1.nordli83@gmail.com','Windows, Siding, Roofing','Thinking about it','10','2024-03-30 16:14:51'),(76,'Hindi ','Hussein','15550 flyboat ln','Apple Valley ','MN','55124','(901) 857-4829','chshussein@gmail.com','Windows','Thinking about it','0','2024-03-30 16:17:19'),(77,'Hamdi','Hussein','7862 Glenda ct','Apple Valley','MN','55124','(952) 486-1295','hamdi.46@hotmail.com','Windows','Thinking about it','1','2024-03-30 16:17:29'),(78,'Kristin','Orgill','4338 Dunrovin Lane','Eagan','MN','55123','(801) 814-7300','kpx_win@hotmail.com','Roofing','Thinking about it','3','2024-03-30 16:40:03'),(79,'John','Bahe','9028 lakeside','Victoria ','MN','55386','(612) 250-7603','to_johnb@hotmail.com','Roofing','Thinking about it','7','2024-04-13 15:19:57'),(80,'Tyler','Gustafson','725 Ali ln','Victoria','MN','55386','(218) 398-2656','tylermgustafson@gmail.com','Siding','Thinking about it','2','2024-04-13 15:28:57'),(81,'Emily','Labuz','2996 Bluffs Dr','Mound','MN','55364','(612) 508-7729','emlabuz@gmail.com','Siding, Windows','Thinking about it','4','2024-04-13 15:31:58'),(82,'Krista','Behler','8212 Krueger ct','Victoria ','MN','55386','(636) 575-2861','kristabehler@me.com','Siding','Thinking about it','20','2024-04-13 15:35:22'),(83,'Tacie','Olson','756 somerwood ln','Waconia','MN','55387','(612) 799-9142','tacie.olson@gmail.com','Siding','Thinking about it','3','2024-04-13 15:37:25'),(84,'Scott','Vergin','7311 dogwood rd','Excelsior','MN','55331','(952) 807-2416','tbirdvergin@gmail.com','Roofing','Thinking about it','30','2024-04-13 15:39:58'),(85,'Greta','Brooks','1505 wintergreen ct','Victoria','MN','55386','(952) 237-9985','brooks.greta.j@gmail.com','Siding','Thinking about it','8','2024-04-13 16:08:10'),(86,'Roger','Osweiler','924 Parkview Lane','Victoria ','MN','55386','(952) 807-7523','raosweiler@yahoo.com','Windows','Thinking about it','20','2024-04-13 16:13:13'),(87,'Katie','Williams','101 maple ter','Waconia','MN','55387','(952) 250-8545','heykatiewilliams@gmail.com','Windows','Thinking about it','2','2024-04-13 16:17:57'),(88,'Kaitlyn','Larson','2625 Fieldstone Dr','Victoria','MN','55386','(952) 378-7619','kkloos13@gmail.com','Roofing','Thinking about it','3','2024-04-13 16:18:31'),(89,'Richie','Mann','8101 petunia','Victoria','MN','55386','(218) 405-0396','richie@brokenpaddleguiding.com','Roofing','Thinking about it','3','2024-04-13 16:20:33'),(90,'Gigi','Toporek','2010 Woodstone Dr.','Victoria','MN','55386','(515) 344-5009','gigitop68@gmail.com','Siding','Thinking about it','4','2024-04-13 16:22:25'),(91,'Jordan','Nieters','4732 Obsidian Way','Victoria ','MN','55386','(307) 371-3874','jordannieters@gmail.com','Windows','Thinking about it','1','2024-04-13 16:52:11'),(92,'Sarah','Hromatka','762 riesgraf rd ','Carver','MN','55315','(612) 599-0891','sarah@hromatka.org','Windows','Thinking about it','18','2024-04-13 16:55:43'),(93,'Marcus','Shaw','881 Redmond','Carver','MN','55315','(414) 690-3656','marcusshaw6@hotmail.com','Windows','Thinking about it','2','2024-04-13 17:06:10'),(94,'Anne','Brehmer','3820 Games Drive','Minnetrista','MN','55375','(612) 581-9640','anny.brehmer@gmail.com','Windows','Thinking about it','9','2024-04-13 18:11:54'),(95,'Andrew','Mullett','8540 woodland curve','St Boni','MN','55375','(952) 666-8888','andrew.j.mullett@gmail.com','Roofing','Thinking about it','1','2024-04-13 18:59:27'),(96,'Abbey','Noteboom','8519 w 97th cir','Bloomington','MN','55438','(612) 396-6843','abnot17@yahoo.com','Siding','Thinking about it','10','2024-04-13 19:09:27'),(97,'Dean','Sund','8139 Dakota Ln','Chanhassen','MN','55317','(612) 414-4624','deansund@yahoo.com','Windows','Thinking about it','11','2024-04-13 20:00:50');

--
-- Table structure for table `heritage_account`
--

CREATE TABLE `heritage_account` (
  `id` int(5) NOT NULL AUTO_INCREMENT,
  `ledgeraccountid` int(10) NOT NULL,
  `accountnumber` int(10) NOT NULL,
  `accountname` varchar(200) NOT NULL,
  PRIMARY KEY (`id`)
) ENGINE=InnoDB DEFAULT CHARSET=latin1 COLLATE=latin1_swedish_ci;

--
-- Dumping data for table `heritage_account`
--


--
-- Table structure for table `heritage_vendor`
--

CREATE TABLE `heritage_vendor` (
  `id` int(5) NOT NULL AUTO_INCREMENT,
  `vendorid` int(10) NOT NULL,
  `vendorname` varchar(200) NOT NULL,
  PRIMARY KEY (`id`)
) ENGINE=InnoDB DEFAULT CHARSET=latin1 COLLATE=latin1_swedish_ci;

--
-- Dumping data for table `heritage_vendor`
--


--
-- Table structure for table `locations`
--

CREATE TABLE `locations` (
  `id` int(5) NOT NULL AUTO_INCREMENT,
  `clientid` int(5) NOT NULL,
  `locationid` int(5) NOT NULL,
  `locationname` varchar(100) NOT NULL,
  PRIMARY KEY (`id`)
) ENGINE=InnoDB AUTO_INCREMENT=1480 DEFAULT CHARSET=utf8mb4 COLLATE=utf8mb4_general_ci;

--
-- Dumping data for table `locations`
--

INSERT INTO `locations` VALUES (1212,89,6,'Apostle Saint Paul'),(1213,89,9,'Believe in Breakfast, LLC'),(1214,89,10,'Hope Eagan'),(1215,89,4,'Hope Express'),(1216,89,2,'Hope Saint Paul'),(1217,89,3,'Hope West End'),(1218,89,7,'Purpose Holding Company'),(1219,89,8,'Spring Break'),(1220,89,5,'The Gnome Craft Pub'),(1461,6,1,'Chaska Primary'),(1462,6,2,'Eden Prairie Secondary'),(1463,6,3,'Ice'),(1464,51,1,'Ruti HQ'),(1465,51,2,'00-Ecommerce'),(1466,51,3,'01-PA'),(1467,51,4,'02-SF'),(1468,51,5,'03-SM'),(1469,51,6,'04-BR'),(1470,51,7,'05-AK'),(1471,51,8,'06-DL'),(1472,51,9,'07-MAD'),(1473,51,10,'08-SC'),(1474,51,11,'09-SOHO'),(1475,51,12,'10-BH'),(1476,51,14,'HQ Office'),(1477,51,13,'Production'),(1478,56,2,'Shopify ideaparktest.myshopify.com'),(1479,56,3,'Shopify ideaparktest.myshopify.com 2');

--
-- Table structure for table `pdffileformat`
--

CREATE TABLE `pdffileformat` (
  `id` int(5) NOT NULL AUTO_INCREMENT,
  `pdfnameformat` varchar(150) NOT NULL,
  PRIMARY KEY (`id`)
) ENGINE=MyISAM AUTO_INCREMENT=25 DEFAULT CHARSET=latin1 COLLATE=latin1_swedish_ci;

--
-- Dumping data for table `pdffileformat`
--

INSERT INTO `pdffileformat` VALUES (23,'{billdate} {vendorname} {type} {billno}'),(2,'{billdate} {vendorname} {type} {billno} {memo}'),(5,'{billdate} {vendorname} {type}'),(6,'{billdate} {vendorname} {sequencenumber}'),(7,'{type} {sequencenumber}'),(24,'');

--
-- Table structure for table `receiptsettings`
--

CREATE TABLE `receiptsettings` (
  `id` int(5) NOT NULL AUTO_INCREMENT,
  `clientid` varchar(50) NOT NULL,
  `destinationfolderid` varchar(100) NOT NULL,
  `destinationfolderpath` varchar(300) NOT NULL,
  PRIMARY KEY (`id`)
) ENGINE=MyISAM AUTO_INCREMENT=8 DEFAULT CHARSET=latin1 COLLATE=latin1_swedish_ci;

--
-- Dumping data for table `receiptsettings`
--

INSERT INTO `receiptsettings` VALUES (1,'627507375','16rbNCR_eKeo7h4Siva7gCUx-yHF5b3oh','/(A) (Working Folder)/Input Inbox/Ashton McGee Restoration Group'),(2,'1337482255','16rr4zXiIdlL3URdr4ixdSzZ3WEAYigCZ','/(A) (Working Folder)/Input Inbox/Moe Bodyworks'),(3,'9130349694627816','1Ln4tdqFMUcvRlKad6kXTY5qlXw0EhJ7G','/(A) (Working Folder)/Input Inbox/Power Remodelers'),(4,'9130347577139216','16vwlRaxXwF_yjhrfRTjf9WHRYt_NXWVQ','/(A) (Working Folder)/Input Inbox/RJK'),(5,'9130346696954576','16fxWyechPqZnnNZ85lwx-uJcK7VjPiQp','/(A) (Working Folder)/Input Inbox/United Noodles'),(6,'9130346696950126','16myJRlMqGb1hKTp8Cy4Hq755PgZKXW0t','/(A) (Working Folder)/Input Inbox/United Noodles 2'),(7,'','','');

--
-- Table structure for table `settings`
--

CREATE TABLE `settings` (
  `id` int(5) NOT NULL AUTO_INCREMENT,
  `clientid` varchar(50) NOT NULL,
  `typeid` varchar(5) NOT NULL,
  `pdffileformatid` varchar(5) NOT NULL,
  `destinationfolderid` varchar(100) NOT NULL,
  `destinationfolderpath` varchar(300) NOT NULL,
  PRIMARY KEY (`id`)
) ENGINE=MyISAM AUTO_INCREMENT=214 DEFAULT CHARSET=latin1 COLLATE=latin1_swedish_ci;

--
-- Dumping data for table `settings`
--

INSERT INTO `settings` VALUES (4,'9130346696954576','9','7','1DwN7287m426_LS810fZSQJQJDwKZyPgR','/(A) (Working Folder)/Delete/United Noodles'),(8,'627507375','2','2','1J8rX80KVDO6Ba-pIe7C_3Z5daRT6I2ld','/(A) (Working Folder)/-OLD LEGACY FOLDERS/Ashton Mcgee Restoration/Staging'),(5,'9130346696954576','7','7','18AGWO0Qt69S_Q9plqrrfpSvsxx4U9o9E','/(A) (Working Folder)/Separate Combine /United Noodles'),(6,'9130346696954576','8','7','18AGWO0Qt69S_Q9plqrrfpSvsxx4U9o9E','/(A) (Working Folder)/Separate Combine /United Noodles'),(7,'627507375','1','2','1J8rX80KVDO6Ba-pIe7C_3Z5daRT6I2ld','/(A) (Working Folder)/-OLD LEGACY FOLDERS/Ashton Mcgee Restoration/Staging'),(9,'627507375','3','2','1CQVUA8NdwGKg9nfVo7cB9f-INPShtWUW','/(A) (Working Folder)/Credit Card Refunds/Ashton McGee Restoration Group'),(11,'627507375','5','5','1CUTL5M7xwZtMHYzb7aZO5TVAYr7RA4p3','/(CBS) Ashton McGee Restoration Group LLC/AP/Remittance Advice'),(13,'627507375','4','5','1J8s7bsBxeExOapKXfOP8Ja6JfgCdY5AW','/(CBS) Ashton McGee Restoration Group LLC/AP/Statements'),(14,'627507375','6','5','1KQZHRdaeV7isLGT5EUrqwngj5Lx5iDvu','/(CBS) Ashton McGee Restoration Group LLC/AR + Sales'),(15,'627507375','7','7','1CWe71DvftMZCzq7ghUpT0k5gSYK1TH7z','/(A) (Working Folder)/Separate Combine /Ashton McGee Restoration Group'),(16,'627507375','8','7','1CWe71DvftMZCzq7ghUpT0k5gSYK1TH7z','/(A) (Working Folder)/Separate Combine /Ashton McGee Restoration Group'),(17,'627507375','9','7','1iSPBW8Nnfb-cRxi07eIKQWL20boY4meW','/(A) (Working Folder)/Delete'),(18,'9130346696954576','1','23','1M778CPbcf7C5Suk1DsaUHFMuu-yyO_jm','/(B) AP/Inbox/-Staging'),(19,'9130346696954576','2','23','1M778CPbcf7C5Suk1DsaUHFMuu-yyO_jm','/(B) AP/Inbox/-Staging'),(20,'9130346696954576','3','23','1CEt4Ybt-dPUj_otE4LXQnKgDvUfIKfRE','/(A) (Working Folder)/Credit Card Refunds/United Noodles'),(21,'9130346696954576','4','5','1qklK2RwQl6apZunMpXg-pUsgJWqvrbaS','/(B) AP/Vendors/-Statements'),(22,'9130346696954576','6','5','0AGT0FtPe6kX7Uk9PVA','/(B) AR'),(23,'9130346696954576','5','5','1lcU5N1JxSyy-2Mwswju7l8NdZpQ0wqVO','/(B) AP/Remittance Advice'),(24,'9130346696954576','14','23','1M778CPbcf7C5Suk1DsaUHFMuu-yyO_jm','/(B) AP/Inbox/-Staging'),(30,'627507375','15','5','1AOTMweIG7qKDX4bjlFhJdcBDCYnx2zuZ','/(A) (Working Folder)/-OLD LEGACY FOLDERS/Ashton Mcgee Restoration/Issues'),(31,'627507375','16','5','1AOTMweIG7qKDX4bjlFhJdcBDCYnx2zuZ','/(A) (Working Folder)/-OLD LEGACY FOLDERS/Ashton Mcgee Restoration/Issues'),(33,'319125776','','','0AD7oSDNJ7KKoUk9PVA','/Batch'),(34,'9130346696954576','17','7','1DwN7287m426_LS810fZSQJQJDwKZyPgR','/(A) (Working Folder)/Delete/United Noodles'),(47,'627507375','18','2','15mC_TtdMjZyYv290mulZkhBvRS26a6lU','/(CBS) Ashton McGee Restoration Group LLC/AP/BRITTNEY REVIEW'),(36,'9130349694627816','1','2','16ZPvDaqxVIiPbTmRj2zNjBjjvPG_UU7H','/(A) (Working Folder)/Staging/Power Remodelers'),(37,'9130349694627816','2','2','16ZPvDaqxVIiPbTmRj2zNjBjjvPG_UU7H','/(A) (Working Folder)/Staging/Power Remodelers'),(38,'9130349694627816','3','2','16ZPvDaqxVIiPbTmRj2zNjBjjvPG_UU7H','/(A) (Working Folder)/Staging/Power Remodelers'),(39,'9130349694627816','4','5','16ZPvDaqxVIiPbTmRj2zNjBjjvPG_UU7H','/(A) (Working Folder)/Staging/Power Remodelers'),(40,'9130349694627816','5','5','16ZPvDaqxVIiPbTmRj2zNjBjjvPG_UU7H','/(A) (Working Folder)/Staging/Power Remodelers'),(41,'9130349694627816','6','5','16ZPvDaqxVIiPbTmRj2zNjBjjvPG_UU7H','/(A) (Working Folder)/Staging/Power Remodelers'),(42,'9130349694627816','7','7','16ZPvDaqxVIiPbTmRj2zNjBjjvPG_UU7H','/(A) (Working Folder)/Staging/Power Remodelers'),(43,'9130349694627816','8','7','16ZPvDaqxVIiPbTmRj2zNjBjjvPG_UU7H','/(A) (Working Folder)/Staging/Power Remodelers'),(44,'9130349694627816','14','5','16ZPvDaqxVIiPbTmRj2zNjBjjvPG_UU7H','/(A) (Working Folder)/Staging/Power Remodelers'),(45,'627507375','17','7','13SJdgFqKq7KDNjSZzUPrW3TThgB85FgD','/(A) (Working Folder)/Delete/Ashton McGee Restoration Group'),(46,'9130346696954576','19','6','1M778CPbcf7C5Suk1DsaUHFMuu-yyO_jm','/(B) AP/Inbox/-Staging'),(48,'627507375','14','2','1J8rX80KVDO6Ba-pIe7C_3Z5daRT6I2ld','/(A) (Working Folder)/-OLD LEGACY FOLDERS/Ashton Mcgee Restoration/Staging'),(50,'HC','20','2','1iSPBW8Nnfb-cRxi07eIKQWL20boY4meW','/(A) (Working Folder)/Delete'),(53,'10001','1','2','1IbTxJnQkkyyNL4ijHPzMCAlM4wp1zQpr','/(A) (Working Folder)/-OLD LEGACY FOLDERS/Heritage Cabinets/Staging'),(54,'10001','3','2','1IcpH8TyDnU2ogxbkOXM0IUWthwW3G7QR','/(A) (Working Folder)/Credit Card Refunds/Heritage Cabinets'),(55,'10001','14','2','1IbTxJnQkkyyNL4ijHPzMCAlM4wp1zQpr','/(A) (Working Folder)/-OLD LEGACY FOLDERS/Heritage Cabinets/Staging'),(56,'10001','5','5','1Id4Dy4GJpriVG41uxOl0qZ7YYqM3L35w','/(CBS) Heritage Cabinets/AP/Remittance Advice'),(57,'10001','4','5','1IfcDrzeooeW5bD_v9tIRc68Db_K8EKGb','/(CBS) Heritage Cabinets/AP/Statements'),(58,'10001','6','5','1Nk_cJMrjIlYz3rp126pSJVeyMgfD6DIy','/(CBS) Heritage Cabinets/AR and Sales'),(59,'10001','15','5','1Ip91l_ihC9dhg92jZ4rovUejEzq3YptW','/(A) (Working Folder)/-OLD LEGACY FOLDERS/Heritage Cabinets/Issues'),(60,'10001','16','5','1Ip91l_ihC9dhg92jZ4rovUejEzq3YptW','/(A) (Working Folder)/-OLD LEGACY FOLDERS/Heritage Cabinets/Issues'),(61,'10001','7','7','1IgtErVSbbieYZzoDLrH6zvzlBpxNzYzG','/(A) (Working Folder)/Separate Combine /Heritage Cabinets'),(62,'10001','8','7','1IgtErVSbbieYZzoDLrH6zvzlBpxNzYzG','/(A) (Working Folder)/Separate Combine /Heritage Cabinets'),(63,'10001','17','7','1Io8MW5-hzw9z5I-vXSIcEqCy3_PAeKof','/(A) (Working Folder)/Delete/Heritage Cabinets'),(64,'10001','18','2','1Ioml0WIRW4miTLoY2x4ZbJTT0y0qjqZY','/(CBS) Heritage Cabinets/AP/For Review'),(65,'10001','20','2','163Iw2dgbqaciz-IAPEzYQ6RaghHoUySJ','/(A) (Working Folder)/Heritage COGS'),(66,'123146229045829','2','2','1j_-ouWLOWNMT54fq3ofQFx0_Kcb3CZwy','/(A) (Working Folder)/-OLD LEGACY FOLDERS/Art Force/Staging'),(67,'123146229045829','1','2','1j_-ouWLOWNMT54fq3ofQFx0_Kcb3CZwy','/(A) (Working Folder)/-OLD LEGACY FOLDERS/Art Force/Staging'),(68,'123146229045829','14','2','1j_-ouWLOWNMT54fq3ofQFx0_Kcb3CZwy','/(A) (Working Folder)/-OLD LEGACY FOLDERS/Art Force/Staging'),(69,'123146229045829','3','2','1CQVUA8NdwGKg9nfVo7cB9f-INPShtWUW','/(A) (Working Folder)/Credit Card Refunds/Ashton McGee Restoration Group'),(70,'123146229045829','16','5','1j_ILjmgEuevHi14S3cWfwVWHSd2W9OWt','/(A) (Working Folder)/-OLD LEGACY FOLDERS/Art Force/Issues'),(71,'123146229045829','7','7','1jmfcpE8Cw2cfQS99dDJh66O0YS6k81ro','/(A) (Working Folder)/Separate Combine /Art Force'),(72,'123146229045829','8','7','1jmfcpE8Cw2cfQS99dDJh66O0YS6k81ro','/(A) (Working Folder)/Separate Combine /Art Force'),(73,'123146229045829','17','7','1jnsDdlFAztE4UdOv24wKamWhHhUF9V9Q','/(A) (Working Folder)/Delete/Art Force'),(74,'9130353874572026','2','2','1Ig26XfeiEwwmocpcODmYDa3srLomrUgk','/(A) (Working Folder)/-OLD LEGACY FOLDERS/Big E Enterprises/Staging'),(75,'9130353874572026','1','2','1Ig26XfeiEwwmocpcODmYDa3srLomrUgk','/(A) (Working Folder)/-OLD LEGACY FOLDERS/Big E Enterprises/Staging'),(76,'9130353874572026','14','2','1Ig26XfeiEwwmocpcODmYDa3srLomrUgk','/(A) (Working Folder)/-OLD LEGACY FOLDERS/Big E Enterprises/Staging'),(77,'9130353874572026','3','2','1sQpVL8l042eFM9DgDZs2zwU8geXWZJBZ','/(A) (Working Folder)/Credit Card Refunds/Big E Enterprises'),(78,'9130353874572026','16','5','1-dvPBFE1DJwCGrwLbraBqTGQb4MmY-_h','/(A) (Working Folder)/-OLD LEGACY FOLDERS/Big E Enterprises/Issues'),(79,'9130353874572026','17','7','1g6Mf21BAOugqxf8lYhwTx19Y4m4lVKn1','/(A) (Working Folder)/Delete/Big E Enterprises'),(80,'9130353874572026','7','7','17hUnu39x6iPChqr5hZfL0xb9bC1UDQ1g','/(A) (Working Folder)/Separate Combine /Big E Enterprises'),(81,'9130353874572026','8','7','17hUnu39x6iPChqr5hZfL0xb9bC1UDQ1g','/(A) (Working Folder)/Separate Combine /Big E Enterprises'),(82,'123146229045829','5','5','1jpUCNCSX6czarintszowt9KbDwWC29d3','/(CBS) Art Force LLC/AP/Remittance Advice'),(83,'123146229045829','4','5','1js-fAHXkNqdzmbUwFrVplH-fov10_3un','/(CBS) Art Force LLC/AP/Statements'),(84,'123146229045829','6','5','1SQZ-JIkowt4Lc8SfXa4xBPvoQDRUiZ-w','/(CBS) Art Force LLC/AR + Sales'),(85,'9130353874572026','6','5','1kA6zViDQfH7SjuM4LMIaQ2meZ18im5Mm','/(CBS) Big E Enterprises/AR + Sales'),(86,'9130353874572026','4','5','1k8_o-foB486a-3yYmkUj_lqpkn7NO-8a','/(CBS) Big E Enterprises/AP/Statements'),(87,'9130353874572026','5','5','1k4L3icYwC4KRJQlYngLva7AgrPMkfKkX','/(CBS) Big E Enterprises/AP/Remittance Advice'),(88,'9130351881065916','2','2','1sILjEDYLBSEdUo0k7Fp5pOO0dw5TunCf','/(A) (Working Folder)/-OLD LEGACY FOLDERS/SprySteel/Staging'),(89,'9130351881065916','1','2','1sILjEDYLBSEdUo0k7Fp5pOO0dw5TunCf','/(A) (Working Folder)/-OLD LEGACY FOLDERS/SprySteel/Staging'),(90,'9130351881065916','3','2','1s498T7teLNLIz0QjGAXb7gSK9EKQj0cv','/(A) (Working Folder)/Credit Card Refunds/SprySteel'),(91,'9130351881065916','14','2','1sILjEDYLBSEdUo0k7Fp5pOO0dw5TunCf','/(A) (Working Folder)/-OLD LEGACY FOLDERS/SprySteel/Staging'),(92,'9130351881065916','5','5','1sKM9ZPH3PAQh6iw-jcgBwRT_1R2nO-Ye','/(CBS) Spry Steel LLC/AP/Remittance Advice'),(93,'9130351881065916','4','5','1sQ2Z68z-47GazIIiqCbsTg25fM562mA6','/(CBS) Spry Steel LLC/AP/Statements'),(94,'9130351881065916','6','5','1w79HYYsxIa_Y12P2qisRR-UJFffVxHu2','/(CBS) Spry Steel LLC/AR + Sales'),(95,'9130351881065916','15','5','1sJqHa9nsUSiQLzVKMEHIJvvog5wFfBvL','/(A) (Working Folder)/-OLD LEGACY FOLDERS/SprySteel/Issues'),(96,'9130351881065916','16','6','1sJqHa9nsUSiQLzVKMEHIJvvog5wFfBvL','/(A) (Working Folder)/-OLD LEGACY FOLDERS/SprySteel/Issues'),(97,'9130351881065916','7','7','1rkkjx9cyCNrhUtmKLw18O_2WA7Aec0KV','/(A) (Working Folder)/Separate Combine /SprySteel'),(98,'9130351881065916','8','7','1rkkjx9cyCNrhUtmKLw18O_2WA7Aec0KV','/(A) (Working Folder)/Separate Combine /SprySteel'),(99,'9130351881065916','17','7','1rxmEpabau33BTEAn2ail6GDMeF2Eaxf6','/(A) (Working Folder)/Delete/SprySteel'),(100,'9130354266331566','2','2','1sG1-FnHTpSc0cF6mSMS3Ktk52nCptIrf','/(A) (Working Folder)/-OLD LEGACY FOLDERS/Big E Northern Soul LLC/Staging'),(101,'9130354266331566','1','2','1sG1-FnHTpSc0cF6mSMS3Ktk52nCptIrf','/(A) (Working Folder)/-OLD LEGACY FOLDERS/Big E Northern Soul LLC/Staging'),(102,'9130354266331566','14','2','1sG1-FnHTpSc0cF6mSMS3Ktk52nCptIrf','/(A) (Working Folder)/-OLD LEGACY FOLDERS/Big E Northern Soul LLC/Staging'),(103,'9130354266331566','3','2','1lUvjgjwBREvdPhqCuW_fHBHxv6a2Jmn9','/(A) (Working Folder)/Credit Card Refunds/Big E Northern Soul LLC'),(104,'9130354266331566','16','5','1sHDsqEKhixU__wlB-bMm6ijowlOztmQ_','/(A) (Working Folder)/-OLD LEGACY FOLDERS/Big E Northern Soul LLC/Issues'),(105,'9130354266331566','7','7','1NrmF3tk94mL4HG2nJo7T31MUOGZF78JM','/(A) (Working Folder)/Separate Combine /Big E Northern Soul LLC'),(106,'9130354266331566','8','7','1NrmF3tk94mL4HG2nJo7T31MUOGZF78JM','/(A) (Working Folder)/Separate Combine /Big E Northern Soul LLC'),(107,'9130354266331566','17','7','1thJTHzuM9CT7llk8sy2v49zSVtDTRNck','/(A) (Working Folder)/Delete/Big E Northern Soul LLC'),(108,'9130354266331566','5','5','1KfG5lXr_Mi3PR4jyjeu6a0pnCcegihZ9','/(CBS) Big E Northern Soul LLC/AP/Remittance Advice'),(109,'9130354266331566','4','5','15vGx6mD5vqcJa8gHLMx0NdEcItkerEvZ','/(CBS) Big E Northern Soul LLC/AP/Statements'),(110,'10001','2','2','1IbTxJnQkkyyNL4ijHPzMCAlM4wp1zQpr','/(A) (Working Folder)/-OLD LEGACY FOLDERS/Heritage Cabinets/Staging'),(111,'9130352869476416','1','2','1FaY4OqPKxanGeZwceb0rH5E6H5RG-BTi','/(A) (Working Folder)/-OLD LEGACY FOLDERS/Apostle Supper Club/Staging'),(112,'9130352869476416','2','2','1FaY4OqPKxanGeZwceb0rH5E6H5RG-BTi','/(A) (Working Folder)/-OLD LEGACY FOLDERS/Apostle Supper Club/Staging'),(113,'9130352869476416','3','2','1EjcmBvbuf8aAD6nmSlfW7mkXtWbcwUS0','/(A) (Working Folder)/Credit Card Refunds/Apostle Supper Club'),(114,'9130352869476416','5','5','1AdqqLzW6qjDx8Z_tEDM9rkLvPcnIessU','/(CBS) Apostle Supper Club/AP/Remittance Advice'),(115,'9130352869476416','4','5','1AaSUe5hCx2cowfAqWOSp-1Oz9oCAAwQf','/(CBS) Apostle Supper Club/AP/Statements'),(116,'9130352869476416','6','5','1AEqbkNn9p6lJNoyB0-SGFiWdQGMMviNK','/(CBS) Apostle Supper Club/AR + Sales'),(117,'9130352869476416','7','7','1EIQT49gJOTPJVX-zvphe8z4XblPoKBRh','/(A) (Working Folder)/Separate Combine /Apostle Supper Club'),(118,'9130352869476416','8','7','1EIQT49gJOTPJVX-zvphe8z4XblPoKBRh','/(A) (Working Folder)/Separate Combine /Apostle Supper Club'),(119,'9130352869476416','16','5','1FeNEIIODu1eCfN4DbCiC5WOMpOVMNDcY','/(A) (Working Folder)/-OLD LEGACY FOLDERS/Apostle Supper Club/Issues'),(120,'9130352869476416','17','7','1b1S9gWV22HIwCRsKVDWBcNYp2gzmDfW1','/(A) (Working Folder)/Delete/Apostle Supper Club'),(121,'9130349665356086','1','2','1FVYcQbDmPOZVCgLvMjtlOxwR0AMx83BQ','/(A) (Working Folder)/-OLD LEGACY FOLDERS/Give Hope MN/Staging'),(122,'9130349665356086','2','2','1FVYcQbDmPOZVCgLvMjtlOxwR0AMx83BQ','/(A) (Working Folder)/-OLD LEGACY FOLDERS/Give Hope MN/Staging'),(123,'9130349665356086','3','5','1El7x6HElIsIX8cECqaPtswVuVEYdoasm','/(A) (Working Folder)/Credit Card Refunds/Give Hope MN'),(124,'9130349665356086','5','5','1BouadKkyrLXPdk265-nWH0Cztq68Ctgi','/(CBS) Give Hope MN/AP/Remittance Advice'),(125,'9130349665356086','4','5','1BmlEjev03BjCj0xUvvjPIeDLny_zR9PH','/(CBS) Give Hope MN/AP/Statements'),(126,'9130349665356086','6','5','1BfxNdaPzu-7QjhUp0mdUfGh7zKZnDN7S','/(CBS) Give Hope MN/AR + Sales'),(127,'9130349665356086','7','7','1ERHvIspiBv0PEjVvUlmCmQ72ymewlt7O','/(A) (Working Folder)/Separate Combine /Give Hope MN'),(128,'9130349665356086','8','7','1ERHvIspiBv0PEjVvUlmCmQ72ymewlt7O','/(A) (Working Folder)/Separate Combine /Give Hope MN'),(129,'9130349665356086','16','5','1FWWs1PSd0tKo_vyQtFoWlkNfp6vhr9yt','/(A) (Working Folder)/-OLD LEGACY FOLDERS/Give Hope MN/Issues'),(130,'9130349665356086','17','7','17-IQ7f9JjXD6XzzhjCAcIpC3Ns2bzFc3','/(A) (Working Folder)/Delete/Give Hope MN'),(131,'9130346807716326','1','2','1FRuCo57t_L7Z2rA_F06RnKcwK9pm2tRj','/(A) (Working Folder)/-OLD LEGACY FOLDERS/Hope Breakfast Bar/Staging'),(132,'9130346807716326','2','2','1FRuCo57t_L7Z2rA_F06RnKcwK9pm2tRj','/(A) (Working Folder)/-OLD LEGACY FOLDERS/Hope Breakfast Bar/Staging'),(133,'9130346807716326','3','2','1ElR8eVRz_PCnzcF_5r18-RwWkmbKApkZ','/(A) (Working Folder)/Credit Card Refunds/Hope Breakfast Bar'),(134,'9130346807716326','5','5','1CAN6ow2UgPeBrdYVlArCfNwc7LGHveXy','/(CBS) Hope Breakfast Bar/AP/Remittance Advice'),(135,'9130346807716326','4','5','1C2le0OBcdURHWEbxbRO2NUKJ-fbtO23e','/(CBS) Hope Breakfast Bar/AP/Statements'),(136,'9130346807716326','6','5','1BwjzJsq827MA1ReeyIlhm5gPQh0yBCT8','/(CBS) Hope Breakfast Bar/AR + Sales'),(137,'9130346807716326','7','7','1fChXFSW_oIZwXPwO6-W6usV4qACtUyNh','/(A) (Working Folder)/Separate Combine /Hope Breakfast Bar'),(138,'9130346807716326','8','7','1fChXFSW_oIZwXPwO6-W6usV4qACtUyNh','/(A) (Working Folder)/Separate Combine /Hope Breakfast Bar'),(139,'9130346807716326','16','5','1FV8oil61KR1izgpiYn7XgSoD-5H9WU_v','/(A) (Working Folder)/-OLD LEGACY FOLDERS/Hope Breakfast Bar/Issues'),(140,'9130346807716326','17','7','10pQGOeG9m5wq5mri7BtC6ISxy_C8mLP7','/(A) (Working Folder)/Delete/Hope Breakfast Bar'),(141,'9130351728228066','1','2','1FF-bXpmDg-9appZ-SxWx-hdW_giE2Fxj','/(A) (Working Folder)/-OLD LEGACY FOLDERS/Hope West End/Staging'),(142,'9130351728228066','2','2','1FF-bXpmDg-9appZ-SxWx-hdW_giE2Fxj','/(A) (Working Folder)/-OLD LEGACY FOLDERS/Hope West End/Staging'),(143,'9130351728228066','3','2','1EgppasCgAqTufb3KI3JjRIRlQVGsrreG','/(A) (Working Folder)/Credit Card Refunds/Hope West End'),(144,'9130351728228066','5','5','1AxBEkoniR3nnVVYCoSU-WjKjzLE6mdNc','/(CBS) Hope West End/AP/Remittance Advice'),(145,'9130351728228066','4','5','1Awb4q1sGjERD054YruQFZ_kwlkWLwa3V','/(CBS) Hope West End/AP/Statements'),(146,'9130351728228066','6','5','1Auj4v8L_ZWyy0PPmlExgJEiLHiPb49Ix','/(CBS) Hope West End/AR + Sales'),(147,'9130351728228066','7','7','1ELkWANnIhUYZe1qmZH32xbIK1iQhUQwY','/(A) (Working Folder)/Separate Combine /Hope West End'),(148,'9130351728228066','8','7','1ELkWANnIhUYZe1qmZH32xbIK1iQhUQwY','/(A) (Working Folder)/Separate Combine /Hope West End'),(149,'9130351728228066','16','5','1FM3jBvnHcBwXCHuD5XGfItVE2PUTL0-t','/(A) (Working Folder)/-OLD LEGACY FOLDERS/Hope West End/Issues'),(150,'9130351728228066','17','7','1Yt4iYhlbHu2CoQWE884k_wLqrRyyJ1n-','/(A) (Working Folder)/Delete/Hope West End'),(151,'9130351223384766','1','2','1FP_VHG_mWC-UWscp2JWh-k4egtznUwPB','/(A) (Working Folder)/-OLD LEGACY FOLDERS/Purpose Driven Restaurants/Staging'),(152,'9130351223384766','2','2','1FP_VHG_mWC-UWscp2JWh-k4egtznUwPB','/(A) (Working Folder)/-OLD LEGACY FOLDERS/Purpose Driven Restaurants/Staging'),(153,'9130351223384766','3','2','1Eh8eH68mb01Jx0eiEvVBJfjcYuVT_FxN','/(A) (Working Folder)/Credit Card Refunds/Purpose Driven Restaurants'),(154,'9130351223384766','5','5','1Ccx6SeBugmg4LyePIH22uEkpQ31GCXBp','/(CBS) Purpose Driven Restaurants/AP/Remittance Advice'),(155,'9130351223384766','4','5','1Cal_pQhGmYAedWnsXPhiz7ClnyPLL7iz','/(CBS) Purpose Driven Restaurants/AP/Statements'),(156,'9130351223384766','6','5','1CYTYkQtMNlbrtkjwPYSlIpJNZdMys44W','/(CBS) Purpose Driven Restaurants/AR + Sales'),(157,'9130351223384766','7','7','1EKi2LAw9--4ec6mrPWqERVUvjkM6K0O8','/(A) (Working Folder)/Separate Combine /Purpose Driven Restaurants'),(158,'9130351223384766','8','7','1EKi2LAw9--4ec6mrPWqERVUvjkM6K0O8','/(A) (Working Folder)/Separate Combine /Purpose Driven Restaurants'),(159,'9130351223384766','16','5','1FRZYS4PIcjKEZBzcWxvANrM0YV04I68L','/(A) (Working Folder)/-OLD LEGACY FOLDERS/Purpose Driven Restaurants/Issues'),(160,'9130351223384766','17','7','1rBJu8q_MDwc7NBPnzWBabWKaO--vKD_J','/(A) (Working Folder)/Delete/Purpose Driven Restaurants'),(161,'9130348990182546','1','2','1FOMOUvzzJXrbERaqMUq-BYNjd_jDWR0v','/(A) (Working Folder)/-OLD LEGACY FOLDERS/The Gnome Craft Pub/Staging'),(162,'9130348990182546','2','2','1FOMOUvzzJXrbERaqMUq-BYNjd_jDWR0v','/(A) (Working Folder)/-OLD LEGACY FOLDERS/The Gnome Craft Pub/Staging'),(163,'9130348990182546','3','2','1EjIsh12aIUgTvMuVM8GRDJYOENQAsvD7','/(A) (Working Folder)/Credit Card Refunds/The Gnome Craft Pub'),(164,'9130348990182546','5','5','1BSMfsKsJQ2JILwLLltwM50aSCygi2KNK','/(CBS) The Gnome Craft Pub/AP/Remittance Advice'),(165,'9130348990182546','4','5','1BKfA4a7N57AILL3XqXyKyvPGMA41tNaC','/(CBS) The Gnome Craft Pub/AP/Statements'),(166,'9130348990182546','6','5','1BGuQrIrahxjaY0bqahnL-oyQM1muFIoI','/(CBS) The Gnome Craft Pub/AR + Sales'),(167,'9130348990182546','7','7','1ENxmPRiuk76ea34vFVveUEz8AOFJb-XA','/(A) (Working Folder)/Separate Combine /The Gnome Craft Pub'),(168,'9130348990182546','8','7','1ENxmPRiuk76ea34vFVveUEz8AOFJb-XA','/(A) (Working Folder)/Separate Combine /The Gnome Craft Pub'),(169,'9130348990182546','16','5','1FOm8GeoT1pS_zs3dpyZVgdrVplyh7N8m','/(A) (Working Folder)/-OLD LEGACY FOLDERS/The Gnome Craft Pub/Issues'),(170,'9130348990182546','17','7','17FplT5OjCqd2-oCcSZc9obVvA2OZI_BF','/(A) (Working Folder)/Delete/The Gnome Craft Pub'),(171,'9130352731586556','1','2','1JnaEgJXFMM7Ns0XlRKtQlsPUe5xLqeVn','/(A) (Working Folder)/-OLD LEGACY FOLDERS/Gillette Children\'s Hope Express/Staging'),(172,'9130352731586556','2','2','1JnaEgJXFMM7Ns0XlRKtQlsPUe5xLqeVn','/(A) (Working Folder)/-OLD LEGACY FOLDERS/Gillette Children\'s Hope Express/Staging'),(173,'9130352731586556','3','2','1Jxi_5s5R6VBJYvB5uU-B-M7FbDln-Jti','/(A) (Working Folder)/Credit Card Refunds/Gillette Children\'s Hope Express'),(174,'9130352731586556','5','5','1JBDbbAYpKoa8Fsj5jCzkyUcgj_OO-3FV','/(CBS) Gillette Children\'s Hope Express/AP/Remittance Advice'),(175,'9130352731586556','4','5','1J4_h_ke_ODAlIi_2T__WohM-EMafCF6m','/(CBS) Gillette Children\'s Hope Express/AP/Statements'),(176,'9130352731586556','7','7','1JzOvHitHN4FC7-eTjlNf4fpeO7FfEq9z','/(A) (Working Folder)/Separate Combine /Gillette Children\'s Hope Express'),(177,'9130352731586556','8','7','1JzOvHitHN4FC7-eTjlNf4fpeO7FfEq9z','/(A) (Working Folder)/Separate Combine /Gillette Children\'s Hope Express'),(178,'9130352731586556','16','5','1JcVfsZswGvzPWDNgEvir_wKn-9SBzyCA','/(A) (Working Folder)/-OLD LEGACY FOLDERS/Gillette Children\'s Hope Express/Issues'),(179,'9130352731586556','17','7','1K49YU6Ddp_m-aI_PMBWu_RdLLnuMjWUU','/(A) (Working Folder)/Delete/Gillette Children\'s Hope Express'),(180,'9130354575216446','1','2','1e3O0WOnZYFMuh9m4LeNmcJyw1JicUi8A','/(A) (Working Folder)/-OLD LEGACY FOLDERS/Fat Cat/Staging'),(181,'9130354575216446','2','2','1e3O0WOnZYFMuh9m4LeNmcJyw1JicUi8A','/(A) (Working Folder)/-OLD LEGACY FOLDERS/Fat Cat/Staging'),(182,'9130354575216446','7','7','1eZInVCAZ5tOujnnfLyZi9Xb6Vfubteju','/(A) (Working Folder)/Separate Combine /Fat Cat'),(183,'9130354575216446','8','7','1eZInVCAZ5tOujnnfLyZi9Xb6Vfubteju','/(A) (Working Folder)/Separate Combine /Fat Cat'),(184,'9130354575216446','3','2','1e4MsYu6dnoBe9L1hL8BEVGx5_iV4Ik5a','/(A) (Working Folder)/Credit Card Refunds/Fat Cat'),(185,'9130354575216446','5','5','1dWObPKEDNHIITE0826jg7VMxoo8ALQzE','/(CBS) Fat Cat/AP/Remittance Advice'),(186,'9130354575216446','4','5','1dS21oHWQK4Oc0sO3pUbMu6qh_VWaIwO2','/(CBS) Fat Cat/AP/Statements'),(187,'9130354575216446','6','5','1dCg7MtgX6w3y1lxk2THkLxiAGDeXFBNL','/(CBS) Fat Cat/AR + Sales'),(188,'9130354575216446','16','5','1dsXca1NF07rKXpVO_DJN0zDa0ZlGoZcl','/(A) (Working Folder)/-OLD LEGACY FOLDERS/Fat Cat/Issues'),(189,'9130354575216446','17','6','1emYQPfn1Aqfzlk5yEGcvj_sr5BVc0Bxd','/(A) (Working Folder)/Delete/Fat Cat'),(190,'9130355703808446','2','2','1gZWWTUKKCBR4sD9288Mpfz8yQHnsV2Dd','/(A) (Working Folder)/-OLD LEGACY FOLDERS/Carma Coffee/Staging'),(191,'9130355703808446','1','2','1gZWWTUKKCBR4sD9288Mpfz8yQHnsV2Dd','/(A) (Working Folder)/-OLD LEGACY FOLDERS/Carma Coffee/Staging'),(192,'9130355703808446','3','2','1gbaGwhbugCRC4KJg8abVPk0D1nMNqjht','/(A) (Working Folder)/Credit Card Refunds/Carma Coffee'),(193,'9130355703808446','7','7','1guSnmdEoSZCA0bL6sPkh_z7VrZ_s79i7','/(A) (Working Folder)/Separate Combine /Carma Coffee'),(194,'9130355703808446','8','7','1guSnmdEoSZCA0bL6sPkh_z7VrZ_s79i7','/(A) (Working Folder)/Separate Combine /Carma Coffee'),(195,'9130355703808446','17','7','1hFhFOj5n_6AH2ELkamXrqRyxQhsr5cgA','/(A) (Working Folder)/Delete/Carma Coffee'),(196,'9130355703808446','16','5','1gStVV4Ssgh8V4C-AKEqb990Mn0yXs9UX','/(A) (Working Folder)/-OLD LEGACY FOLDERS/Carma Coffee/Issues'),(197,'9130355703808446','6','5','1BG2-AR-HPScXrcGsIBdUYytl-Fg79Oul','/(CBS) Carma Coffee Incorporated/AR + Sales'),(198,'9130355703808446','5','5','1B3SxnykRw-0RjTEn7dI4LAORo0hn9kyB','/(CBS) Carma Coffee Incorporated/AP/Remittance Advice'),(199,'9130355703808446','4','5','1B3D964yFE6hCtqdkbx3E2GQ9C1Z2mi_B','/(CBS) Carma Coffee Incorporated/AP/Statements'),(201,'9130355703812066','2','2','1gZWxS4ECkMQCU60-1UjBJCHAi6L_isDb','/(A) (Working Folder)/-OLD LEGACY FOLDERS/Good Carma/Staging'),(202,'9130355703812066','1','2','1gZWxS4ECkMQCU60-1UjBJCHAi6L_isDb','/(A) (Working Folder)/-OLD LEGACY FOLDERS/Good Carma/Staging'),(203,'9130355703812066','3','2','1galf69nAlB4JLWO6WCO7yxMxEeIhrDKl','/(A) (Working Folder)/Credit Card Refunds/Good Carma'),(204,'9130355703812066','5','5','1XOOby24rpdNQmLO8IycHJkcZK3WOKcMS','/(CBS) Good Carma Incorporated/AP/Remittance Advice'),(205,'9130355703812066','4','5','1XJGCMuXLIdRyY08_QCYkppUGW2JuuLko','/(CBS) Good Carma Incorporated/AP/Statements'),(206,'9130355703812066','6','5','1XRkkhgrvIC-_yDc_32xeP-VixEgz7vXI','/(CBS) Good Carma Incorporated/AR + Sales'),(207,'9130355703812066','7','7','1h402P1Ot-Nb4uUa6zLMJQ4meOoZdyFsm','/(A) (Working Folder)/Separate Combine /Good Carma'),(208,'9130355703812066','8','7','1h402P1Ot-Nb4uUa6zLMJQ4meOoZdyFsm','/(A) (Working Folder)/Separate Combine /Good Carma'),(209,'9130355703812066','15','5','1g_dRS0Y7CRv3s5GliyT7JhHNVkb6SfML','/(A) (Working Folder)/-OLD LEGACY FOLDERS/Good Carma/Issues'),(210,'9130355703812066','16','5','1g_dRS0Y7CRv3s5GliyT7JhHNVkb6SfML','/(A) (Working Folder)/-OLD LEGACY FOLDERS/Good Carma/Issues'),(211,'9130355703812066','17','7','1h8RgyrTgy9TY_FO3YnrhN0WQdfwtjX4E','/(A) (Working Folder)/Delete/Good Carma'),(212,'9130355703812066','14','2','1gZWxS4ECkMQCU60-1UjBJCHAi6L_isDb','/(A) (Working Folder)/-OLD LEGACY FOLDERS/Good Carma/Staging'),(213,'','','','','');

--
-- Table structure for table `table_columns`
--

CREATE TABLE `table_columns` (
  `id` int(11) NOT NULL AUTO_INCREMENT,
  `name` varchar(500) NOT NULL,
  PRIMARY KEY (`id`)
) ENGINE=MyISAM AUTO_INCREMENT=24 DEFAULT CHARSET=latin1 COLLATE=latin1_swedish_ci;

--
-- Dumping data for table `table_columns`
--

INSERT INTO `table_columns` VALUES (1,'PDF'),(2,'TYPE'),(3,'BILL DATE'),(4,'VENDOR'),(5,'BILL NO'),(6,'CUSTOMER'),(7,'MEMO'),(8,'LOCATION'),(9,'SUM'),(10,'LINE AMOUNT'),(11,'CATEGORY ACCOUNT'),(12,'LINE AMOUNT 2'),(13,'CATEGORY ACCOUNT 2'),(14,'LINE AMOUNT 3'),(15,'CATEGORY ACCOUNT 3'),(16,'LINE AMOUNT 4'),(17,'CATEGORY ACCOUNT 4'),(18,'LINE AMOUNT 5'),(19,'CATEGORY ACCOUNT 5'),(20,'LINE AMOUNT 6'),(21,'CATEGORY ACCOUNT 6'),(22,'REMARKS'),(23,'ERROR MSG');

--
-- Table structure for table `table_columns_mapping`
--

CREATE TABLE `table_columns_mapping` (
  `id` int(11) NOT NULL AUTO_INCREMENT,
  `userid` int(5) NOT NULL,
  `columnid` int(5) NOT NULL,
  `status` varchar(20) NOT NULL,
  PRIMARY KEY (`id`)
) ENGINE=MyISAM AUTO_INCREMENT=422 DEFAULT CHARSET=latin1 COLLATE=latin1_swedish_ci;

--
-- Dumping data for table `table_columns_mapping`
--

INSERT INTO `table_columns_mapping` VALUES (1,1,1,'E'),(2,1,2,'E'),(3,1,3,'E'),(4,1,4,'E'),(5,1,5,'E'),(6,1,6,'E'),(7,1,7,'E'),(8,1,8,'E'),(9,1,9,'E'),(10,1,10,'E'),(11,1,11,'E'),(12,1,12,'E'),(13,1,13,'E'),(14,1,14,'E'),(15,1,15,'E'),(16,1,16,'E'),(17,1,17,'E'),(18,1,18,'E'),(19,1,19,'E'),(20,1,20,'E'),(21,1,21,'E'),(22,1,22,'E'),(23,18,1,'E'),(24,18,2,'E'),(25,18,3,'E'),(26,18,4,'E'),(27,18,5,'E'),(28,18,6,'E'),(29,18,7,'E'),(30,18,8,'E'),(31,18,9,'E'),(32,18,10,'E'),(33,18,11,'E'),(34,18,12,'E'),(35,18,13,'E'),(36,18,14,'E'),(37,18,15,'E'),(38,18,16,'E'),(39,18,17,'E'),(40,18,18,'E'),(41,18,19,'E'),(42,18,20,'E'),(43,18,21,'E'),(44,18,22,'E'),(45,26,1,'E'),(46,26,2,'E'),(47,26,3,'E'),(48,26,4,'E'),(49,26,5,'E'),(50,26,6,'E'),(51,26,7,'E'),(52,26,8,'E'),(53,26,9,'E'),(54,26,10,'E'),(55,26,11,'E'),(56,26,12,'E'),(57,26,13,'E'),(58,26,14,'E'),(59,26,15,'E'),(60,26,16,'E'),(61,26,17,'E'),(62,26,18,'E'),(63,26,19,'E'),(64,26,20,'E'),(65,26,21,'E'),(66,26,22,'E'),(67,9,1,'E'),(68,9,2,'E'),(69,9,3,'E'),(70,9,4,'E'),(71,9,5,'E'),(72,9,6,'E'),(73,9,7,'E'),(74,9,8,'E'),(75,9,9,'E'),(76,9,10,'E'),(77,9,11,'E'),(78,9,12,'E'),(79,9,13,'E'),(80,9,14,'E'),(81,9,15,'E'),(82,9,16,'E'),(83,9,17,'E'),(84,9,18,'E'),(85,9,19,'E'),(86,9,20,'E'),(87,9,21,'E'),(88,9,22,'E'),(374,33,22,'E'),(373,33,21,'E'),(372,33,20,'E'),(371,33,19,'E'),(370,33,18,'E'),(369,33,17,'E'),(368,33,16,'E'),(367,33,15,'E'),(366,33,14,'E'),(365,33,13,'E'),(364,33,12,'E'),(363,33,11,'E'),(362,33,10,'E'),(361,33,9,'E'),(360,33,8,'E'),(359,33,7,'E'),(358,33,6,'E'),(357,33,5,'E'),(356,33,4,'E'),(355,33,3,'E'),(354,33,2,'E'),(353,33,1,'E'),(395,34,20,'E'),(394,34,19,'E'),(393,34,18,'E'),(392,34,17,'E'),(391,34,16,'E'),(390,34,15,'E'),(389,34,14,'E'),(388,34,13,'E'),(387,34,12,'E'),(386,34,11,'E'),(385,34,10,'E'),(384,34,9,'E'),(383,34,8,'E'),(382,34,7,'E'),(381,34,6,'E'),(380,34,5,'E'),(379,34,4,'E'),(378,34,3,'E'),(377,34,2,'E'),(376,34,1,'E'),(375,33,23,'E'),(133,17,1,'E'),(134,17,2,'E'),(135,17,3,'E'),(136,17,4,'E'),(137,17,5,'E'),(138,17,6,'E'),(139,17,7,'E'),(140,17,8,'E'),(141,17,9,'E'),(142,17,10,'E'),(143,17,11,'E'),(144,17,12,'E'),(145,17,13,'E'),(146,17,14,'E'),(147,17,15,'E'),(148,17,16,'E'),(149,17,17,'E'),(150,17,18,'E'),(151,17,19,'E'),(152,17,20,'E'),(153,17,21,'E'),(154,17,22,'E'),(155,16,1,'E'),(156,16,2,'E'),(157,16,3,'E'),(158,16,4,'E'),(159,16,5,'E'),(160,16,6,'E'),(161,16,7,'E'),(162,16,8,'E'),(163,16,9,'E'),(164,16,10,'E'),(165,16,11,'E'),(166,16,12,'E'),(167,16,13,'E'),(168,16,14,'E'),(169,16,15,'E'),(170,16,16,'E'),(171,16,17,'E'),(172,16,18,'E'),(173,16,19,'E'),(174,16,20,'E'),(175,16,21,'E'),(176,16,22,'E'),(177,14,1,'E'),(178,14,2,'E'),(179,14,3,'E'),(180,14,4,'E'),(181,14,5,'E'),(182,14,6,'E'),(183,14,7,'E'),(184,14,8,'E'),(185,14,9,'E'),(186,14,10,'E'),(187,14,11,'E'),(188,14,12,'E'),(189,14,13,'E'),(190,14,14,'E'),(191,14,15,'E'),(192,14,16,'E'),(193,14,17,'E'),(194,14,18,'E'),(195,14,19,'E'),(196,14,20,'E'),(197,14,21,'E'),(198,14,22,'E'),(199,15,1,'E'),(200,15,2,'E'),(201,15,3,'E'),(202,15,4,'E'),(203,15,5,'E'),(204,15,6,'E'),(205,15,7,'E'),(206,15,8,'E'),(207,15,9,'E'),(208,15,10,'E'),(209,15,11,'E'),(210,15,12,'E'),(211,15,13,'E'),(212,15,14,'E'),(213,15,15,'E'),(214,15,16,'E'),(215,15,17,'E'),(216,15,18,'E'),(217,15,19,'E'),(218,15,20,'E'),(219,15,21,'E'),(220,15,22,'E'),(221,20,1,'E'),(222,20,2,'E'),(223,20,3,'E'),(224,20,4,'E'),(225,20,5,'E'),(226,20,6,'E'),(227,20,7,'E'),(228,20,8,'E'),(229,20,9,'E'),(230,20,10,'E'),(231,20,11,'E'),(232,20,12,'E'),(233,20,13,'E'),(234,20,14,'E'),(235,20,15,'E'),(236,20,16,'E'),(237,20,17,'E'),(238,20,18,'E'),(239,20,19,'E'),(240,20,20,'E'),(241,20,21,'E'),(242,20,22,'E'),(243,23,1,'E'),(244,23,2,'E'),(245,23,3,'E'),(246,23,4,'E'),(247,23,5,'E'),(248,23,6,'E'),(249,23,7,'E'),(250,23,8,'E'),(251,23,9,'E'),(252,23,10,'E'),(253,23,11,'E'),(254,23,12,'E'),(255,23,13,'E'),(256,23,14,'E'),(257,23,15,'E'),(258,23,16,'E'),(259,23,17,'E'),(260,23,18,'E'),(261,23,19,'E'),(262,23,20,'E'),(263,23,21,'E'),(264,23,22,'E'),(421,35,23,'E'),(420,35,22,'E'),(419,35,21,'E'),(418,35,20,'E'),(287,25,1,'E'),(288,25,2,'E'),(289,25,3,'E'),(290,25,4,'E'),(291,25,5,'E'),(292,25,6,'E'),(293,25,7,'E'),(294,25,8,'E'),(295,25,9,'E'),(296,25,10,'E'),(297,25,11,'E'),(298,25,12,'E'),(299,25,13,'E'),(300,25,14,'E'),(301,25,15,'E'),(302,25,16,'E'),(303,25,17,'E'),(304,25,18,'E'),(305,25,19,'E'),(306,25,20,'E'),(307,25,21,'E'),(308,25,22,'E'),(417,35,19,'E'),(416,35,18,'E'),(415,35,17,'E'),(414,35,16,'E'),(413,35,15,'E'),(412,35,14,'E'),(411,35,13,'E'),(410,35,12,'E'),(409,35,11,'E'),(408,35,10,'E'),(407,35,9,'E'),(406,35,8,'E'),(405,35,7,'E'),(404,35,6,'E'),(403,35,5,'E'),(402,35,4,'E'),(401,35,3,'E'),(400,35,2,'E'),(399,35,1,'E'),(398,34,23,'E'),(397,34,22,'E'),(396,34,21,'E');

--
-- Table structure for table `term`
--

CREATE TABLE `term` (
  `id` int(5) NOT NULL AUTO_INCREMENT,
  `clientid` int(5) NOT NULL,
  `termid` int(5) NOT NULL,
  `termname` varchar(100) NOT NULL,
  PRIMARY KEY (`id`)
) ENGINE=MyISAM AUTO_INCREMENT=32086 DEFAULT CHARSET=latin1 COLLATE=latin1_swedish_ci;

--
-- Dumping data for table `term`
--

INSERT INTO `term` VALUES (14994,49,4,'Net 60'),(14858,1,4,'Net 60'),(14857,1,3,'Net 30'),(14978,46,8,'Net 60'),(14862,3,4,'Net 60'),(14863,6,1,'Due on receipt'),(14967,43,5,'Net 60'),(14868,7,4,'Net 60'),(14867,7,3,'Net 30'),(14962,42,8,'Net 60'),(14872,9,4,'Net 60'),(14871,9,3,'Net 30'),(14877,11,4,'Net 60'),(14876,11,3,'Net 30'),(14874,11,1,'Due on receipt'),(14961,42,7,'Net 30'),(14881,12,4,'Net 60'),(14880,12,3,'Net 30'),(14882,13,13,'Monthly Premium'),(14960,42,6,'Net 15'),(14886,14,4,'Net 60'),(14885,14,3,'Net 30'),(14954,41,14,'Title Commitment'),(14891,19,4,'Net 60'),(14890,19,3,'Net 30'),(14889,19,2,'Net 15'),(14895,20,4,'Net 60'),(14894,20,3,'Net 30'),(14953,41,9,'Net 60'),(14899,21,4,'Net 60'),(14898,21,3,'Net 30'),(15049,56,43,'Web Order'),(14990,48,15,'Service Date'),(14907,22,8,'Net 60'),(14906,22,7,'Net 30'),(14905,22,6,'Net 15'),(14952,41,8,'Net 30'),(14911,24,5,'Net 60'),(14910,24,4,'Net 30'),(14943,40,5,'Net 60'),(14915,25,4,'Net 60'),(14914,25,3,'Net 30'),(15009,51,237,'Net 5'),(14923,30,8,'Net 60'),(14922,30,7,'Net 30'),(14921,30,6,'Net 15'),(14920,30,12,'Net 10'),(14927,32,4,'Net 60'),(14926,32,3,'Net 30'),(14931,36,4,'Net 60'),(14930,36,3,'Net 30'),(14939,38,8,'Net 60'),(14938,38,7,'Net 30'),(14937,38,6,'Net 15'),(14856,1,2,'Net 15'),(14861,3,3,'Net 30'),(14973,44,5,'Net 60'),(14866,7,2,'Net 15'),(14870,9,2,'Net 15'),(14875,11,2,'Net 15'),(14879,12,2,'Net 15'),(14884,14,2,'Net 15'),(14888,19,5,'Net 10'),(14893,20,2,'Net 15'),(14897,21,2,'Net 15'),(14904,22,12,'Net 10'),(14903,22,5,'Due on receipt'),(14909,24,3,'Net 15'),(14913,25,2,'Net 15'),(14919,30,5,'Due on receipt'),(14925,32,2,'Net 15'),(14929,36,2,'Net 15'),(14936,38,12,'Net 10'),(14935,38,5,'Due on receipt'),(14860,3,2,'Net 15'),(14932,38,9,'1% 10 Net 30'),(14869,9,1,'Due on receipt'),(14873,11,5,'10 Days'),(14918,30,11,'Consignment'),(14900,22,9,'1% 10 Net 30'),(14928,36,1,'Due on receipt'),(14934,38,11,'Consignment'),(14942,40,4,'Net 30'),(14941,40,3,'Net 15'),(14940,40,2,'Due on receipt'),(14951,41,16,'Net 20'),(14950,41,7,'Net 15'),(14949,41,15,'Net 14'),(14948,41,13,'Net 10'),(14947,41,6,'Due on receipt'),(14946,41,12,'Consignment'),(14945,41,11,'2% 10 Net 30'),(14944,41,10,'1% 10 Net 30'),(14959,42,12,'Net 10'),(14958,42,5,'Due on receipt'),(14957,42,11,'Consignment'),(14956,42,10,'2% 10 Net 30'),(14955,42,9,'1% 10 Net 30'),(14966,43,4,'Net 30'),(14965,43,3,'Net 15'),(14964,43,6,'Net 10'),(14963,43,2,'Due on receipt'),(14972,44,4,'Net 30'),(14971,44,6,'Net 25'),(14970,44,3,'Net 15'),(14969,44,7,'Net 10'),(14968,44,2,'Due on receipt'),(14977,46,7,'Net 30'),(14976,46,6,'Net 15'),(14975,46,9,'Net 10'),(14974,46,5,'Due on receipt'),(14989,48,8,'Net 60'),(14988,48,7,'Net 30'),(14987,48,12,'Net 15 Days'),(14986,48,6,'Net 15'),(14985,48,14,'Net 10'),(14984,48,16,'Due upon Receipt'),(14983,48,5,'Due on receipt'),(15003,50,8,'Net 7'),(14993,49,3,'Net 30'),(14992,49,2,'Net 15'),(15002,50,5,'Net 60'),(15001,50,4,'Net 30'),(15000,50,10,'Net 27'),(14999,50,3,'Net 15'),(14998,50,9,'Net 14'),(14997,50,7,'Net 12'),(14996,50,6,'Net 10'),(14933,38,10,'2% 10 Net 30'),(15008,51,235,'Net 30'),(15007,51,238,'Net 3'),(15006,51,239,'Net 20'),(15005,51,236,'Net 15'),(15017,52,8,'Net 60'),(15016,52,7,'Net 30'),(15015,52,6,'Net 15'),(15012,52,11,'Consignment'),(15013,52,5,'Due on receipt'),(15022,53,4,'Net 60'),(15021,53,3,'Net 30'),(15020,53,2,'Net 15'),(14901,22,10,'2% 10 Net 30'),(15026,54,4,'Net 60'),(15025,54,3,'Net 30'),(15024,54,2,'Net 15'),(15030,55,4,'Net 60'),(15029,55,3,'Net 30'),(15048,56,34,'PPD - 0.0 - 0 - 0'),(15047,56,41,'NET 90'),(15046,56,37,'NET 7'),(15045,56,28,'Net 60'),(15044,56,27,'Net 30'),(15043,56,35,'NET 21'),(15042,56,33,'NET 20'),(15041,56,42,'NET 180'),(15040,56,26,'Net 15'),(15039,56,36,'NET 10'),(15038,56,39,'NET 0'),(11964,89,5,'Net 60'),(15053,57,4,'Net 60'),(15052,57,3,'Net 30'),(32085,64,12,'Upon Receipt'),(15057,61,4,'Net 60'),(15056,61,3,'Net 30'),(32084,64,10,'Net 7'),(32083,64,4,'Net 60'),(32082,64,11,'Net 45'),(32081,64,3,'Net 30'),(32080,64,8,'Net 20'),(32079,64,2,'Net 15'),(32078,64,15,'Net 14'),(32077,64,16,'Net 120'),(32076,64,9,'Net 10'),(32075,64,14,'End of Month and 10 days'),(11947,87,17,'Net15'),(15077,65,4,'Net 60'),(15076,65,3,'Net 30'),(11920,67,4,'Net 60'),(11919,67,3,'Net 30'),(11931,76,4,'Net 60'),(11924,75,5,'Net 60'),(11923,75,4,'Net 30'),(11930,76,3,'Net 30'),(11929,76,2,'Net 15'),(11928,76,1,'Due on receipt'),(11927,76,7,'Due on Delivery'),(11936,78,5,'Net 60'),(11935,78,4,'Net 30'),(11934,78,3,'Net 15'),(14982,48,11,'Consignment'),(14981,48,13,'5% Net 15'),(15014,52,12,'Net 10'),(15011,52,10,'2% 10 Net 30'),(15019,53,1,'Due on receipt'),(15028,55,2,'Net 15'),(15034,56,38,'2.0% 10 NET 30'),(15035,56,32,'COD - 0.0 - 0 - 0'),(15036,56,31,'Consignment'),(15051,57,2,'Net 15'),(15055,61,2,'Net 15'),(32074,64,13,'End of Month and 1 day'),(32072,64,6,'Credit Card'),(15075,65,2,'Net 15'),(11918,67,2,'Net 15'),(11922,75,3,'Net 15'),(11925,76,5,'50% Due upon approval'),(11933,78,7,'Net 10 Days'),(11946,87,10,'Net 60'),(11945,87,16,'Net 45'),(11944,87,9,'Net 30'),(11943,87,18,'Net 27'),(11942,87,8,'Net 15'),(11941,87,15,'Net 10'),(11940,87,7,'Due on receipt'),(11959,88,16,'Net 7'),(11958,88,10,'Net 60'),(11957,88,17,'Net 5'),(11956,88,9,'Net 30'),(11955,88,8,'Net 15'),(11954,88,19,'Net 14 (Use This)'),(11953,88,18,'Net 14'),(11963,89,4,'Net 30'),(11962,89,3,'Net 15'),(11961,89,7,'Net 10'),(14855,1,1,'Due on receipt'),(14859,3,1,'Due on receipt'),(14865,7,1,'Due on receipt'),(14878,12,1,'Due on receipt'),(14883,14,1,'Due on receipt'),(14887,19,1,'Due on receipt'),(14892,20,1,'Due on receipt'),(14896,21,1,'Due on receipt'),(14902,22,11,'Consignment'),(14908,24,2,'Due on receipt'),(14912,25,1,'Due on receipt'),(14917,30,10,'2% 10 Net 30'),(14924,32,1,'Due on receipt'),(14995,50,2,'Due on receipt'),(15004,51,240,'Due upon service'),(15010,52,9,'1% 10 Net 30'),(15018,53,5,'Due on 1st'),(15023,54,1,'Due on receipt'),(15037,56,25,'Due on receipt'),(15031,56,29,'1% 10 Net 30'),(15050,57,1,'Due on receipt'),(15054,61,1,'Due on receipt'),(32073,64,1,'Due on receipt'),(32071,64,5,'ACH'),(15074,65,1,'Due on receipt'),(11932,78,2,'Due on receipt'),(11939,87,14,'Consignment'),(11938,87,13,'2% 10 Net 30'),(11952,88,15,'net 10'),(11951,88,7,'Due on receipt'),(11950,88,14,'Consignment'),(11960,89,2,'Due on receipt'),(15033,56,30,'2% 10 Net 30'),(32070,64,7,'1st of month'),(11926,76,6,'75% Due upon approval'),(11937,87,12,'1% 10 Net 30'),(11949,88,13,'2% 10 Net 30'),(11948,88,12,'1% 10 Net 30'),(14991,49,1,'Due on receipt'),(15027,55,1,'Due on receipt'),(11917,67,1,'Due on receipt'),(11921,75,2,'Due on receipt'),(15032,56,40,'1.0% 10 NET 30'),(14916,30,9,'1% 10 Net 30'),(14980,48,10,'2% 10 Net 30'),(14979,48,9,'1% 10 Net 30'),(14864,6,3,'Net 30');

--
-- Table structure for table `type`
--

CREATE TABLE `type` (
  `id` int(4) NOT NULL AUTO_INCREMENT,
  `typename` varchar(50) NOT NULL,
  `typefullname` varchar(100) NOT NULL,
  PRIMARY KEY (`id`)
) ENGINE=MyISAM AUTO_INCREMENT=23 DEFAULT CHARSET=latin1 COLLATE=latin1_swedish_ci;

--
-- Dumping data for table `type`
--

INSERT INTO `type` VALUES (1,'Inv','Invoice'),(2,'CM','Credit Memo'),(3,'Ref','Refund'),(4,'Stm','Statement'),(5,'RA','Remittance Advice'),(6,'AR','Accounts Receivable'),(7,'Sep','Separate'),(8,'Cmb','Combine'),(16,'LN','Loan'),(12,'Inv-Memo','Invoice-Memo'),(14,'AGR','Agreement'),(15,'ASK','Ask Client'),(17,'Del','Delete'),(18,'MIS','Missing Customer'),(19,'BL','Bill of Landing'),(20,'COGS','COGS'),(22,'','');

--
-- Table structure for table `vendor`
--

CREATE TABLE `vendor` (
  `id` int(5) NOT NULL AUTO_INCREMENT,
  `clientid` int(5) NOT NULL,
  `vendorid` int(5) NOT NULL,
  `vendorname` varchar(100) NOT NULL,
  `vendoraddress` varchar(800) DEFAULT NULL,
  `defaultamount` varchar(20) DEFAULT NULL,
  PRIMARY KEY (`id`)
) ENGINE=MyISAM AUTO_INCREMENT=447600 DEFAULT CHARSET=latin1 COLLATE=latin1_swedish_ci;

--
-- Dumping data for table `vendor`
--

INSERT INTO `vendor` VALUES (447599,64,656,'Zuccaros Produce','',NULL),(447598,64,1844,'Zip Tech','',NULL),(447597,64,1414,'Zip Recruiter','',NULL),(447596,64,1640,'Zhen  Huang','',NULL),(447595,64,1181,'Zavawn Smith','',NULL),(447594,64,1791,'Zakia Deli','',NULL),(447593,64,1521,'Yz Hai Yan','',NULL),(447592,64,1223,'Yuan Chia Wu Tien Nao','',NULL),(447591,64,1742,'YouTube','',NULL),(447590,64,655,'Yons Foods','',NULL),(447589,64,1539,'Yardhouse','',NULL),(447588,64,657,'Yamasho','',NULL),(447587,64,1009,'Xiaomi','',NULL),(447586,64,672,'Xcel Energy (Minneapolis)','',NULL),(447585,64,2211,'Worldwide Snacks LLC','',NULL),(447584,64,2167,'World of Beer','',NULL),(447583,64,1582,'World Market Supply','',NULL),(447582,64,1024,'Workflowy','',NULL),(447581,64,2206,'Wordwide Snacks LLC','',NULL),(447580,64,1222,'Wordpress','',NULL),(447579,64,1404,'Woolloomooloo','',NULL),(447578,64,2300,'Woodbury Employee Meal','',NULL),(447577,64,652,'Woodbury Business Plaza','',NULL),(447576,64,1023,'WKI CT Corportation','',NULL),(447575,64,650,'Wismettac','',NULL),(447574,64,1022,'Winner Gas Station','',NULL),(447573,64,648,'Win Luck Trading','',NULL),(447572,64,2244,'Wilson Lines','',NULL),(447571,64,647,'Wilkie Sanderson','',NULL),(447570,64,1812,'Wild Fork','',NULL),(447569,64,1693,'Wilber Suarez','',NULL),(447568,64,1021,'Whole Foods','',NULL),(447567,64,1940,'Whiskey Joes','',NULL),(447566,64,1020,'Wheniwork.com','',NULL),(447565,64,1950,'WG Lakes Resort Rental','',NULL),(447564,64,1377,'WeWork','',NULL),(447563,64,1238,'Wet Paint','',NULL),(447562,64,1872,'Westar','',NULL),(447561,64,1722,'West Saint Paul','',NULL),(447560,64,1939,'Wendys','',NULL),(447559,64,1019,'Welna Hardware','',NULL),(447558,64,2371,'Wells Collection Inc.','',NULL),(447557,64,2372,'Wells Collection Inc','',NULL),(447556,64,645,'Well Luck','',NULL),(447555,64,644,'Wei-Chuan','',NULL),(447554,64,1520,'Wedge Community','',NULL),(447553,64,1700,'Wayfair','',NULL),(447552,64,1519,'Way Fair.Com','',NULL),(447551,64,1670,'WAY - PARKING','',NULL),(447550,64,1614,'Wawa','',NULL),(447549,64,1445,'Waterwerks Car Wash','',NULL),(447548,64,1296,'Wat Promwachirayan','',NULL),(447547,64,1864,'Wastar','',NULL),(447546,64,2317,'Wassup Digital','',NULL),(447545,64,1237,'Washington Avenue Ramp','',NULL),(447544,64,1632,'Wash Depot II Inc','',NULL),(447543,64,2262,'Walters Recycling & Refuse','',NULL),(447542,64,1170,'Walter D Hoggatt','',NULL),(447541,64,643,'Walong Marketing','',NULL),(447540,64,2354,'Walmart','',NULL),(447539,64,2092,'Walgreens','',NULL),(447538,64,1240,'Waitwhile Application','',NULL),(447537,64,1203,'Wade L. Stewart','',NULL),(447536,64,642,'Votacall','',NULL),(447535,64,1518,'Vons','',NULL),(447534,64,2144,'Vivint','',NULL),(447533,64,1233,'VistaPrint','',NULL),(447532,64,1517,'Viking Sprinkler','',NULL),(447531,64,1516,'Viking Electric Supply','',NULL),(447530,64,1127,'Vieau & Associates','',NULL),(447529,64,2000,'Viator','',NULL),(447528,64,1666,'Viasat In-Flight Wi-Fi','',NULL),(447527,64,640,'Verizon Wireless','',NULL),(447526,64,639,'Ver-Tech Solutions & Services (VSS)','',NULL),(447525,64,2235,'Venteur - ACH','',NULL),(447524,64,1193,'Venmo','',NULL),(447523,64,1741,'VENETIAN','',NULL),(447522,64,1373,'Vast Import Inc','',NULL),(447521,64,637,'Vantiv','',NULL),(447520,64,636,'ValuTec Card Solutions','',NULL),(447519,64,961,'USPS','',NULL),(447518,64,1018,'USDA PACA Division','',NULL),(447517,64,2054,'USCCA/DELTA','',NULL),(447516,64,1745,'US Liability Insurance','',NULL),(447515,64,1408,'US Foods','',NULL),(447514,64,1153,'US Business Funding','',NULL),(447513,64,1129,'Urban Roots','',NULL),(447512,64,1242,'Upwork Inc.','',NULL),(447510,64,2351,'UPrinting','',NULL),(447511,64,2258,'UPS','',NULL),(447509,64,1886,'Unsplash','',NULL),(447508,64,1415,'Unsold','',NULL),(447507,64,1151,'Unknown','',NULL),(447506,64,2295,'United States Treasury','',NULL),(447505,64,631,'United States Liability Insurance Company','',NULL),(447504,64,962,'United Parcel Service(UPS)','',NULL),(447503,64,1362,'United Noodles 2 LLC','',NULL),(447502,64,1748,'United Noodles','',NULL),(447501,64,1017,'United Airline','',NULL),(447500,64,2113,'UNICOCAMPANIA NAPOLI','',NULL),(447499,64,2241,'Uneath Malee','',NULL),(447498,64,2345,'Unearth Malee','',NULL),(447497,64,629,'UN Wholesale','',NULL),(447496,64,960,'Umzuzu','',NULL),(447495,64,1156,'Um Choi','',NULL),(447494,64,626,'ULINE Shipping Supply','',NULL),(447493,64,1822,'UFC','',NULL),(447491,64,966,'Uber Eats','',NULL),(447492,64,1901,'Udon - Wynwood','',NULL),(447490,64,959,'Uber','',NULL),(447489,64,1562,'U-Haul Storage','',NULL),(447488,64,624,'Twin City Produce','',NULL),(447487,64,1928,'Twin City Grill','',NULL),(447486,64,623,'Twin City Filter Service','',NULL),(447485,64,1209,'Twin Cities Baler & Compactor','',NULL),(447484,64,1515,'Turo Car','',NULL),(447483,64,1681,'TURNBRY ISLE VALET PRK','',NULL),(447482,64,1514,'Tsz Ji','',NULL),(447481,64,2060,'TST the clever koi','',NULL),(447480,64,2050,'TST RUSTY PELICAN MIAMI','',NULL),(447479,64,622,'Trustworthy Glass','',NULL),(447478,64,891,'Trung Nam','',NULL),(447477,64,1690,'TRUMP NATIONAL DORAL','',NULL),(447476,64,621,'True World Foods Grocery Division','',NULL),(447475,64,2269,'True World Foods Chicago LLC','',NULL),(447474,64,1595,'True Value','',NULL),(447473,64,1806,'Tropical Chinese','',NULL),(447472,64,2245,'Tristan Lewellyn','',NULL),(447471,64,1747,'Triple C Eversharp','',NULL),(447470,64,1557,'Trip Advisor','',NULL),(447469,64,1176,'Trion - CC','',NULL),(447468,64,620,'Trio Supply','',NULL),(447467,64,2264,'Trina Vu','',NULL),(447465,64,2019,'Treasury Direct','',NULL),(447466,64,1198,'Trenton A Jackson','',NULL),(447464,64,1307,'TRANSFERWISE INC','',NULL),(447463,64,1015,'Transact Technologies','',NULL),(447462,64,2363,'Transact','',NULL),(447461,64,618,'Tran Nga','',NULL),(447460,64,617,'Tradewinds Electric','',NULL),(447459,64,1854,'Trader Joes','',NULL),(447458,64,1691,'TRADEMARK TITLE SERVICES, INC.','',NULL),(447457,64,1878,'Tractor Supply Co','',NULL),(447456,64,2161,'Toyota','',NULL),(447455,64,1013,'Touch Bistro','',NULL),(447454,64,616,'Tony Seafood','',NULL),(447453,64,2184,'Tom Thumb','',NULL),(447452,64,1251,'Toast Central','',NULL),(447451,64,1911,'TM UFC','',NULL),(447450,64,1646,'TKS USA CORP','',NULL),(447449,64,1902,'TK Chinese Grocery','',NULL),(447448,64,2126,'TJ Maxx','',NULL),(447447,64,1128,'Titanium Repair Service - CC','',NULL),(447446,64,1357,'Titan Point','',NULL),(447444,64,1963,'Tire Rack','',NULL),(447445,64,2243,'Tires Plus','',NULL),(447443,64,1716,'Tipp Topp Detailing','',NULL),(447442,64,2222,'TikTok','',NULL),(447441,64,615,'Tiffany Food','',NULL),(447440,64,1306,'Tie To Tax 2019','',NULL),(447439,64,2105,'Tick Pick','',NULL),(447438,64,2140,'Thong Ha','',NULL),(447437,64,2114,'Third Star','',NULL),(447436,64,2063,'Thesis Hotel Miami','',NULL),(447435,64,963,'The Westin','',NULL),(447434,64,1012,'The Webstaurant Store','',NULL),(447433,64,1006,'The Star Tribune','',NULL),(447432,64,1853,'The Palms Car Wash','',NULL),(447431,64,1817,'The Howe','',NULL),(447430,64,947,'The Home Depot','',NULL),(447429,64,670,'The Fish Guys','',NULL),(447428,64,2336,'The FIDI Hotel','',NULL),(447427,64,1260,'The CLOUDS Lab','',NULL),(447426,64,2175,'The Classic Truck Wash','',NULL),(447425,64,1011,'The Check Depot','',NULL),(447424,64,1513,'THE Business Jornals','',NULL),(447423,64,2117,'The Brass Tap','',NULL),(447422,64,1250,'THE AMBASSADOR HOTEL','',NULL),(447421,64,2356,'Thatch','',NULL),(447420,64,1436,'Thai Hand','',NULL),(447419,64,1863,'Thai Craft Brewery & Kitchen','',NULL),(447418,64,1587,'Thai Bella Moab','',NULL),(447417,64,1695,'Tesla Inc - CC','',NULL),(447416,64,1851,'Terrys Flowers','',NULL),(447415,64,2360,'Temu','',NULL),(447414,64,610,'Tempeh Tantrum','',NULL),(447413,64,1975,'Temp Stick','',NULL),(447412,64,2265,'Tekton Forensics LLC','',NULL),(447411,64,1512,'Tech Savings','',NULL),(447410,64,1965,'Taxi','',NULL),(447409,64,898,'Tax','',NULL),(447408,64,608,'TASC','',NULL),(447407,64,1010,'Target','',NULL),(447406,64,2135,'Tap 42','',NULL),(447405,64,1439,'Taobao.Com','',NULL),(447404,64,1252,'Tamarack Materials Inc.','',NULL),(447403,64,1283,'Taiwan High speed Rail Co','',NULL),(447402,64,1008,'Taipei 101 Mall','',NULL),(447401,64,1438,'Tai Ya Taipei','',NULL),(447400,64,1511,'Tai Mall','',NULL),(447399,64,606,'Tacoma Global Trading','',NULL),(447398,64,1580,'Taco Libre','',NULL),(447397,64,1573,'Taco Del Mar','',NULL),(447396,64,1249,'TABLE LEGS','',NULL),(447395,64,1804,'T-Rex Cookies','',NULL),(447394,64,2250,'T&T Trailer and Rental','',NULL),(447393,64,2101,'T&A Tea, Inc','',NULL),(447392,64,2362,'T & T Trailer and Rental','',NULL),(447391,64,1510,'T & M Auto Repair','',NULL),(447390,64,667,'Sysco Asian Foods','',NULL),(447389,64,1903,'Sweetwater Car Wash','',NULL),(447388,64,1561,'Sweet Indulgence','',NULL),(447387,64,603,'Swanson Meats','',NULL),(447386,64,2233,'Sushi Tango','',NULL),(447385,64,2220,'Sushi Sake','',NULL),(447384,64,1999,'Sushi Kong','',NULL),(447383,64,1866,'Sushi Garage Cocowalk','',NULL),(447382,64,1982,'Sushi Dori','',NULL),(447381,64,2087,'sushi chef','',NULL),(447380,64,1007,'Surly Brewing Taproom','',NULL),(447379,64,2352,'SupermarketLabels.com','',NULL),(447378,64,1255,'Super Mercado Morelia','',NULL),(447377,64,1759,'Sunshine','',NULL),(447376,64,1876,'Sunrise','',NULL),(447375,64,2158,'Sunpass','',NULL),(447374,64,2259,'Sunoco','',NULL),(447373,64,2215,'SUNDO FOODS USA LLC','',NULL),(447372,64,1509,'Sunctryair','',NULL),(447371,64,602,'Sunbelt Rentals','',NULL),(447370,64,1699,'Sun Country Airlines','',NULL),(447369,64,601,'Summit Import','',NULL),(447368,64,2205,'Sugarbooger By OreOriginals','',NULL),(447367,64,1612,'Stuckeys','',NULL),(447366,64,516,'Storemasters','',NULL),(447365,64,1717,'Stone Arch','',NULL),(447364,64,2137,'STOCKPHOTO','',NULL),(447363,64,1468,'Stillwater Marine Service','',NULL),(447362,64,2279,'Stax','',NULL),(447361,64,1787,'Station 280','',NULL),(447360,64,2361,'State Of Minnesota','',NULL),(447359,64,598,'State Farm','',NULL),(447358,64,597,'State Auto Insurance Companies','',NULL),(447357,64,1005,'Staples','',NULL),(447356,64,595,'Stan Lee','',NULL),(447355,64,1869,'Stamp Maker','',NULL),(447354,64,2171,'St Paul Automotive','',NULL),(447353,64,2052,'ST PAUL AREA CHAMBER OF C','',NULL),(447352,64,1803,'Squishables','',NULL),(447351,64,1004,'Squarespace','',NULL),(447350,64,1508,'Sprint Wireless','',NULL),(447349,64,1003,'Spotify USA','',NULL),(447348,64,2094,'Spot Hero','',NULL),(447347,64,1885,'Spirit Airlines','',NULL),(447346,64,1126,'Spire Credit Union','',NULL),(447345,64,1910,'Spinnin Store','',NULL),(447343,64,1001,'Speedway','',NULL),(447344,64,1002,'Spin Master Inc.','',NULL),(447342,64,1537,'Speedmart','',NULL),(447341,64,594,'SpartanNash','',NULL),(447340,64,2086,'SP love pop cards','',NULL),(447339,64,593,'Soyfoods of America','',NULL),(447338,64,2022,'South Suburban Rental','',NULL),(447337,64,1269,'SOUNDSTRIPE','',NULL),(447336,64,1574,'Sosios Produce','',NULL),(447335,64,592,'Solstice Medicine','',NULL),(447334,64,1689,'SOLE MIAMI','',NULL),(447333,64,1991,'Soderbergs Floral And Gift','',NULL),(447332,64,1665,'SNAPTRAVEL','',NULL),(447331,64,1836,'SMS Valet','',NULL),(447330,64,957,'SMS','',NULL),(447329,64,1973,'SMARTDRAW SOFTWARE LLC','',NULL),(447328,64,1505,'Smack Shack','',NULL),(447327,64,1268,'SKB Malcolm Ave Transfer Station','',NULL),(447326,64,1493,'Siwi St. Louis','',NULL),(447325,64,1968,'Site 12128','',NULL),(447324,64,1000,'Silvercar Inc.','',NULL),(447323,64,1287,'Siffron','',NULL),(447322,64,1504,'Sidewalk Kitchen','',NULL),(447321,64,1248,'Shutterstock','',NULL),(447320,64,1746,'Shuang Hur Oriental Market','',NULL),(447319,64,1951,'SHUANG CHENG RESTAURANT','',NULL),(447318,64,2216,'Shoyeldo Incense','',NULL),(447317,64,2350,'Shoyeido Incense','',NULL),(447316,64,1270,'Shin Shin Hotel','',NULL),(447314,64,1572,'Sherwin Williams','',NULL),(447315,64,999,'Shin Kong Mitsukoshi Department Store','',NULL),(447312,64,1560,'Shell Oil','',NULL),(447313,64,998,'Sheraton','',NULL),(447311,64,2294,'Shelby Henderson','',NULL),(447310,64,588,'Shamrock Group','',NULL),(447309,64,1503,'Shake Shack','',NULL),(447308,64,1914,'Shadow Wagyu','',NULL),(447307,64,1990,'SGCW','',NULL),(447306,64,1219,'Serverworlds','',NULL),(447305,64,1916,'Sergios','',NULL),(447304,64,1182,'Serena C Leonard','',NULL),(447303,64,2143,'Sephora','',NULL),(447302,64,1502,'Sensational Cleaning','',NULL),(447300,64,1554,'Seatingmind.Com','',NULL),(447301,64,997,'Secretary of State, MN','',NULL),(447299,64,1923,'SDV-VRFY SQUARE INC','',NULL),(447298,64,587,'SDC MT','',NULL),(447297,64,995,'Scrubber City','',NULL),(447296,64,1590,'Scooters Coffee','',NULL),(447295,64,1664,'SCHLOTZSKYS','',NULL),(447294,64,993,'ScentAir Technologies','',NULL),(447293,64,586,'SCCA','',NULL),(447292,64,2291,'ScaleLabels.com','',NULL),(447291,64,1862,'Sawa','',NULL),(447290,64,902,'Sassant Co.','',NULL),(447289,64,1172,'Sarah E Carlson','',NULL),(447288,64,2313,'Sara Lynch','',NULL),(447287,64,2176,'Sand Bar','',NULL),(447286,64,1280,'San Shin Construction Co Ltd','',NULL),(447285,64,1589,'San Pedro Gas','',NULL),(447284,64,1501,'San Hsien','',NULL),(447283,64,992,'San Chuang','',NULL),(447282,64,1208,'Samuel Eckel','',NULL),(447281,64,1218,'Sams Club','',NULL),(447280,64,584,'Samha Foods','',NULL),(447279,64,2309,'Samantha Vilendrer','',NULL),(447278,64,1701,'Saints Commercial Food Service','',NULL),(447277,64,1189,'Saijen - Highland 2079 and 4878','',NULL),(447276,64,1500,'S and R Towing','',NULL),(447275,64,2203,'Ryanair','',NULL),(447274,64,1964,'Rusty Pelican','',NULL),(447273,64,1599,'Runyons','',NULL),(447272,64,1688,'RUNNINGS OF MONTICELLO','',NULL),(447271,64,2152,'Rudys Redeye Grill','',NULL),(447270,64,1281,'RUBBER STAMPS','',NULL),(447269,64,2237,'RS Warehouse','',NULL),(447268,64,2290,'RRS HRRBA','',NULL),(447267,64,2030,'Royal Farms','',NULL),(447266,64,582,'Roy C','',NULL),(447265,64,581,'Roxy Trading','',NULL),(447264,64,991,'Roti','',NULL),(447263,64,1499,'Roseville','',NULL),(447262,64,2142,'Root & Bone','',NULL),(447261,64,578,'Rong Shing Trading','',NULL),(447260,64,1498,'Rojo Maxican Grill','',NULL),(447259,64,1879,'RockAuto','',NULL),(447258,64,1740,'ROC ONE STOP','',NULL),(447257,64,1715,'Roadrunner Recycling','',NULL),(447256,64,1852,'Road Ranger','',NULL),(447255,64,1757,'Riverside Davannis','',NULL),(447254,64,2179,'Riverlink Toll','',NULL),(447253,64,1692,'RIVERLAND BANK','',NULL),(447252,64,2162,'River Line','',NULL),(447251,64,990,'Rise Baking Company','',NULL),(447250,64,2134,'Rio JV','',NULL),(447249,64,574,'Richin Trading','',NULL),(447248,64,571,'Rhee Bros','',NULL),(447247,64,570,'RGIS','',NULL),(447246,64,2076,'Revitamaxx','',NULL),(447245,64,2013,'Retail Resource','',NULL),(447244,64,1241,'Restaurant Depot','',NULL),(447243,64,1559,'Resorts World','',NULL),(447242,64,2219,'Residential Heating & Air Conditioning Inc.','',NULL),(447241,64,569,'Republic Service','',NULL),(447240,64,2118,'Renaissance Hotels','',NULL),(447239,64,1663,'RENAISSANCE','',NULL),(447238,64,568,'Reliance Standard Life Insurance Company','',NULL),(447237,64,2045,'RELAY','',NULL),(447236,64,1166,'Reino Paanahen','',NULL),(447235,64,567,'Reinhart Foodservice','',NULL),(447234,64,989,'REI.com','',NULL),(447233,64,1497,'Regina Vacuum Service','',NULL),(447232,64,1754,'RedLine design & Sign, Inc','',NULL),(447231,64,1892,'Red Peony','',NULL),(447229,64,1600,'RE/MAX Professionals','',NULL),(447230,64,1496,'Reata Travel Stop','',NULL),(447228,64,1388,'Raymond James','',NULL),(447227,64,1191,'Raymond G Valentin','',NULL),(447226,64,2186,'Rascals Bar & Grill','',NULL),(447225,64,2292,'Ras Harba Distribution','',NULL),(447224,64,2364,'Rapids Restaurant St Paul','',NULL),(447223,64,1495,'Rapids Food Service','',NULL),(447222,64,1588,'Randys Service','',NULL),(447220,64,658,'Rambo Fixture','',NULL),(447221,64,1979,'Ramen Shoten','',NULL),(447219,64,1494,'Ralphs','',NULL),(447218,64,2276,'Ralph Matthews','',NULL),(447217,64,669,'Raja Foods','',NULL),(447216,64,2032,'Raffaele Esposite','',NULL),(447215,64,1739,'Radisson Hotel','',NULL),(447214,64,1798,'RaceTrac','',NULL),(447213,64,2039,'R&R Cultivation','',NULL),(447212,64,1709,'Quiktrip','',NULL),(447211,64,1899,'QuickServe License','',NULL),(447210,64,2232,'QuickBooks Payroll','',NULL),(447209,64,2339,'QuickBooks Payments','',NULL),(447208,64,988,'QuickBooks Online','',NULL),(447207,64,1680,'QUANGS','',NULL),(447206,64,1111,'Quality Refrigeration (Woodbury)','',NULL),(447205,64,564,'Quality Refrigeration (Minneapolis)','',NULL),(447204,64,1880,'Quality Inn & Suites','',NULL),(447203,64,1669,'QT 757','',NULL),(447202,64,2059,'QT 400 TEMPE AZ','',NULL),(447201,64,1714,'QT','',NULL),(447200,64,2340,'Qatar Airways','',NULL),(447199,64,1992,'Punch Neapolitan Pizza','',NULL),(447198,64,1737,'Pullman Miami Airport','',NULL),(447197,64,2002,'Publix','',NULL),(447196,64,1662,'PROVANTAGE','',NULL),(447195,64,1467,'Prohibition Bar','',NULL),(447193,64,562,'Profusion Foods','',NULL),(447194,64,2238,'Progressive','',NULL),(447192,64,1558,'Proclip','',NULL),(447191,64,2177,'Pro Energy','',NULL),(447190,64,1108,'Priority Equipment Services - CC','',NULL),(447189,64,1661,'PRINTWITHME','',NULL),(447188,64,987,'Prime Video','',NULL),(447187,64,561,'Prime Food Processing','',NULL),(447186,64,1202,'Preston M Price','',NULL),(447185,64,1644,'Prestige Security LLC','',NULL),(447184,64,559,'Premium Waters','',NULL),(447183,64,1744,'Premium Parking','',NULL),(447182,64,558,'Preferred Electric','',NULL),(447181,64,1931,'PPOLE PIZZA','',NULL),(447180,64,885,'Powerhouse Electric Services LLC','',NULL),(447179,64,1217,'Postmates','',NULL),(447178,64,1760,'POSGuys','',NULL),(447177,64,1727,'Posglobal','',NULL),(447176,64,1253,'POS SUPPLY SOLUTIONS','',NULL),(447175,64,2104,'POS PLUS SOLUTIONS','',NULL),(447174,64,1833,'Portillos Woodbury','',NULL),(447173,64,1782,'Porsche West Broward','',NULL),(447172,64,1375,'Porsche Taiwan','',NULL),(447171,64,1491,'Porsche of Mpls','',NULL),(447170,64,557,'Porsche Minneapolis','',NULL),(447169,64,1216,'Ponyrent','',NULL),(447168,64,2074,'Pollo Tropical','',NULL),(447167,64,555,'Polka Dot Dairy','',NULL),(447166,64,2344,'Pleasant Valley Produce','',NULL),(447165,64,1489,'Pizza Luce Seward','',NULL),(447164,64,1679,'PITTSBURGH BLUE','',NULL),(447163,64,1678,'PINSTRIPES','',NULL),(447162,64,1677,'PILOT','',NULL),(447161,64,1288,'PIIN HANN ENTERPRISE CO., LTD','',NULL),(447160,64,1282,'PicMonkey','',NULL),(447159,64,552,'PHT Systems','',NULL),(447158,64,1293,'Photoshop & Lightroom','',NULL),(447157,64,1488,'Phillips 66','',NULL),(447156,64,1487,'Petro #362','',NULL),(447155,64,550,'Peterssen Keller Architecture','',NULL),(447154,64,2145,'Petco','',NULL),(447153,64,1988,'PERUVIAN CEVICHES','',NULL),(447152,64,1660,'PENSKE TRK','',NULL),(447150,64,1736,'Peacock Premium','',NULL),(447151,64,1637,'Penn Oil','',NULL),(447149,64,1254,'PChome Global','',NULL),(447148,64,1385,'Payroll','',NULL),(447147,64,549,'Paypal Inc','',NULL),(447146,64,1942,'Payoneer','',NULL),(447145,64,2067,'PAVE MOBILITY PARKING PMT','',NULL),(447144,64,2253,'Paula Cabatingan','',NULL),(447143,64,1187,'Patrick Koury','',NULL),(447142,64,2263,'Patricia Thao','',NULL),(447141,64,2297,'Patricia Sjulson','',NULL),(447140,64,1636,'Party City','',NULL),(447139,64,777,'Partnership Resources, Inc.','',NULL),(447138,64,1865,'Parkway Lawn Service Inc','',NULL),(447137,64,1909,'ParkReceipts','',NULL),(447136,64,2061,'PARKONE DORAL CITY','',NULL),(447135,64,1231,'Park Supply of America','',NULL),(447134,64,1486,'Park Board Multi Meters','',NULL),(447133,64,1712,'Park Basketball Fundraiser','',NULL),(447132,64,1946,'PARCHMENT-UNIV DOCS','',NULL),(447131,64,985,'Paramount Auto Service','',NULL),(447130,64,1996,'Paradise Parking','',NULL),(447128,64,1485,'Paper Source','',NULL),(447129,64,984,'Paperlanternstore.com','',NULL),(447127,64,546,'Papco','',NULL),(447126,64,2226,'Papa Johns','',NULL),(447125,64,2257,'Pao App','',NULL),(447124,64,1801,'Pam Orlow','',NULL),(447123,64,2172,'Palms Hotel','',NULL),(447122,64,1676,'PALAZZO HONG KONG CAFE','',NULL),(447121,64,2337,'Padi DNYC','',NULL),(447120,64,983,'OZ cafe & Bistro','',NULL),(447119,64,1484,'Oxendaless Market','',NULL),(447118,64,1177,'Owatonna Motor Company','',NULL),(447117,64,1173,'Oscar Diaz','',NULL),(447116,64,982,'Orbitz','',NULL),(447115,64,1121,'OpenSky Card','',NULL),(447114,64,1713,'Ono Hawaiian Place','',NULL),(447113,64,1540,'Only 1 Moving and Storage','',NULL),(447112,64,2369,'OnlineLabels','',NULL),(447111,64,1881,'One 9','',NULL),(447110,64,1941,'OMNI Vikings Lake Hotel','',NULL),(447109,64,2174,'OMAKAI SUSHI','',NULL),(447108,64,1124,'Olido Organic Food','',NULL),(447107,64,2001,'Old Toms Kendall','',NULL),(447106,64,2124,'Oilbya','',NULL),(447105,64,1482,'Oil Taiwan','',NULL),(447104,64,1770,'Office of the Secretary of State','',NULL),(447103,64,1230,'Office Depot','',NULL),(447102,64,1816,'OCM Chicago Inc','',NULL),(447101,64,1290,'OREILLY AUTO PART','',NULL),(447100,64,2029,'Nu Skin Enterprises','',NULL),(447099,64,1310,'Note Payable - Highland Bank 5504','',NULL),(447098,64,1480,'Notarize, Inc','',NULL),(447097,64,2342,'Northwest Registered Agent LLC','',NULL),(447096,64,2357,'Northland Companies','',NULL),(447095,64,980,'Northern Tool Equipment','',NULL),(447094,64,1386,'Northern Leasing','',NULL),(447093,64,542,'Northern Foods Import Export','',NULL),(447092,64,541,'North Country Business Products','',NULL),(447090,64,979,'Nordstrom','',NULL),(447091,64,1536,'North Central Inspection Service','',NULL),(447089,64,539,'Noble Conservation Solutions','',NULL),(447088,64,815,'Nippon Kodo, Inc. - CC','',NULL),(447087,64,1575,'Niku Niku Yakiniku','',NULL),(447085,64,1393,'Nick H','',NULL),(447086,64,2310,'Nicole Marthey','',NULL),(447084,64,2051,'NIC DFLE CCHINET','',NULL),(447083,64,978,'Niao Chia','',NULL),(447082,64,2251,'Niam Nom Tsus','',NULL),(447081,64,2097,'NGIS','',NULL),(447080,64,1848,'NFSTI','',NULL),(447079,64,1888,'NexBen','',NULL),(447078,64,538,'New Island Group Inc','',NULL),(447077,64,1969,'New Eastern Inc','',NULL),(447076,64,536,'Netherland Bulb Company','',NULL),(447075,64,1764,'Neobits','',NULL),(447074,64,1051,'Need to find out','',NULL),(447073,64,1835,'NCR Hospitality','',NULL),(447072,64,1805,'NC Shegstad Ornamental Ironworks','',NULL),(447071,64,1479,'National Food Safety','',NULL),(447070,64,1842,'National Flooring Equipment Inc','',NULL),(447069,64,1668,'NATIONAL AUTO SHIPPING','',NULL),(447068,64,2188,'Nashville Palace','',NULL),(447067,64,1215,'Napa Store','',NULL),(447066,64,2187,'Naomis','',NULL),(447065,64,1583,'NAC Mechanical & Electrical','',NULL),(447064,64,668,'N.A. Trading','',NULL),(447063,64,638,'Myrtle Greens','',NULL),(447062,64,2148,'My Store - Waskish','',NULL),(447061,64,1730,'My Filter Supply - CC','',NULL),(447060,64,1974,'Mutiny','',NULL),(447059,64,1956,'Murphy Beds of Minnesota, LLC','',NULL),(447058,64,2193,'Mumu Mochi','',NULL),(447057,64,1728,'Mufungos Restaurant','',NULL),(447056,64,2166,'Mu Mu Mochi','',NULL),(447055,64,1675,'MR. SQUEEKY CAR WASH INC','',NULL),(447054,64,1478,'MPLS Minneapolis','',NULL),(447053,64,1267,'Moxy Minneapolis Downtown','',NULL),(447052,64,2125,'Movenpick','',NULL),(447051,64,2021,'Motion Software','',NULL),(447050,64,1972,'MOSHI MOSHI BRICKELL','',NULL),(447049,64,1820,'Morries Mercedes Benz','',NULL),(447048,64,1625,'Moore County Clerk of Court','',NULL),(447047,64,2314,'Monica Piedra','',NULL),(447046,64,1424,'Monday.Com','',NULL),(447045,64,2035,'Momofuku','',NULL),(447044,64,2207,'Mochi Gummies','',NULL),(447043,64,1771,'Mochi Dough','',NULL),(447042,64,1054,'MN UC Fund','',NULL),(447041,64,2322,'MN Stripes inc.','',NULL),(447040,64,883,'MN Revenue','',NULL),(447039,64,1214,'MN DVS','',NULL),(447038,64,2072,'MN Department of Commerce','',NULL),(447037,64,2358,'MLW Enterprises','',NULL),(447036,64,1444,'Mlb Shop','',NULL),(447035,64,1779,'Mivial Inc','',NULL),(447034,64,1476,'Mister Car Wash','',NULL),(447033,64,2006,'Minuteman Press','',NULL),(447032,64,2242,'MinnSprouts LLC','',NULL),(447031,64,1873,'Minnoco','',NULL),(447030,64,1687,'MINNESOTAFIREARMS','',NULL),(447029,64,1391,'Minnesota Unemployment Insurance','',NULL),(447028,64,1477,'Minnesota Truck Wash','',NULL),(447027,64,2315,'Minnesota Revenue','',NULL),(447026,64,2069,'Minnesota Hmong Chamber Of Commerce','',NULL),(447025,64,1821,'Minnesota Department Of Public Safety','',NULL),(447024,64,525,'Minnesota Department of Health','',NULL),(447023,64,771,'Minnesota Department of Agriculture','',NULL),(447021,64,523,'Minnesota Child Support Payment Center','',NULL),(447022,64,811,'Minnesota Cold Storage','',NULL),(447020,64,1403,'Minneapolis MN','',NULL),(447019,64,521,'Minneapolis Finance Department','',NULL),(447017,64,1475,'Minit Mart','',NULL),(447018,64,2236,'Minneapolis City of Lakes','',NULL),(447016,64,1596,'Minify Energy','',NULL),(447015,64,1474,'Miners Saloon','',NULL),(447014,64,1492,'Milltown','',NULL),(447013,64,976,'Mills Gas Mart','',NULL),(447012,64,1538,'Mike Andersons Seafood','',NULL),(447011,64,2218,'Midwest Machinery','',NULL),(447010,64,1472,'Midway Express Car Wash','',NULL),(447009,64,2075,'Microsoft','',NULL),(447008,64,975,'Micro Center','',NULL),(447007,64,1471,'Michaels Store','',NULL),(447006,64,1169,'Michael S Borden','',NULL),(447005,64,1949,'Miamis Quality Auto Care','',NULL),(447004,64,2261,'Miami Parking','',NULL),(447003,64,2020,'MGM Resorts Int','',NULL),(447002,64,2283,'Mezan Ghebre','',NULL),(447001,64,1929,'Metrocard Machine','',NULL),(447000,64,1286,'Metro Van','',NULL),(446999,64,517,'Metro Produce Dist','',NULL),(446998,64,1777,'Meta (Facebook) - CC','',NULL),(446997,64,1799,'Meta','',NULL),(446996,64,1470,'Mercedes Benz','',NULL),(446995,64,1185,'Mercedes Adepoju','',NULL),(446994,64,974,'Menards','',NULL),(446993,64,1702,'Medsurety','',NULL),(446992,64,674,'Medica','',NULL),(446991,64,1437,'Med Express','',NULL),(446990,64,2301,'Mecheta Cocina Mexican','',NULL),(446989,64,973,'Meat Love','',NULL),(446988,64,1925,'MD.GOV SERVICE FEE','',NULL),(446987,64,2064,'MD DEPT ASSMNT/TAX','',NULL),(446986,64,2323,'McKinstry','',NULL),(446985,64,2178,'McDonalds','',NULL),(446984,64,1906,'MB-Parking Parkmobile','',NULL),(446983,64,2287,'Maytown Foods LLC','',NULL),(446982,64,2009,'Mayfair House','',NULL),(446981,64,972,'Maya Cuisine & Bar','',NULL),(446980,64,1469,'Master Noodle','',NULL),(446979,64,2068,'MARYS CAFE MIAMI','',NULL),(446978,64,1959,'Marys Cafe','',NULL),(446977,64,2246,'Mary Le','',NULL),(446976,64,1174,'Marty A Mooney','',NULL),(446975,64,1652,'MARRIOTT','',NULL),(446974,64,673,'Marlin Business Bank','',NULL),(446973,64,513,'Markwell & Lewis','',NULL),(446972,64,2098,'Mark A Puchala','',NULL),(446971,64,1918,'Marios','',NULL),(446970,64,1180,'Margena M Dunnivat','',NULL),(446969,64,1971,'MARGARITAVILLE BEACH RESORT','',NULL),(446968,64,2066,'MARGARITAVILLE BEACH RESO NASSAU','',NULL),(446967,64,1719,'Marathon Petro','',NULL),(446966,64,1867,'Marabu','',NULL),(446965,64,1606,'Mapco','',NULL),(446964,64,1570,'Mallory Paint Store','',NULL),(446963,64,1381,'Majestic Flooring','',NULL),(446961,64,1383,'Machi Machi UN LLC','',NULL),(446962,64,1569,'Madeline Island Ferry','',NULL),(446959,64,1753,'Lyn-Mar','',NULL),(446960,64,2305,'MACHETE','',NULL),(446958,64,1229,'Lyft','',NULL),(446957,64,1402,'LX Medical Eagan','',NULL),(446956,64,1507,'Luxury Microfiber','',NULL),(446955,64,2004,'Luxe Parking','',NULL),(446954,64,2298,'Lux Mechanical LLC','',NULL),(446953,64,2373,'Luther','',NULL),(446952,64,1261,'Lunds & Byerlys','',NULL),(446951,64,2288,'Luis Fuentes','',NULL),(446950,64,2217,'Lucias K Wonderland','',NULL),(446949,64,510,'LSV Metals','',NULL),(446948,64,1945,'LPC','',NULL),(446947,64,1465,'Lowes','',NULL),(446946,64,2129,'Lovepopcards','',NULL),(446945,64,509,'LovePop','',NULL),(446944,64,1448,'Loves Travel','',NULL),(446943,64,1199,'Louis Williams','',NULL),(446942,64,1977,'Los Felix Miami','',NULL),(446941,64,1858,'Loretta','',NULL),(446940,64,1792,'Longfellow Nokomis Messenger','',NULL),(446939,64,1921,'LONE STAR FOOD STORES','',NULL),(446938,64,1425,'Log Cabin Store','',NULL),(446937,64,1301,'Loan To/From Bandicoot','',NULL),(446936,64,506,'LM Wholesale Herbs','',NULL),(446935,64,2130,'Lipari Foods','',NULL),(446934,64,1978,'Lipari','',NULL),(446933,64,2023,'Linko Food','',NULL),(446932,64,1228,'LinkedIn','',NULL),(446931,64,505,'Lincoln Trading International','',NULL),(446930,64,1140,'Lincoln Trading & Distributors','',NULL),(446929,64,958,'Lightbulbs.com','',NULL),(446928,64,1828,'Lifetime','',NULL),(446927,64,1464,'Life Cafe','',NULL),(446926,64,1647,'Licenses & Consumer Services','',NULL),(446925,64,2254,'Lenard Redwood','',NULL),(446924,64,1463,'Lem Products','',NULL),(446923,64,1788,'Legacy','',NULL),(446922,64,2056,'LAZ PARKING','',NULL),(446921,64,2255,'Law Offices of Nicholas A. Furia, PLLC','',NULL),(446920,64,1774,'Law Office Of Marcin Muszynski Esquire','',NULL),(446919,64,2065,'Latitudes Nassau','',NULL),(446918,64,1585,'Last Stop Travel','',NULL),(446917,64,1913,'Las vegas','',NULL),(446916,64,503,'Larry Schultz Organic Farm','',NULL),(446915,64,666,'Larkin Hoffman','',NULL),(446914,64,1462,'Lariat Lodge Brewing','',NULL),(446913,64,1800,'Lantern','',NULL),(446911,64,2260,'Lana Truong','',NULL),(446912,64,1295,'Land Title Inc.','',NULL),(446910,64,1133,'LaMettry’s Collision','',NULL),(446909,64,1200,'Lamar Stewart','',NULL),(446908,64,502,'Laketian','',NULL),(446907,64,956,'Lakeshore Hotel','',NULL),(446906,64,1763,'Lake Park Diner','',NULL),(446905,64,1958,'La Sandwicherie Coral Gables','',NULL),(446904,64,955,'L.A PHO','',NULL),(446903,64,499,'L D Foods','',NULL),(446902,64,497,'Kwok Shing Hong','',NULL),(446901,64,954,'Kwik Trip','',NULL),(446900,64,1874,'Kwik Star','',NULL),(446899,64,2355,'Kwik Charge','',NULL),(446898,64,2042,'KWI DISCOVERY','',NULL),(446897,64,1584,'Kum & Go','',NULL),(446896,64,1461,'Kulsatree - Thai Hand','',NULL),(446895,64,1206,'Kristina Dahl','',NULL),(446894,64,1460,'Kowalskis Market','',NULL),(446893,64,2180,'Korea BBQ','',NULL),(446892,64,496,'Koch NationaLease','',NULL),(446891,64,1368,'KLJ Ventures Inc / JanPro Services','',NULL),(446890,64,2043,'KIWI DISCOVERY','',NULL),(446889,64,2201,'Kitsch','',NULL),(446888,64,2343,'Kitchenrestock','',NULL),(446887,64,1055,'Kitchenall','',NULL),(446886,64,2348,'Kitchen Supply','',NULL),(446885,64,1938,'Kindle','',NULL),(446884,64,2333,'Kim Ly Curry','',NULL),(446882,64,1159,'Kevin Dixon','',NULL),(446883,64,2037,'Kevin MacPhee','',NULL),(446881,64,2123,'Kenzi','',NULL),(446880,64,661,'Keny Business','',NULL),(446879,64,1861,'keefer Court Bakery & Cafe','',NULL),(446878,64,1859,'Keefer Court Bakery','',NULL),(446877,64,1980,'Kazoku Japanese Resturant','',NULL),(446876,64,2275,'Kayla Bluhm','',NULL),(446875,64,2302,'Kaydee Miller','',NULL),(446874,64,1954,'Kawaii Pen Shop','',NULL),(446873,64,2285,'Kathy Brooks','',NULL),(446872,64,494,'Karen Bistodeau','',NULL),(446871,64,1721,'Kansas Turnpike Authority','',NULL),(446870,64,1698,'Kampgrounds of America','',NULL),(446869,64,493,'Kam Kuo Trading','',NULL),(446868,64,1674,'KALINKA DELICATESSEN','',NULL),(446867,64,1311,'Kadejan, Inc','',NULL),(446866,64,2341,'K-Wonderland','',NULL),(446865,64,1731,'K-Town Macaron','',NULL),(446864,64,2149,'K-Mama Sauce LLC','',NULL),(446863,64,492,'K&K LA','',NULL),(446861,64,2234,'Jungle Island','',NULL),(446862,64,2270,'Jungle Kitchen','',NULL),(446860,64,2308,'Julieta Chaffee','',NULL),(446859,64,2239,'JSB Autoworks','',NULL),(446858,64,2324,'Josie Daly','',NULL),(446857,64,2335,'Johnstone Supply','',NULL),(446856,64,2116,'Johnny Malloys','',NULL),(446855,64,1459,'Joes Sporting Goods','',NULL),(446854,64,2221,'Jimmy Johns','',NULL),(446853,64,1271,'Jibble','',NULL),(446852,64,1458,'Jhao Peng','',NULL),(446851,64,487,'JFC International','',NULL),(446850,64,2367,'JetBlue','',NULL),(446849,64,2312,'Jessica Ruud','',NULL),(446848,64,2311,'Jenny Teodoro','',NULL),(446847,64,1370,'Jeff & Deb Hoyt','',NULL),(446846,64,2182,'jbs autoworks','',NULL),(446845,64,2332,'Jazmine Garcia','',NULL),(446844,64,2319,'Jason Horowitz','',NULL),(446843,64,745,'James Wood','',NULL),(446842,64,1195,'James R Kaufman','',NULL),(446841,64,1917,'Jaguar','',NULL),(446840,64,1868,'Jaffa','',NULL),(446839,64,2271,'Jade Childers','',NULL),(446838,64,1164,'Jacob Lubansky','',NULL),(446837,64,1457,'Jacks Hardwaren','',NULL),(446836,64,2289,'Jacey Lennon','',NULL),(446835,64,486,'J&P Trading','',NULL),(446834,64,485,'J&J Distributing','',NULL),(446833,64,953,'IWS','',NULL),(446832,64,2346,'Issei Mochi Gummies','',NULL),(446831,64,1456,'Isles Bun & Coffee','',NULL),(446830,64,1196,'Isaiah L Williams','',NULL),(446829,64,1601,'IRS','',NULL),(446828,64,2359,'Intuit QuickBooks Workforce','',NULL),(446827,64,1213,'Intuit','',NULL),(446826,64,1723,'Interurban','',NULL),(446825,64,2296,'International Paper Company','',NULL),(446824,64,884,'Internal Revenue Service','',NULL),(446823,64,2078,'Intension Design','',NULL),(446822,64,483,'Intellicomp','',NULL),(446821,64,482,'Integra Telecom (allstream)','',NULL),(446820,64,481,'Instacart','',NULL),(446819,64,480,'Innovative Security Services(ISSI SECURITY)','',NULL),(446818,64,878,'Innovative Office Solutions','',NULL),(446817,64,1556,'Inktoner','',NULL),(446815,64,952,'Indeed','',NULL),(446816,64,1756,'Ink N Flower','',NULL),(446814,64,1829,'Imprint','',NULL),(446813,64,1412,'Impression Signs and Graphics','',NULL),(446812,64,2079,'IMGCREATOR LIMITED','',NULL),(446811,64,887,'Illinois Tollway','',NULL),(446809,64,951,'Identogo','',NULL),(446810,64,1256,'IKEA','',NULL),(446808,64,2047,'ICONS','',NULL),(446807,64,950,'ICO Gas','',NULL),(446806,64,1986,'ICHIMI','',NULL),(446805,64,1724,'Ichiban Asian Bistro','',NULL),(446804,64,1455,'Ice Husky','',NULL),(446803,64,1378,'Ibiza Ink','',NULL),(446802,64,1893,'I-Pass','',NULL),(446801,64,949,'Hyatt','',NULL),(446800,64,945,'Hy-Vee','',NULL),(446799,64,2055,'HWHR SPORTS BAR','',NULL),(446798,64,1454,'Hung Hsiang','',NULL),(446797,64,1453,'Hung Dao','',NULL),(446796,64,738,'Hunan Garden','',NULL),(446795,64,1877,'Hucks','',NULL),(446794,64,477,'Hsus Ginseng Enterprises','',NULL),(446793,64,1263,'Hsia-tu- Hotels','',NULL),(446792,64,1659,'HOTWIRE','',NULL),(446791,64,948,'Hotels.com','',NULL),(446790,64,476,'Hosoda Bros','',NULL),(446789,64,2334,'Horwitz LLC','',NULL),(446788,64,1743,'Hong Kong Noodle','',NULL),(446787,64,1707,'Hong Kong Cafe','',NULL),(446786,64,1452,'Holy Land Brand','',NULL),(446785,64,944,'Holiday Stationstore','',NULL),(446784,64,1236,'Hola Home Furnishings Co Ltd','',NULL),(446783,64,475,'Hocean','',NULL),(446782,64,1227,'Hobby Lobby','',NULL),(446781,64,2016,'Hobart Service','',NULL),(446780,64,474,'Hobart','',NULL),(446779,64,473,'Hmong American Farmers','',NULL),(446778,64,1289,'Hirshfields West St. Paul','',NULL),(446777,64,1697,'Hilton Garden Inn','',NULL),(446776,64,1658,'HILTON','',NULL),(446775,64,1882,'HighLevel Inc','',NULL),(446774,64,1092,'Highland Bank (Loan 734115502)','',NULL),(446773,64,679,'Highland Bank (Loan 734115501)','',NULL),(446772,64,472,'Highland Bank','',NULL),(446771,64,1257,'Hiawatha Reddy Rents, Inc.','',NULL),(446770,64,1784,'Hi-Lo Diner','',NULL),(446769,64,946,'Hezeyuxingh','',NULL),(446768,64,1544,'Hewing Hotel','',NULL),(446767,64,471,'Heritage Embroidery & Design','',NULL),(446766,64,943,'Heppners Auto Body','',NULL),(446765,64,1371,'Hennepin County','',NULL),(446764,64,2139,'Help.usemotion','',NULL),(446763,64,2073,'Help us','',NULL),(446762,64,1778,'Hellosign','',NULL),(446761,64,942,'HelloFax','',NULL),(446760,64,1773,'Heic','',NULL),(446759,64,1109,'Heavy Table LLC','',NULL),(446758,64,2329,'Heaven & Earth Floral Inc','',NULL),(446757,64,1944,'Hearth Financing','',NULL),(446756,64,1686,'HC SHERIFF GUN PERMITS','',NULL),(446755,64,1673,'HAVANA HARRYS','',NULL),(446754,64,1571,'Harbor City Restaurant','',NULL),(446753,64,1451,'Happy Lemon','',NULL),(446752,64,1609,'Hanratty Enterprises','',NULL),(446751,64,941,'Hanks Specialties Inc','',NULL),(446750,64,1789,'Hana Asian Market','',NULL),(446749,64,1657,'HAMPTON INN','',NULL),(446748,64,465,'Haitai','',NULL),(446747,64,2081,'Haiku lzakaya','',NULL),(446746,64,1729,'Haenam BBQ','',NULL),(446745,64,1720,'Habanero Tacos Grill','',NULL),(446744,64,1258,'Ha Tien Super Market','',NULL),(446743,64,464,'H&C Food','',NULL),(446742,64,1912,'GW Carver PTA','',NULL),(446741,64,2365,'Gunnar Electric','',NULL),(446740,64,2199,'Gund','',NULL),(446739,64,1769,'Grou Coffee Cowork','',NULL),(446738,64,971,'Greenwave T','',NULL),(446737,64,461,'Green Day Produce','',NULL),(446736,64,460,'Green Clean','',NULL),(446735,64,1840,'Great Mercury International','',NULL),(446734,64,1983,'GRAZIANOS MARKET','',NULL),(446733,64,457,'GraybaR','',NULL),(446732,64,2209,'Grandpa Joes Candy Shop','',NULL),(446731,64,2183,'Grand Parking','',NULL),(446730,64,2049,'GRAINGER','',NULL),(446729,64,965,'Google YouTube TV','',NULL),(446728,64,906,'Google','',NULL),(446727,64,1450,'Good Carma','',NULL),(446726,64,2164,'Gondola Train','',NULL),(446725,64,1449,'Golden Terrace','',NULL),(446724,64,2307,'Golden Phoenix Natural Products, Inc','',NULL),(446723,64,455,'Golden Fortune Import & Export','',NULL),(446722,64,2240,'Golden Cat Bell','',NULL),(446721,64,454,'Gold Herbs','',NULL),(446720,64,453,'Gohmann Supply','',NULL),(446719,64,939,'GOGO In Flight','',NULL),(446718,64,938,'Godaddy.com','',NULL),(446717,64,1186,'Glenn Johnson','',NULL),(446716,64,1259,'GLEASON PRINTING','',NULL),(446715,64,1142,'Glam Day International Corp','',NULL),(446714,64,1810,'Georgetown University','',NULL),(446712,64,1970,'Gator Park','',NULL),(446713,64,451,'Gemini Food','',NULL),(446711,64,450,'Garlands','',NULL),(446710,64,1447,'Galeanas Towing','',NULL),(446709,64,448,'Galaxy Distributors','',NULL),(446708,64,1948,'Gabriel Roofing LLC','',NULL),(446707,64,2338,'Gabose','',NULL),(446706,64,1633,'G Hulinsky Consulting Inc','',NULL),(446705,64,937,'Fury Motors','',NULL),(446704,64,447,'Fuji Merchandise','',NULL),(446703,64,676,'Fuelman Fleet Program - ACH','',NULL),(446702,64,2048,'FSP LEGACY PARKING GAB','',NULL),(446701,64,936,'Frontier Hastings','',NULL),(446700,64,1446,'Frontier AG','',NULL),(446699,64,1997,'Fromyouflowers.com','',NULL),(446698,64,1555,'Freshworks','',NULL),(446697,64,1226,'Freelancer.com','',NULL),(446696,64,1994,'Freedom Valu Center','',NULL),(446695,64,1207,'Frederic Shih','',NULL),(446694,64,1212,'Frattallones Lake St Ace','',NULL),(446693,64,935,'Franchisegenius.com','',NULL),(446692,64,1685,'Foyles Law Firm PLLC','',NULL),(446691,64,444,'Fortune Minnesota','',NULL),(446690,64,443,'Formosa Food','',NULL),(446689,64,442,'Forklifts of MN','',NULL),(446688,64,1626,'Forest to Fork','',NULL),(446687,64,1551,'Foreign Wire','',NULL),(446686,64,441,'FMS Solutions','',NULL),(446685,64,1610,'Flying J','',NULL),(446684,64,1920,'FLEETCOR FUNDING','',NULL),(446683,64,1274,'Fleet Farm','',NULL),(446682,64,2136,'FLBLUE','',NULL),(446681,64,1749,'Fiverr','',NULL),(446680,64,439,'First Data Global Leasing','',NULL),(446679,64,665,'Firemans Fund Insurance Company','',NULL),(446678,64,2091,'Firehouse Subs','',NULL),(446677,64,437,'Fire Protection Equipment','',NULL),(446676,64,1443,'Festival Foods','',NULL),(446675,64,1285,'Feng Tung Lu','',NULL),(446673,64,1506,'Fc Data Solution','',NULL),(446674,64,1710,'Fedex - CC','',NULL),(446672,64,1442,'Fb Pay','',NULL),(446671,64,1262,'FASTSIGNS','',NULL),(446670,64,934,'Far Eastern Department Store','',NULL),(446669,64,1179,'Faith R Finn-Austin','',NULL),(446668,64,2208,'Faire','',NULL),(446667,64,933,'Exxon','',NULL),(446666,64,1441,'Extreme Digital','',NULL),(446665,64,2153,'Expressway','',NULL),(446664,64,932,'Express VPN','',NULL),(446663,64,1440,'Express Tolls','',NULL),(446662,64,1192,'ExpertPay','',NULL),(446661,64,1656,'EXPEDIA','',NULL),(446660,64,1725,'Eversharp - CC','',NULL),(446659,64,1211,'Euro Auto Works','',NULL),(446658,64,1266,'Etsy.com','',NULL),(446657,64,2003,'Eswin Car Wash Inc','',NULL),(446656,64,1934,'Eric M Broden','',NULL),(446655,64,2085,'Epic Hotel','',NULL),(446654,64,641,'Enviromatic Corporation of America','',NULL),(446653,64,1943,'Envato','',NULL),(446652,64,2198,'Enterprise Rent-A-Car','',NULL),(446651,64,2230,'Enterprise','',NULL),(446650,64,882,'Enesco- CC payments','',NULL),(446649,64,1434,'En Route Relocation','',NULL),(446648,64,431,'Empire International','',NULL),(446647,64,886,'Empire Door & Glass Co.','',NULL),(446646,64,2349,'EMC Kitchen & Houseware','',NULL),(446645,64,2096,'ELK RIVER','',NULL),(446644,64,2249,'Elizabeth Hughes','',NULL),(446643,64,1933,'Elite Mechanical Services MN','',NULL),(446642,64,1645,'Electrical Production Services','',NULL),(446641,64,1985,'El Toro Loco','',NULL),(446640,64,429,'El Rojo Wholesale','',NULL),(446639,64,2368,'El Mago Del Ponche','',NULL),(446638,64,1922,'EL GORDO','',NULL),(446637,64,1775,'El Car Wash','',NULL),(446636,64,1276,'El Burrito Mercado','',NULL),(446635,64,2331,'Eden Bekele','',NULL),(446634,64,2110,'Eddie Ms LLC','',NULL),(446633,64,2204,'Economy Parking','',NULL),(446632,64,1433,'Econo Lodge','',NULL),(446631,64,2044,'ECM, A LEGALZOOM CO','',NULL),(446630,64,1830,'Eclectico','',NULL),(446629,64,1694,'eBay','',NULL),(446628,64,1981,'Eat Street Crossing','',NULL),(446627,64,425,'Easy Ice','',NULL),(446626,64,1967,'Eastview Boys Volleyball','',NULL),(446625,64,931,'Earthclassmail.com','',NULL),(446624,64,1870,'Earls Restaurants','',NULL),(446623,64,1395,'E Services','',NULL),(446622,64,2320,'Duyen Nguyen','',NULL),(446621,64,2192,'Dunkin Donuts','',NULL),(446620,64,2299,'DS Ofood Inc','',NULL),(446619,64,2058,'DROPBOX FAX','',NULL),(446618,64,1887,'DreamHost','',NULL),(446617,64,423,'Drain King','',NULL),(446616,64,1432,'Dragon Star Oriental','',NULL),(446615,64,422,'Double 8','',NULL),(446614,64,1157,'Dorian McGee','',NULL),(446613,64,1897,'Door Dash','',NULL),(446612,64,2157,'Doolittles Woodfire Grill','',NULL),(446611,64,421,'DOMO','',NULL),(446610,64,1398,'Dominos Pizza','',NULL),(446609,64,1431,'Dollar Tree','',NULL),(446608,64,1732,'Displays2go','',NULL),(446607,64,1653,'DIRECTDIAL.COM - CC','',NULL),(446606,64,1802,'Dineline','',NULL),(446605,64,1110,'DH Oriental Produce (Woodbury)','',NULL),(446604,64,419,'DH Oriental Produce (Minneapolis)','',NULL),(446602,64,1158,'Demarko Wynne','',NULL),(446603,64,1786,'Deposit Photos','',NULL),(446601,64,1389,'Deluxe Business Products','',NULL),(446600,64,418,'Delta Dental','',NULL),(446599,64,930,'Delta Air','',NULL),(446598,64,2190,'Delta','',NULL),(446597,64,1654,'Dell Business Online','',NULL),(446596,64,1607,'Del-Raton','',NULL),(446595,64,1400,'DC Bar','',NULL),(446594,64,416,'Daniel Gunderson','',NULL),(446593,64,1183,'Daniel D Sapp','',NULL),(446592,64,1162,'Dale Walker','',NULL),(446591,64,1896,'Dakota County','',NULL),(446590,64,415,'Daiei Trading Chicago','',NULL),(446589,64,414,'Dai Cheong Trading','',NULL),(446588,64,1578,'Dahlia Lounge','',NULL),(446587,64,1376,'Dahe Rent','',NULL),(446586,64,1390,'Cynthia Hang','',NULL),(446585,64,1581,'Cummins','',NULL),(446584,64,1960,'Cubata','',NULL),(446583,64,929,'Cub Foods Inc','',NULL),(446582,64,1396,'CTS HOLDINGS','',NULL),(446581,64,1618,'CT Corporation','',NULL),(446580,64,928,'Crystal Wambeke','',NULL),(446579,64,1579,'Crutchfield','',NULL),(446578,64,2103,'Criterium-Scimnowski Engineers','',NULL),(446577,64,1429,'Crisp & Green','',NULL),(446576,64,1684,'CRICKET WIRELESS','',NULL),(446575,64,1423,'Creative Market','',NULL),(446574,64,1154,'Create Construction','',NULL),(446572,64,1683,'CRATE AND BARREL','',NULL),(446573,64,1785,'Crave','',NULL),(446571,64,1246,'CRAIGSLIST','',NULL),(446570,64,2200,'Cow Crack','',NULL),(446569,64,1704,'Courtyard By Marriott Reservations','',NULL),(446568,64,2095,'Courts USDC','',NULL),(446567,64,2005,'Cote Koren Steakhouse','',NULL),(446566,64,1696,'Costco Fuel','',NULL),(446565,64,411,'Costco','',NULL),(446564,64,1962,'CORPORATE FILINGS LLC','',NULL),(446563,64,1855,'Coral Gables','',NULL),(446562,64,2159,'Copycat Legal PLLC','',NULL),(446561,64,2062,'COPPER BLUES MIA','',NULL),(446560,64,1387,'Coon Rapids','',NULL),(446559,64,1428,'Conversion','',NULL),(446558,64,927,'Containerstore.com','',NULL),(446557,64,1998,'Concord','',NULL),(446556,64,1651,'COMPCARE OCC','',NULL),(446555,64,405,'Community Reinvestment Fund Loan 115229','',NULL),(446554,64,671,'Community Reinvestment Fund Loan 114721','',NULL),(446553,64,2225,'Commercial Roofing And Sheet Metal Inc','',NULL),(446552,64,2146,'Commercial Plumbing and Heating','',NULL),(446551,64,1966,'Commercial Pay Vaccums','',NULL),(446550,64,403,'Commercial Kitchen Services','',NULL),(446549,64,1278,'Commercial Container Corporation','',NULL),(446548,64,2084,'Comercial Container','',NULL),(446547,64,402,'Comcast','',NULL),(446546,64,2165,'Columbia Hospitality','',NULL),(446545,64,2111,'Columbia Hospital','',NULL),(446544,64,1016,'Coffee Cup','',NULL),(446543,64,401,'Cody Joseph Ettl','',NULL),(446542,64,458,'Coca Cola','',NULL),(446541,64,1860,'Clkbank.com','',NULL),(446540,64,2122,'Clinique','',NULL),(446539,64,1221,'Client Protection Fund','',NULL),(446538,64,1875,'Classic Stop','',NULL),(446537,64,397,'Classic Provisions','',NULL),(446536,64,2316,'City of Minneapolis','',NULL),(446535,64,1961,'CITIES 1 PLUMBING AND HEATING','',NULL),(446534,64,1613,'Circle K','',NULL),(446533,64,2353,'Cintas Mpls','',NULL),(446532,64,1927,'CINTAS CORP','',NULL),(446531,64,395,'Cintas (Woodbury)','',NULL),(446530,64,394,'Cintas (Minneapolis)','',NULL),(446529,64,393,'Chun Yuen Trading','',NULL),(446528,64,926,'Chun Da','',NULL),(446527,64,1160,'Christopher Stewart','',NULL),(446526,64,1794,'Chophouse','',NULL),(446525,64,1277,'CHIUAN SHENG','',NULL),(446524,64,662,'Chippewa River Distillery','',NULL),(446523,64,2330,'Chinese American Student Association (CASA)','',NULL),(446522,64,1399,'China Air','',NULL),(446521,64,392,'Chicago Food','',NULL),(446520,64,2010,'Chi.Che 105','',NULL),(446519,64,1567,'Chevron','',NULL),(446518,64,390,'Chetak Chicago','',NULL),(446517,64,1987,'CHEF TIAN','',NULL),(446516,64,1768,'Chayhana Oasis','',NULL),(446515,64,1953,'ChatGPT','',NULL),(446514,64,924,'Chase Travel','',NULL),(446513,64,388,'CHASE Ink Business Card','',NULL),(446512,64,386,'Chan & Chan','',NULL),(446511,64,385,'Champion Garage Doors','',NULL),(446510,64,1733,'CF - United APRO LLC','',NULL),(446509,64,1815,'Century Link','',NULL),(446508,64,384,'Central Trucking Company','',NULL),(446507,64,1772,'Central Florida','',NULL),(446506,64,383,'Centerpoint Energy','',NULL),(446505,64,1566,'Cenex','',NULL),(446504,64,923,'Catsone.com','',NULL),(446503,64,1197,'Cash','',NULL),(446502,64,1427,'Caseys General Store','',NULL),(446501,64,2053,'Casa Tua Cucina','',NULL),(446500,64,1995,'Casa Point Bakery III','',NULL),(446499,64,2112,'CASA BALBI NAPOLI','',NULL),(446498,64,2173,'Carrot Express','',NULL),(446497,64,1650,'CARRIAGE TRADE SERVICE C','',NULL),(446496,64,379,'Caroline Percy','',NULL),(446495,64,1849,'Caroline DiGiovanni','',NULL),(446494,64,1976,'Carolina Ale House','',NULL),(446493,64,378,'Carisolo','',NULL),(446492,64,2133,'carfax','',NULL),(446491,64,2277,'Capital Premium Financing LLC','',NULL),(446490,64,1201,'Camille Jones','',NULL),(446489,64,1190,'Cameron C Brummond','',NULL),(446488,64,2370,'Caliber Collision','',NULL),(446487,64,1750,'Calendar Case','',NULL),(446486,64,1119,'Calco Sprouts (Woodbury)','',NULL),(446485,64,375,'Calco Sprouts (Minneapolis)','',NULL),(446484,64,1490,'Cabin Store','',NULL),(446483,64,1426,'Cab Store Woodbury','',NULL),(446482,64,1422,'Butcher & Packer','',NULL),(446481,64,1611,'Busy Bee','',NULL),(446480,64,1905,'Burlington Stores','',NULL),(446479,64,2286,'Burg','',NULL),(446478,64,1900,'bulletin License Center','',NULL),(446477,64,2115,'Buffalo Wild Wings','',NULL),(446476,64,2046,'BUDGET RENT A CAR','',NULL),(446475,64,2151,'Brits Pub','',NULL),(446474,64,1394,'Brign Johnson','',NULL),(446473,64,2229,'Brightline','',NULL),(446472,64,1163,'Brian Richardson','',NULL),(446471,64,2169,'Brian Jones','',NULL),(446470,64,921,'Breeze','',NULL),(446469,64,1846,'Breadville','',NULL),(446468,64,2033,'Brayden Leazott','',NULL),(446467,64,1895,'Bravo Teas & Herbs, Inc','',NULL),(446466,64,1752,'Bravo Electro Components','',NULL),(446465,64,373,'Brandon Electric','',NULL),(446464,64,920,'BP Gas Station','',NULL),(446463,64,1565,'Bona Restaurant','',NULL),(446462,64,919,'Bobby & Steves Auto World','',NULL),(446461,64,1793,'BLVD Kitchen & Bar','',NULL),(446460,64,1908,'Bluehost.com','',NULL),(446459,64,1401,'Bluehost','',NULL),(446458,64,1672,'BLUEGREEN VAC-OUTTVLR','',NULL),(446457,64,1224,'Blueberry Software Ltd','',NULL),(446456,64,1568,'Bloomington Chrysler Jeep','',NULL),(446455,64,2015,'Blick','',NULL),(446454,64,2128,'BKG Hotel','',NULL),(446453,64,2293,'BJs Wholesale Club','',NULL),(446452,64,370,'Bix Produce','',NULL),(446451,64,2181,'Billy the Grill','',NULL),(446450,64,917,'Big O Tires','',NULL),(446449,64,1430,'Big Bay State Park','',NULL),(446448,64,1411,'Beth Schult','',NULL),(446447,64,1671,'BESTSHINE CAR WASH','',NULL),(446446,64,968,'Best Print','',NULL),(446445,64,1421,'Best Buy','',NULL),(446444,64,2036,'Best & Flanagan LLP','',NULL),(446443,64,1473,'Berkel Midwest','',NULL),(446442,64,2057,'BENTO MOTO SAINT PAUL','',NULL),(446441,64,2202,'Bento Boxes','',NULL),(446440,64,1564,'Bell Street Gallery','',NULL),(446439,64,1273,'Bed Bath & Beyond','',NULL),(446438,64,1667,'BECKS 27','',NULL),(446437,64,1275,'BeautiMode','',NULL),(446436,64,366,'Beagle Hardware','',NULL),(446435,64,2347,'BCmini','',NULL),(446434,64,1915,'BCC','',NULL),(446433,64,2011,'Bayshore Club','',NULL),(446432,64,2070,'Battery  Systems','',NULL),(446431,64,1935,'Batteries Plus','',NULL),(446430,64,1291,'Bartels Media','',NULL),(446429,64,1856,'Bariloche Gourmet','',NULL),(446428,64,1755,'Barcodes Inc','',NULL),(446427,64,1827,'Bap and Chicken','',NULL),(446426,64,1168,'BankCard SYS','',NULL),(446425,64,2138,'Bangkok City','',NULL),(446424,64,1547,'Bandicoot Tax LLC','',NULL),(446423,64,1547,'Bandicoot Tax LLC','',NULL),(446422,64,663,'BambooMN','',NULL),(446421,64,1957,'Ball and Chain','',NULL),(446420,64,1272,'Bachmans Floral, Gift & Garden','',NULL),(446419,64,363,'B&W Specialty Coffee','',NULL),(446418,64,1630,'Awesome Organizing LLC','',NULL),(446417,64,1831,'Avo Miami','',NULL),(446416,64,362,'Avaya Financial Services','',NULL),(446415,64,912,'AutoZone','',NULL),(446414,64,881,'Auto-Chlor System','',NULL),(446413,64,2168,'Auto Zone','',NULL),(446412,64,2252,'Aubrey Regner','',NULL),(446411,64,1649,'ATLANTA MARIETTA RV','',NULL),(446410,64,1898,'ATCHANAS HOMEGROWN THAI','',NULL),(446409,64,1807,'Atchanas Homegrown','',NULL),(446408,64,1734,'AT&T','',NULL),(446407,64,1790,'Assured Security','',NULL),(446406,64,2154,'Associated Mechanical','',NULL),(446405,64,2227,'ASSA ABLOY Entrance Systems US Inc.','',NULL),(446404,64,1924,'ASIAN FOOD RESEARCH','',NULL),(446403,64,1711,'ASIAN FOOD CENTER','',NULL),(446402,64,1682,'ARNZEN ARMS','',NULL),(446401,64,2131,'Applebees','',NULL),(446400,64,911,'Apple','',NULL),(446399,64,1648,'Apotheca Flowers','',NULL),(446398,64,2150,'Apollo Heating, Air & Plumbing','',NULL),(446397,64,2306,'Antonia Grant','',NULL),(446396,64,2321,'Anthony Holznagel','',NULL),(446394,64,1188,'Angelnetta Peeples','',NULL),(446395,64,357,'Anhing Corp','',NULL),(446393,64,1178,'Andrew Swenson','',NULL),(446392,64,352,'Anderson Produce','',NULL),(446391,64,1904,'ANDALE TAQUERIA','',NULL),(446390,64,350,'AmTrust North America','',NULL),(446389,64,1120,'Amor Bakery (Woodbury)','',NULL),(446388,64,349,'Amor Bakery (Minneapolis)','',NULL),(446387,64,1845,'Amida Food Corp.','',NULL),(446386,64,1894,'American Social','',NULL),(446385,64,1014,'American Institute in Taiwan','',NULL),(446384,64,1087,'American Express Merchant Services','',NULL),(446382,64,2248,'American Arbitration Association','',NULL),(446383,64,909,'American Civil Liberties','',NULL),(446381,64,2223,'American Airlines','',NULL),(446380,64,1265,'American Air','',NULL),(446379,64,2028,'Amcon Concrete Products','',NULL),(446378,64,1245,'Amazon','',NULL),(446377,64,1300,'Amazing Thailand','',NULL),(446376,64,2274,'Amanda Ahles','',NULL),(446375,64,346,'Alpha Container Services & Recycling','',NULL),(446374,64,345,'Almco Hydraulics','',NULL),(446373,64,2210,'Almanzar & Yanes, P.A.','',NULL),(446372,64,2189,'Allison Gross','',NULL),(446371,64,1795,'Allianz','',NULL),(446370,64,996,'All Seasons Garage Door','',NULL),(446369,64,2163,'All Furniture','',NULL),(446368,64,1152,'Alice Fung','',NULL),(446367,64,2278,'Alibaba','',NULL),(446366,64,1726,'Alfa International Corp','',NULL),(446365,64,1184,'Alec Shinomiya','',NULL),(446364,64,2228,'Aldi','',NULL),(446363,64,1420,'Alamy.Com','',NULL),(446362,64,1843,'AIS','',NULL),(446361,64,907,'Airbnb','',NULL),(446360,64,1989,'AGORA TYSONS','',NULL),(446359,64,1563,'Agave Kitchen','',NULL),(446358,64,969,'Afila','',NULL),(446357,64,2325,'Affordable Auto Repair','',NULL),(446356,64,2026,'ADVOKATSKO DRUSTVO SPAHO D.O.O','',NULL),(446355,64,1264,'ADVANCE AUTO PARTS','',NULL),(446354,64,905,'Adobe Stock','',NULL),(446353,64,904,'Adobe Creative Cloud','',NULL),(446352,64,1776,'Adobe','',NULL),(446351,64,2266,'Adjusting & Appraisal Services LLC','',NULL),(446350,64,343,'Adhesive Label','',NULL),(446349,64,1608,'Adel','',NULL),(446348,64,1937,'ADDCAR','',NULL),(446347,64,1114,'Adams Pest Control (Woodbury)','',NULL),(446346,64,342,'Adams Pest Control (Minneapolis)','',NULL),(446345,64,1984,'Adam C Wilson','',NULL),(446344,64,1243,'Acuity Insurance','',NULL),(446343,64,1930,'Acord','',NULL),(446342,64,2071,'Acees Food & Fuel','',NULL),(446341,64,914,'Ace Hardware','',NULL),(446340,64,341,'AccountPro','',NULL),(446339,64,903,'ABV BAR & KITCHEN','',NULL),(446338,64,2127,'Absolute Towing & Recovery Inc','',NULL),(446337,64,1919,'Abed F Yac','',NULL),(446336,64,2027,'Abc Company','',NULL),(446335,64,1549,'Abbie Jo Velasco','',NULL),(446334,64,1419,'AB Petroleum','',NULL),(446333,64,913,'AAFES Gas Station','',NULL),(446332,64,340,'AAA','',NULL),(446331,64,339,'AA Poultry Processing','',NULL),(446330,64,338,'AA Equipment','',NULL),(446329,64,1418,'AA Auto Technicians','',NULL),(446328,64,1417,'99 App','',NULL),(446327,64,1576,'76','',NULL),(446326,64,1847,'7-Eleven','',NULL),(446325,64,873,'612 Greens','',NULL),(446324,64,1466,'2 Co Malwarebytes','',NULL);

--
